{"id":7044,"date":"2025-06-28T18:13:07","date_gmt":"2025-06-28T16:13:07","guid":{"rendered":"https:\/\/uj.adatbank.ro\/lexikon\/termek\/dosa-lidia-%c2%a7-madaras-laszlone\/"},"modified":"2025-06-28T18:13:07","modified_gmt":"2025-06-28T16:13:07","slug":"dosa-lidia-%c2%a7-madaras-laszlone","status":"publish","type":"product","link":"https:\/\/uj.adatbank.ro\/lexikon\/termek\/dosa-lidia-%c2%a7-madaras-laszlone\/","title":{"rendered":"D\u00d3SA Lidia, \u00a7 Madaras L\u00e1szl\u00f3n\u00e9"},"content":{"rendered":"<p>Kib\u00e9d, 1885. dec. 3., \u2020 Kib\u00e9d, 1970. dec. 4.: csel\u00e9d, n\u00e9pi \u00e9nekes. \u2013 Kilenc gyermekes csal\u00e1db\u00f3l sz\u00e1rmazott. Seg\u00edtette a csal\u00e1dj\u00e1t, azzal hogy k\u00e9t le\u00e1nytestv\u00e9r\u00e9vel, 16 \u00e9ves kor\u00e1t\u00f3l, szolg\u00e1lni ment. Bp.-en volt csel\u00e9d, a Nagy Moln\u00e1r Istv\u00e1n miniszt\u00e9riumi sz\u00e1mvev\u0151i f\u0151tan\u00e1csos csal\u00e1dj\u00e1n\u00e1l. A Nagy Moln\u00e1r csal\u00e1d \u00e9s Bart\u00f3k B\u00e9la \u00e9desanyj\u00e1val Gerlicepuszt\u00e1n nyaralt, ekkor hallgatta meg \u00e9s jegyzett le t\u0151le 6 n\u00e9pdalt Bart\u00f3k B\u00e9la (1904). Ezek kezd\u0151 sorai: Dombon van a h\u00e1zam, dombon lakom \u00e9n; Piros alma leesett a s\u00e1rba; Sz\u00e1raz \u00e1gt\u00f3l messze vir\u00edt a r\u00f3zsa; Az \u00e9n bab\u00e1m lilasz\u00edn szokny\u00e1ja; Le van az ak\u00e1cfa f\u00f6ldig nyesve, \u00c9des fiam, h\u00e1zasodj\u00e1l meg. Lidi h\u00faga, Anna \u00e9nek\u00e9t is lejegyezte Bart\u00f3k Bp.-en (1906). R\u00e1duly J\u00e1nos Kib\u00e9den kutatta fel Bart\u00f3k B\u00e9la els\u0151 adatk\u00f6zl\u0151j\u00e9t (1970. aug. 29.) \u00e9s besz\u00e9lgetett vele. <br \/><strong>Irod.:<\/strong> Bart\u00f3k \u2013 k\u00f6nyv, 1970\u20131971 (Buk., 1971); Cseke P\u00e9ter: Bart\u00f3k re\u00e1nk s\u00fct\u0151 arca (Falvak Dolgoz\u00f3 N\u00e9pe, 1970. szept. 23.); Kib\u00e9d; L\u00e1szl\u00f3 Ferenc: Megjegyz\u00e9sek a Bart\u00f3k-\u00e9letrajz D. L. -epiz\u00f3dj\u00e1hoz = L\u00e1szl\u00f3 Ferenc: Bat\u00f3k B\u00e9la: Tanulm\u00e1nyok \u00e9s tanus\u00e1gok (Buk., 1980); L\u00e1szl\u00f3 Ferenc: Mit \u00e9r az eml\u00e9k? (Utunk, 19. sz., 1974. m\u00e1j. 10.); R\u00e1duly J\u00e1nos: Bart\u00f3k \u2013 D. L.-r\u0151l (N\u00fa., M\u00fazsa, 728. sz., 2006. m\u00e1rc. 4.); R\u00e1duly J\u00e1nos: B. B. kib\u00e9di \u00e9nekese [D\u00f3sa Lidi] (Erd\u00e9lyi Toll, 2. sz., 2009); Sz\u00e1sz K\u00e1roly: A forr\u00e1sn\u00e1l (V. Z., 1970. szept. 27.); Sz\u00e9pr\u00e9ti Lilla: A n\u00e9pballadagy\u0171jt\u0151 szerencs\u00e9je (\u00daj \u00c9let, 1. sz., 1972. jan.)<\/br><\/p>\n","protected":false},"excerpt":{"rendered":"<p>Kib\u00e9d, 1885. dec. 3., \u2020 Kib\u00e9d, 1970. dec. 4.: csel\u00e9d, n\u00e9pi \u00e9nekes. \u2013 Kilenc gyermekes csal\u00e1db\u00f3l sz\u00e1rmazott. Seg\u00edtette a csal\u00e1dj\u00e1t, azzal hogy k\u00e9t le\u00e1nytestv\u00e9r\u00e9vel, 16 \u00e9ves kor\u00e1t\u00f3l, szolg\u00e1lni ment. Bp.-en volt csel\u00e9d, a Nagy Moln\u00e1r Istv\u00e1n miniszt\u00e9riumi sz\u00e1mvev\u0151i f\u0151tan\u00e1csos csal\u00e1dj\u00e1n\u00e1l. A Nagy Moln\u00e1r csal\u00e1d \u00e9s Bart\u00f3k B\u00e9la \u00e9desanyj\u00e1val Gerlicepuszt\u00e1n nyaralt, ekkor hallgatta meg \u00e9s jegyzett [&hellip;]<\/p>\n","protected":false},"featured_media":0,"comment_status":"open","ping_status":"closed","template":"","meta":[],"product_brand":[],"product_cat":[137],"product_tag":[],"class_list":{"0":"post-7044","1":"product","2":"type-product","3":"status-publish","5":"product_cat-maros-megyei-eletrajzi-lexikon","7":"first","8":"instock","9":"shipping-taxable","10":"product-type-simple"},"_links":{"self":[{"href":"https:\/\/uj.adatbank.ro\/lexikon\/wp-json\/wp\/v2\/product\/7044","targetHints":{"allow":["GET"]}}],"collection":[{"href":"https:\/\/uj.adatbank.ro\/lexikon\/wp-json\/wp\/v2\/product"}],"about":[{"href":"https:\/\/uj.adatbank.ro\/lexikon\/wp-json\/wp\/v2\/types\/product"}],"replies":[{"embeddable":true,"href":"https:\/\/uj.adatbank.ro\/lexikon\/wp-json\/wp\/v2\/comments?post=7044"}],"wp:attachment":[{"href":"https:\/\/uj.adatbank.ro\/lexikon\/wp-json\/wp\/v2\/media?parent=7044"}],"wp:term":[{"taxonomy":"product_brand","embeddable":true,"href":"https:\/\/uj.adatbank.ro\/lexikon\/wp-json\/wp\/v2\/product_brand?post=7044"},{"taxonomy":"product_cat","embeddable":true,"href":"https:\/\/uj.adatbank.ro\/lexikon\/wp-json\/wp\/v2\/product_cat?post=7044"},{"taxonomy":"product_tag","embeddable":true,"href":"https:\/\/uj.adatbank.ro\/lexikon\/wp-json\/wp\/v2\/product_tag?post=7044"}],"curies":[{"name":"wp","href":"https:\/\/api.w.org\/{rel}","templated":true}]}}

DÓSA Lidia, § Madaras Lászlóné

<p>Kibéd, 1885. dec. 3., † Kibéd, 1970. dec. 4.: cseléd, népi énekes. – Kilenc gyermekes családból származott. Segítette a családját, azzal hogy két leánytestvérével, 16 éves korától, szolgálni ment. Bp.-en volt cseléd, a Nagy Molnár István minisztériumi számvevői főtanácsos családjánál. A Nagy Molnár család és Bartók Béla édesanyjával Gerlicepusztán nyaralt, ekkor hallgatta meg és jegyzett le tőle 6 népdalt Bartók Béla (1904). Ezek kezdő sorai: Dombon van a házam, dombon lakom én; Piros alma leesett a sárba; Száraz ágtól messze virít a rózsa; Az én babám lilaszín szoknyája; Le van az akácfa földig nyesve, Édes fiam, házasodjál meg. Lidi húga, Anna énekét is lejegyezte Bartók Bp.-en (1906). Ráduly János Kibéden kutatta fel Bartók Béla első adatközlőjét (1970. aug. 29.) és beszélgetett vele. <br /><strong>Irod.:</strong> Bartók – könyv, 1970–1971 (Buk., 1971); Cseke Péter: Bartók reánk sütő arca (Falvak Dolgozó Népe, 1970. szept. 23.); Kibéd; László Ferenc: Megjegyzések a Bartók-életrajz D. L. -epizódjához = László Ferenc: Batók Béla: Tanulmányok és tanuságok (Buk., 1980); László Ferenc: Mit ér az emlék? (Utunk, 19. sz., 1974. máj. 10.); Ráduly János: Bartók – D. L.-ről (Nú., Múzsa, 728. sz., 2006. márc. 4.); Ráduly János: B. B. kibédi énekese [Dósa Lidi] (Erdélyi Toll, 2. sz., 2009); Szász Károly: A forrásnál (V. Z., 1970. szept. 27.); Szépréti Lilla: A népballadagyűjtő szerencséje (Új Élet, 1. sz., 1972. jan.)</br></p>

<p>Kibéd, 1885. dec. 3., † Kibéd, 1970. dec. 4.: cseléd, népi énekes. – Kilenc gyermekes családból származott. Segítette a családját, azzal hogy két leánytestvérével, 16 éves korától, szolgálni ment. Bp.-en volt cseléd, a Nagy Molnár István minisztériumi számvevői főtanácsos családjánál. A Nagy Molnár család és Bartók Béla édesanyjával Gerlicepusztán nyaralt, ekkor hallgatta meg és jegyzett [&hellip;]</p>
