{"id":7045,"date":"2025-06-28T18:13:10","date_gmt":"2025-06-28T16:13:10","guid":{"rendered":"https:\/\/uj.adatbank.ro\/lexikon\/termek\/dosa-maria-berg-ottone\/"},"modified":"2025-06-28T18:13:10","modified_gmt":"2025-06-28T16:13:10","slug":"dosa-maria-berg-ottone","status":"publish","type":"product","link":"https:\/\/uj.adatbank.ro\/lexikon\/termek\/dosa-maria-berg-ottone\/","title":{"rendered":"D\u00d3SA M\u00e1ria, Berg Ott\u00f3n\u00e9"},"content":{"rendered":"<p>Mv., 1914. j\u00fal. 4., \u2020 Bp., 1980. okt. 20.: opera\u00e9nekes, mezzoszopr\u00e1n. \u2013 Berg Ott\u00f3 karmester feles\u00e9ge. \u2013 Monteverdi Orfeo c. m\u0171v\u00e9ben mu\u00adtatkozott be Bp.-en (1937). A bp. &#8211; i Operah\u00e1zban vezet\u0151 mezzoszopr\u00e1n szerepek alak\u00edt\u00e1\u00ads\u00e1ra szerz\u0151dtett\u00e9k (1939). Tags\u00e1g\u00e1t elvesz\u00adtette (1945), de visszaker\u00fclt az Operah\u00e1z tagjai k\u00f6z\u00e9 nyugd\u00edjba vonul\u00e1s\u00e1ig (1957\u201364). Nyugd\u00edjaz\u00e1sa ut\u00e1n m\u00e9g rendszeresen fell\u00e9pett (1971-ig). \u2013 <strong>F. sz.:<\/strong> Azucena (Verdi: Trubad\u00far); Gertrud (Erkel F.: B\u00e1nk b\u00e1n); M\u00e1ty\u00e1s (Erkel F.: Hu\u00adnyadi L\u00e1szl\u00f3); Brangane (Wagner: Triszt\u00e1n \u00e9s Izolda). <br \/><strong>Irod.:<\/strong> M\u00c9L ; MSZL; R\u00daL; \u00daM\u00c9L<\/br><\/p>\n","protected":false},"excerpt":{"rendered":"<p>Mv., 1914. j\u00fal. 4., \u2020 Bp., 1980. okt. 20.: opera\u00e9nekes, mezzoszopr\u00e1n. \u2013 Berg Ott\u00f3 karmester feles\u00e9ge. \u2013 Monteverdi Orfeo c. m\u0171v\u00e9ben mu\u00adtatkozott be Bp.-en (1937). A bp. &#8211; i Operah\u00e1zban vezet\u0151 mezzoszopr\u00e1n szerepek alak\u00edt\u00e1\u00ads\u00e1ra szerz\u0151dtett\u00e9k (1939). Tags\u00e1g\u00e1t elvesz\u00adtette (1945), de visszaker\u00fclt az Operah\u00e1z tagjai k\u00f6z\u00e9 nyugd\u00edjba vonul\u00e1s\u00e1ig (1957\u201364). Nyugd\u00edjaz\u00e1sa ut\u00e1n m\u00e9g rendszeresen fell\u00e9pett (1971-ig). \u2013 [&hellip;]<\/p>\n","protected":false},"featured_media":0,"comment_status":"open","ping_status":"closed","template":"","meta":[],"product_brand":[],"product_cat":[137],"product_tag":[],"class_list":{"0":"post-7045","1":"product","2":"type-product","3":"status-publish","5":"product_cat-maros-megyei-eletrajzi-lexikon","7":"first","8":"instock","9":"shipping-taxable","10":"product-type-simple"},"_links":{"self":[{"href":"https:\/\/uj.adatbank.ro\/lexikon\/wp-json\/wp\/v2\/product\/7045","targetHints":{"allow":["GET"]}}],"collection":[{"href":"https:\/\/uj.adatbank.ro\/lexikon\/wp-json\/wp\/v2\/product"}],"about":[{"href":"https:\/\/uj.adatbank.ro\/lexikon\/wp-json\/wp\/v2\/types\/product"}],"replies":[{"embeddable":true,"href":"https:\/\/uj.adatbank.ro\/lexikon\/wp-json\/wp\/v2\/comments?post=7045"}],"wp:attachment":[{"href":"https:\/\/uj.adatbank.ro\/lexikon\/wp-json\/wp\/v2\/media?parent=7045"}],"wp:term":[{"taxonomy":"product_brand","embeddable":true,"href":"https:\/\/uj.adatbank.ro\/lexikon\/wp-json\/wp\/v2\/product_brand?post=7045"},{"taxonomy":"product_cat","embeddable":true,"href":"https:\/\/uj.adatbank.ro\/lexikon\/wp-json\/wp\/v2\/product_cat?post=7045"},{"taxonomy":"product_tag","embeddable":true,"href":"https:\/\/uj.adatbank.ro\/lexikon\/wp-json\/wp\/v2\/product_tag?post=7045"}],"curies":[{"name":"wp","href":"https:\/\/api.w.org\/{rel}","templated":true}]}}

DÓSA Mária, Berg Ottóné

<p>Mv., 1914. júl. 4., † Bp., 1980. okt. 20.: operaénekes, mezzoszoprán. – Berg Ottó karmester felesége. – Monteverdi Orfeo c. művében mu­tatkozott be Bp.-en (1937). A bp. &#8211; i Operaházban vezető mezzoszoprán szerepek alakítá­sára szerződtették (1939). Tagságát elvesz­tette (1945), de visszakerült az Operaház tagjai közé nyugdíjba vonulásáig (1957–64). Nyugdíjazása után még rendszeresen fellépett (1971-ig). – <strong>F. sz.:</strong> Azucena (Verdi: Trubadúr); Gertrud (Erkel F.: Bánk bán); Mátyás (Erkel F.: Hu­nyadi László); Brangane (Wagner: Trisztán és Izolda). <br /><strong>Irod.:</strong> MÉL ; MSZL; RÚL; ÚMÉL</br></p>

<p>Mv., 1914. júl. 4., † Bp., 1980. okt. 20.: operaénekes, mezzoszoprán. – Berg Ottó karmester felesége. – Monteverdi Orfeo c. művében mu­tatkozott be Bp.-en (1937). A bp. &#8211; i Operaházban vezető mezzoszoprán szerepek alakítá­sára szerződtették (1939). Tagságát elvesz­tette (1945), de visszakerült az Operaház tagjai közé nyugdíjba vonulásáig (1957–64). Nyugdíjazása után még rendszeresen fellépett (1971-ig). – [&hellip;]</p>
