{"id":7048,"date":"2025-06-28T18:13:17","date_gmt":"2025-06-28T16:13:17","guid":{"rendered":"https:\/\/uj.adatbank.ro\/lexikon\/termek\/dosa-mihaly-makfalvi-2\/"},"modified":"2025-06-28T18:13:17","modified_gmt":"2025-06-28T16:13:17","slug":"dosa-mihaly-makfalvi-2","status":"publish","type":"product","link":"https:\/\/uj.adatbank.ro\/lexikon\/termek\/dosa-mihaly-makfalvi-2\/","title":{"rendered":"D\u00d3SA Mih\u00e1ly, makfalvi"},"content":{"rendered":"<p>? \u2020\u00a0? : alkir\u00e1lyb\u00edr\u00f3, f\u00f6ldbirtokos. \u2013 Tam\u00e1s marossz\u00e9ki alkir\u00e1lyb\u00edr\u00f3 \u00e9s cs\u00edkszentkir\u00e1lyi Bors Erzs\u00e9bet fia. Testv\u00e9re: \u00c1brah\u00e1m, aki k\u00e9s\u0151bb meg\u0151r\u00fclt. Feles\u00e9ge: somogyomi Tordai Borb\u00e1la (1690). \u2013 Makfalv\u00e1n \u00e9lt. Teleki Mih\u00e1ly p\u00e1rtj\u00e1n \u00e1llt, egy tan\u00favallom\u00e1s szerint Teleki elest\u00e9t meggy\u00e1szolta, ami\u00e9rt Th\u00f6k\u00f6ly gy\u0151ztes h\u00edvei fogs\u00e1gba vetett\u00e9k. R\u00e9szt vett a gyulafeh\u00e9v\u00e1ri gy\u0171l\u00e9sen (1701. febr. 16.), amikor t\u00f6bb primorral a sz\u00e9kelyek ad\u00f3ztat\u00e1sa ellen \u00f3v\u00e1st emelt. Marossz\u00e9k alkir\u00e1lyb\u00edr\u00f3ja (1713). <br \/><strong>Irod.:<\/strong> K\u0151v\u00e1ry; Kr\u00f3n. F\u00fcz. (1940. 4\/10); Nagy Iv\u00e1n; P\u00e1l-Antal; P\u00e1l-Antal 2002; P\u00e1lmay; Sepsisz\u00e9ki<\/br><\/p>\n","protected":false},"excerpt":{"rendered":"<p>? \u2020\u00a0? : alkir\u00e1lyb\u00edr\u00f3, f\u00f6ldbirtokos. \u2013 Tam\u00e1s marossz\u00e9ki alkir\u00e1lyb\u00edr\u00f3 \u00e9s cs\u00edkszentkir\u00e1lyi Bors Erzs\u00e9bet fia. Testv\u00e9re: \u00c1brah\u00e1m, aki k\u00e9s\u0151bb meg\u0151r\u00fclt. Feles\u00e9ge: somogyomi Tordai Borb\u00e1la (1690). \u2013 Makfalv\u00e1n \u00e9lt. Teleki Mih\u00e1ly p\u00e1rtj\u00e1n \u00e1llt, egy tan\u00favallom\u00e1s szerint Teleki elest\u00e9t meggy\u00e1szolta, ami\u00e9rt Th\u00f6k\u00f6ly gy\u0151ztes h\u00edvei fogs\u00e1gba vetett\u00e9k. R\u00e9szt vett a gyulafeh\u00e9v\u00e1ri gy\u0171l\u00e9sen (1701. febr. 16.), amikor t\u00f6bb primorral a [&hellip;]<\/p>\n","protected":false},"featured_media":0,"comment_status":"open","ping_status":"closed","template":"","meta":[],"product_brand":[],"product_cat":[137],"product_tag":[],"class_list":{"0":"post-7048","1":"product","2":"type-product","3":"status-publish","5":"product_cat-maros-megyei-eletrajzi-lexikon","7":"first","8":"instock","9":"shipping-taxable","10":"product-type-simple"},"_links":{"self":[{"href":"https:\/\/uj.adatbank.ro\/lexikon\/wp-json\/wp\/v2\/product\/7048","targetHints":{"allow":["GET"]}}],"collection":[{"href":"https:\/\/uj.adatbank.ro\/lexikon\/wp-json\/wp\/v2\/product"}],"about":[{"href":"https:\/\/uj.adatbank.ro\/lexikon\/wp-json\/wp\/v2\/types\/product"}],"replies":[{"embeddable":true,"href":"https:\/\/uj.adatbank.ro\/lexikon\/wp-json\/wp\/v2\/comments?post=7048"}],"wp:attachment":[{"href":"https:\/\/uj.adatbank.ro\/lexikon\/wp-json\/wp\/v2\/media?parent=7048"}],"wp:term":[{"taxonomy":"product_brand","embeddable":true,"href":"https:\/\/uj.adatbank.ro\/lexikon\/wp-json\/wp\/v2\/product_brand?post=7048"},{"taxonomy":"product_cat","embeddable":true,"href":"https:\/\/uj.adatbank.ro\/lexikon\/wp-json\/wp\/v2\/product_cat?post=7048"},{"taxonomy":"product_tag","embeddable":true,"href":"https:\/\/uj.adatbank.ro\/lexikon\/wp-json\/wp\/v2\/product_tag?post=7048"}],"curies":[{"name":"wp","href":"https:\/\/api.w.org\/{rel}","templated":true}]}}

DÓSA Mihály, makfalvi

<p>? † ? : alkirálybíró, földbirtokos. – Tamás marosszéki alkirálybíró és csíkszentkirályi Bors Erzsébet fia. Testvére: Ábrahám, aki később megőrült. Felesége: somogyomi Tordai Borbála (1690). – Makfalván élt. Teleki Mihály pártján állt, egy tanúvallomás szerint Teleki elestét meggyászolta, amiért Thököly győztes hívei fogságba vetették. Részt vett a gyulafehévári gyűlésen (1701. febr. 16.), amikor több primorral a székelyek adóztatása ellen óvást emelt. Marosszék alkirálybírója (1713). <br /><strong>Irod.:</strong> Kőváry; Krón. Füz. (1940. 4/10); Nagy Iván; Pál-Antal; Pál-Antal 2002; Pálmay; Sepsiszéki</br></p>

<p>? † ? : alkirálybíró, földbirtokos. – Tamás marosszéki alkirálybíró és csíkszentkirályi Bors Erzsébet fia. Testvére: Ábrahám, aki később megőrült. Felesége: somogyomi Tordai Borbála (1690). – Makfalván élt. Teleki Mihály pártján állt, egy tanúvallomás szerint Teleki elestét meggyászolta, amiért Thököly győztes hívei fogságba vetették. Részt vett a gyulafehévári gyűlésen (1701. febr. 16.), amikor több primorral a [&hellip;]</p>
