{"id":7052,"date":"2025-06-28T18:13:24","date_gmt":"2025-06-28T16:13:24","guid":{"rendered":"https:\/\/uj.adatbank.ro\/lexikon\/termek\/dosa-miklos-makfalvi\/"},"modified":"2025-06-28T18:13:24","modified_gmt":"2025-06-28T16:13:24","slug":"dosa-miklos-makfalvi","status":"publish","type":"product","link":"https:\/\/uj.adatbank.ro\/lexikon\/termek\/dosa-miklos-makfalvi\/","title":{"rendered":"D\u00d3SA Mikl\u00f3s, makfalvi"},"content":{"rendered":"<p>Mv., 1841. j\u00fal. 8., \u2020 Mv., 1883. okt. 17.: jogtan\u00e1r; jog\u00e1sz, kir. \u00edt\u00e9l\u0151 t\u00e1blai b\u00edr\u00f3. \u2013 D. Elek tan\u00e1r \u00e9s. Gyarmati Kata (\u2020 Mv., 1849. m\u00e1j. 20.) fia. Testv\u00e9re: Katinka dr. Nagy J\u00f3zsefn\u00e9. Feles\u00e9ge V\u00e1lyi R\u00f3za (sz. 1851., h\u00e1zass\u00e1g 1873). \u2013 A mv.-i Ref. Koll.-ban \u00e9retts\u00e9gizett (1858), a kv.-i teol\u00f3gi\u00e1n folytatta tanulm\u00e1nyait (\u20131861), ut\u00e1na apj\u00e1t\u00f3l kezdett jogot hallgatni \u00e9s Bp.-en v\u00e9gezte a jogi egyetemet (1866. okt. 24. jog- \u00e9s \u00e1llamtudom\u00e1nyok doktora lett. A mv.-i Ref. Koll.-ban megv\u00e1lasztott\u00e1k ideiglenes seg\u00e9d-jogtan\u00e1rnak (1866. szept. 20. \u2013) \u00e9s rendes jogtan\u00e1rnak lemond\u00e1s\u00e1ig (1868. aug. &#8211; 1871. m\u00e1rc.), a jogakad\u00e9mia megsz\u00fcnt (1869\u201370 tan\u00e9vvel) \u00e9s ekkor t\u00f6rt\u00e9nelmet \u00e9s f\u00f6ldrajzot tan\u00edtott. A helyi Kir. T\u00e1bl\u00e1hoz nevezt\u00e9k ki p\u00f3tb\u00edr\u00f3nak (1871\u2013) \u00e9s rendes b\u00edr\u00f3v\u00e1 (1879\u2013). A Ref. Koll. gondnoka (1879\u201383), egyh\u00e1zker\u00fcleti k\u00e9pvisel\u0151 (1878\u2013). <br \/><strong>Irod.:<\/strong> De\u00e9 Nagy Anik\u00f3 2001; Gy\u00e1szjelent\u0151; Koncz; A Mv.-i ev. Ref. Coll. \u00c9rtes\u00edt\u0151je az 1879\u201380. \u00e9vr\u0151l; Ol\u00e1h-G\u00e1l; P\u00e1lmay J\u00f3zsef; Par\u00e1di<\/br><\/p>\n","protected":false},"excerpt":{"rendered":"<p>Mv., 1841. j\u00fal. 8., \u2020 Mv., 1883. okt. 17.: jogtan\u00e1r; jog\u00e1sz, kir. \u00edt\u00e9l\u0151 t\u00e1blai b\u00edr\u00f3. \u2013 D. Elek tan\u00e1r \u00e9s. Gyarmati Kata (\u2020 Mv., 1849. m\u00e1j. 20.) fia. Testv\u00e9re: Katinka dr. Nagy J\u00f3zsefn\u00e9. Feles\u00e9ge V\u00e1lyi R\u00f3za (sz. 1851., h\u00e1zass\u00e1g 1873). \u2013 A mv.-i Ref. Koll.-ban \u00e9retts\u00e9gizett (1858), a kv.-i teol\u00f3gi\u00e1n folytatta tanulm\u00e1nyait (\u20131861), ut\u00e1na apj\u00e1t\u00f3l [&hellip;]<\/p>\n","protected":false},"featured_media":0,"comment_status":"open","ping_status":"closed","template":"","meta":[],"product_brand":[],"product_cat":[137],"product_tag":[],"class_list":{"0":"post-7052","1":"product","2":"type-product","3":"status-publish","5":"product_cat-maros-megyei-eletrajzi-lexikon","7":"first","8":"instock","9":"shipping-taxable","10":"product-type-simple"},"_links":{"self":[{"href":"https:\/\/uj.adatbank.ro\/lexikon\/wp-json\/wp\/v2\/product\/7052","targetHints":{"allow":["GET"]}}],"collection":[{"href":"https:\/\/uj.adatbank.ro\/lexikon\/wp-json\/wp\/v2\/product"}],"about":[{"href":"https:\/\/uj.adatbank.ro\/lexikon\/wp-json\/wp\/v2\/types\/product"}],"replies":[{"embeddable":true,"href":"https:\/\/uj.adatbank.ro\/lexikon\/wp-json\/wp\/v2\/comments?post=7052"}],"wp:attachment":[{"href":"https:\/\/uj.adatbank.ro\/lexikon\/wp-json\/wp\/v2\/media?parent=7052"}],"wp:term":[{"taxonomy":"product_brand","embeddable":true,"href":"https:\/\/uj.adatbank.ro\/lexikon\/wp-json\/wp\/v2\/product_brand?post=7052"},{"taxonomy":"product_cat","embeddable":true,"href":"https:\/\/uj.adatbank.ro\/lexikon\/wp-json\/wp\/v2\/product_cat?post=7052"},{"taxonomy":"product_tag","embeddable":true,"href":"https:\/\/uj.adatbank.ro\/lexikon\/wp-json\/wp\/v2\/product_tag?post=7052"}],"curies":[{"name":"wp","href":"https:\/\/api.w.org\/{rel}","templated":true}]}}

DÓSA Miklós, makfalvi

<p>Mv., 1841. júl. 8., † Mv., 1883. okt. 17.: jogtanár; jogász, kir. ítélő táblai bíró. – D. Elek tanár és. Gyarmati Kata († Mv., 1849. máj. 20.) fia. Testvére: Katinka dr. Nagy Józsefné. Felesége Vályi Róza (sz. 1851., házasság 1873). – A mv.-i Ref. Koll.-ban érettségizett (1858), a kv.-i teológián folytatta tanulmányait (–1861), utána apjától kezdett jogot hallgatni és Bp.-en végezte a jogi egyetemet (1866. okt. 24. jog- és államtudományok doktora lett. A mv.-i Ref. Koll.-ban megválasztották ideiglenes segéd-jogtanárnak (1866. szept. 20. –) és rendes jogtanárnak lemondásáig (1868. aug. &#8211; 1871. márc.), a jogakadémia megszünt (1869–70 tanévvel) és ekkor történelmet és földrajzot tanított. A helyi Kir. Táblához nevezték ki pótbírónak (1871–) és rendes bíróvá (1879–). A Ref. Koll. gondnoka (1879–83), egyházkerületi képviselő (1878–). <br /><strong>Irod.:</strong> Deé Nagy Anikó 2001; Gyászjelentő; Koncz; A Mv.-i ev. Ref. Coll. Értesítője az 1879–80. évről; Oláh-Gál; Pálmay József; Parádi</br></p>

<p>Mv., 1841. júl. 8., † Mv., 1883. okt. 17.: jogtanár; jogász, kir. ítélő táblai bíró. – D. Elek tanár és. Gyarmati Kata († Mv., 1849. máj. 20.) fia. Testvére: Katinka dr. Nagy Józsefné. Felesége Vályi Róza (sz. 1851., házasság 1873). – A mv.-i Ref. Koll.-ban érettségizett (1858), a kv.-i teológián folytatta tanulmányait (–1861), utána apjától [&hellip;]</p>
