{"id":7060,"date":"2025-06-28T18:13:39","date_gmt":"2025-06-28T16:13:39","guid":{"rendered":"https:\/\/uj.adatbank.ro\/lexikon\/termek\/dosztal-kalman-%c2%a7\/"},"modified":"2025-06-28T18:13:39","modified_gmt":"2025-06-28T16:13:39","slug":"dosztal-kalman-%c2%a7","status":"publish","type":"product","link":"https:\/\/uj.adatbank.ro\/lexikon\/termek\/dosztal-kalman-%c2%a7\/","title":{"rendered":"DOSZT\u00c1L K\u00e1lm\u00e1n \u00a7"},"content":{"rendered":"<p>L\u00e9va, 1878., \u2020 Dics\u0151szentm\u00e1rton, 1930: nyomdatulajdonos \u00e9s k\u00f6nyv-. \u00e9s papirkeresked\u0151. \u2013 Apja keresked\u0151 volt. \u2013 A k\u00f6z\u00e9piskola elv\u00e9gz\u00e9se ut\u00e1n a nyomd\u00e1szszakm\u00e1t saj\u00e1t\u00edtotta el, majd felszabadul\u00e1sa ut\u00e1n dolgozott Bp.-en a Pallas-nyomd\u00e1n\u00e1l, Kapuv\u00e1ron, Pozsonyban, B\u00e9csben, Szigetv\u00e1ron, Kiskunf\u00e9legyh\u00e1z\u00e1n. \u00c1tvette a Fr\u0151lich \u00e9s Tsa \u00e1ltal alap\u00edtott Erzs\u00e9bet K\u00f6nyvnyomd\u00e1t Dics\u0151szentm\u00e1rtonban (1903\u201321), a Kis-K\u00fck\u00fcll\u0151 c. lapot is itt nyomt\u00e1k. Nyod\u00e1j\u00e1ban mindv\u00e9gig tank\u00f6nyvek, teol\u00f3giai-, vall\u00e1si m\u0171vek, napt\u00e1rak \u00e9s hetilapok mellett k\u00e9peslapokat is kiadott, s\u0151t saj\u00e1t neve alatt ezt a tev\u00e9kenys\u00e9get tov\u00e1bbfolytatta (1944). Miut\u00e1n baloldali be\u00e1ll\u00edtotts\u00e1ga miatt el kellett adnia a nyomd\u00e1t. Rt. tulajdon\u00e1ba ker\u00fclt, \u00e9s az Erzs\u00e9bet K\u00f6nyvnyomda igazgat\u00f3ja \u00e9s a lap szerk.-je Sipos Domokos lett (1921-t\u0151l). Dics\u0151szentm\u00e1rtonban napt\u00e1rkiad\u00f3-v\u00e1llalatot \u00e9s hivatalos nyomtatv\u00e1ny rakt\u00e1rat l\u00e9tes\u00edtett (\u20131918). Az imp\u00e9rium v\u00e1lt\u00e1skor v\u00e1llalat\u00e1t eladta \u00e9s technikai m\u0171szaki szak\u00fczletet nyitott. A helybeli ipartest\u00fclet aleln\u00f6ke, az iparkamara tagja. Szakcikkei bel- \u00e9s k\u00fclf\u00f6ldi lapokban jelentek meg. <br \/><strong>Irod.:<\/strong> Dics\u0151szentm\u00e1rton; Dics\u0151szentm\u00e1rton r\u00e9gi arca; Ki kicsoda\u00a0?<\/br><\/p>\n","protected":false},"excerpt":{"rendered":"<p>L\u00e9va, 1878., \u2020 Dics\u0151szentm\u00e1rton, 1930: nyomdatulajdonos \u00e9s k\u00f6nyv-. \u00e9s papirkeresked\u0151. \u2013 Apja keresked\u0151 volt. \u2013 A k\u00f6z\u00e9piskola elv\u00e9gz\u00e9se ut\u00e1n a nyomd\u00e1szszakm\u00e1t saj\u00e1t\u00edtotta el, majd felszabadul\u00e1sa ut\u00e1n dolgozott Bp.-en a Pallas-nyomd\u00e1n\u00e1l, Kapuv\u00e1ron, Pozsonyban, B\u00e9csben, Szigetv\u00e1ron, Kiskunf\u00e9legyh\u00e1z\u00e1n. \u00c1tvette a Fr\u0151lich \u00e9s Tsa \u00e1ltal alap\u00edtott Erzs\u00e9bet K\u00f6nyvnyomd\u00e1t Dics\u0151szentm\u00e1rtonban (1903\u201321), a Kis-K\u00fck\u00fcll\u0151 c. lapot is itt nyomt\u00e1k. Nyod\u00e1j\u00e1ban mindv\u00e9gig [&hellip;]<\/p>\n","protected":false},"featured_media":0,"comment_status":"open","ping_status":"closed","template":"","meta":[],"product_brand":[],"product_cat":[137],"product_tag":[],"class_list":{"0":"post-7060","1":"product","2":"type-product","3":"status-publish","5":"product_cat-maros-megyei-eletrajzi-lexikon","7":"first","8":"instock","9":"shipping-taxable","10":"product-type-simple"},"_links":{"self":[{"href":"https:\/\/uj.adatbank.ro\/lexikon\/wp-json\/wp\/v2\/product\/7060","targetHints":{"allow":["GET"]}}],"collection":[{"href":"https:\/\/uj.adatbank.ro\/lexikon\/wp-json\/wp\/v2\/product"}],"about":[{"href":"https:\/\/uj.adatbank.ro\/lexikon\/wp-json\/wp\/v2\/types\/product"}],"replies":[{"embeddable":true,"href":"https:\/\/uj.adatbank.ro\/lexikon\/wp-json\/wp\/v2\/comments?post=7060"}],"wp:attachment":[{"href":"https:\/\/uj.adatbank.ro\/lexikon\/wp-json\/wp\/v2\/media?parent=7060"}],"wp:term":[{"taxonomy":"product_brand","embeddable":true,"href":"https:\/\/uj.adatbank.ro\/lexikon\/wp-json\/wp\/v2\/product_brand?post=7060"},{"taxonomy":"product_cat","embeddable":true,"href":"https:\/\/uj.adatbank.ro\/lexikon\/wp-json\/wp\/v2\/product_cat?post=7060"},{"taxonomy":"product_tag","embeddable":true,"href":"https:\/\/uj.adatbank.ro\/lexikon\/wp-json\/wp\/v2\/product_tag?post=7060"}],"curies":[{"name":"wp","href":"https:\/\/api.w.org\/{rel}","templated":true}]}}

DOSZTÁL Kálmán §

<p>Léva, 1878., † Dicsőszentmárton, 1930: nyomdatulajdonos és könyv-. és papirkereskedő. – Apja kereskedő volt. – A középiskola elvégzése után a nyomdászszakmát sajátította el, majd felszabadulása után dolgozott Bp.-en a Pallas-nyomdánál, Kapuváron, Pozsonyban, Bécsben, Szigetváron, Kiskunfélegyházán. Átvette a Frőlich és Tsa által alapított Erzsébet Könyvnyomdát Dicsőszentmártonban (1903–21), a Kis-Küküllő c. lapot is itt nyomták. Nyodájában mindvégig tankönyvek, teológiai-, vallási művek, naptárak és hetilapok mellett képeslapokat is kiadott, sőt saját neve alatt ezt a tevékenységet továbbfolytatta (1944). Miután baloldali beállítottsága miatt el kellett adnia a nyomdát. Rt. tulajdonába került, és az Erzsébet Könyvnyomda igazgatója és a lap szerk.-je Sipos Domokos lett (1921-től). Dicsőszentmártonban naptárkiadó-vállalatot és hivatalos nyomtatvány raktárat létesített (–1918). Az impérium váltáskor vállalatát eladta és technikai műszaki szaküzletet nyitott. A helybeli ipartestület alelnöke, az iparkamara tagja. Szakcikkei bel- és külföldi lapokban jelentek meg. <br /><strong>Irod.:</strong> Dicsőszentmárton; Dicsőszentmárton régi arca; Ki kicsoda ?</br></p>

<p>Léva, 1878., † Dicsőszentmárton, 1930: nyomdatulajdonos és könyv-. és papirkereskedő. – Apja kereskedő volt. – A középiskola elvégzése után a nyomdászszakmát sajátította el, majd felszabadulása után dolgozott Bp.-en a Pallas-nyomdánál, Kapuváron, Pozsonyban, Bécsben, Szigetváron, Kiskunfélegyházán. Átvette a Frőlich és Tsa által alapított Erzsébet Könyvnyomdát Dicsőszentmártonban (1903–21), a Kis-Küküllő c. lapot is itt nyomták. Nyodájában mindvégig [&hellip;]</p>
