{"id":7065,"date":"2025-06-28T18:13:49","date_gmt":"2025-06-28T16:13:49","guid":{"rendered":"https:\/\/uj.adatbank.ro\/lexikon\/termek\/dozsa-endre-%c2%a7-makfalvi-es-uzapaniti-dosa-endre\/"},"modified":"2025-06-28T18:13:49","modified_gmt":"2025-06-28T16:13:49","slug":"dozsa-endre-%c2%a7-makfalvi-es-uzapaniti-dosa-endre","status":"publish","type":"product","link":"https:\/\/uj.adatbank.ro\/lexikon\/termek\/dozsa-endre-%c2%a7-makfalvi-es-uzapaniti-dosa-endre\/","title":{"rendered":"D\u00d3ZSA Endre, \u00a7 makfalvi \u00e9s uzapaniti, D\u00f3sa Endre"},"content":{"rendered":"<p>P\u00f3ka, 1857. jan. 13., \u2020 Kv., 1944. m\u00e1rc. 3. A H\u00e1zsong\u00e1rdi Luther\u00e1nus temet\u0151ben nyugszik: politikus, \u00edr\u00f3. \u2013 D\u00e1niel fia (1821\u20131889). -Tanulm\u00e1nyait Mv.-en \u00e9s Bp.-en v\u00e9gzte, ahol a Jog\u00e1sz Seg\u00e9lyz\u0151 Egylet titk\u00e1ra volt (1878). P\u00e1ly\u00e1j\u00e1t, mint marostordamegyei szolgab\u00edr\u00f3 kezdte, r\u00f6videsen f\u0151b\u00edr\u00f3 lett, majd a tekei f\u0151szolgab\u00edr\u00f3i tiszts\u00e9get is bet\u00f6lt\u00f6tte (1889\u2013). Kem\u00e9ny J\u00e1nos hal\u00e1la ut\u00e1n Teke ogy.-i k\u00e9pvisel\u0151je (1898\u20131901). Kolozsvrm. alisp\u00e1nja (1901\u201318), 6 \u00e9ven \u00e1t ogy.-i k\u00e9pvisel\u0151, cs. \u00e9s k. udvari kamar\u00e1s. A nagys\u00e1rm\u00e1si ref. templom toronygombj\u00e1ban elhelyezett irat eml\u00edti, mint megyei alisp\u00e1nt (1902). Imp\u00e9riumv\u00e1ltoz\u00e1s ut\u00e1n f\u00f6ldbirtokosk\u00e9nt Kolozsnagyid\u00e1n \u00e9lt. A sz\u00e1zadfordul\u00f3 erd\u00e9lyi t\u00e1rsadalm\u00e1t mutatta be reg\u00e9nyeiben, a vid\u00e9ki \u00e9letet, a kisebbs\u00e9gi l\u00e9tet. Cikkeit k\u00f6zli a Keleti \u00dajs\u00e1g \u00e9s az Ellenz\u00e9k (1919\u2013), politikai \u00e9s k\u00f6zigazgat\u00e1si \u00edr\u00e1sait a\u00a0: M. P\u00e9nz\u00fcgy, Pesti Napl\u00f3, Nemzet, B. Hirlap, B. Napl\u00f3, M. Nemz., M. Polg\u00e1r, Az \u00dajs\u00e1g, Erd\u00e9lyi Lapok, Ellenz\u00e9k, kv-i \u00dajs\u00e1g. Eln\u00f6ke az Erd\u00e9lyi Irodalmi T\u00e1rsas\u00e1gnak (1908\u201338), a KZST tagja (1910\u2013). T\u00f6bb t\u00e1rsadalmi \u00e9s kult\u00farint\u00e9zm\u00e9nyben vezet\u0151 szerepet j\u00e1tszott. Tagja volt a sz\u00e1szr\u00e9geni Hitel- \u00e9s Takar\u00e9kp\u00e9nzt\u00e1r igazgat\u00f3tan\u00e1cs\u00e1nak. Cs. k. kamar\u00e1s (1906\u2013), a Vaskoronarend lovagja. \u2013 <strong>F. m.:<\/strong> 1848. m\u00e1rc. 15. (besz\u00e9d; Bp., 1878); M\u00e9g egy p\u00e1r sz\u00f3 a nemzetis\u00e9gi k\u00e9rd\u00e9sr\u0151l (Bp., 1897); Ti\u00e9d a hatalom. 1\u20132. (reg.; Bp., 1899); Cine mintye (reg.; Bp., 1903); Czinka Panna (Kv., 1913); Inditv\u00e1ny egy 8. 722. 000 K. -\u00e1s EMKE legel\u0151v\u00e1llalat l\u00e9tes\u00edt\u00e9se tb. (Kv., 1913); R\u00e9gi j\u00f3 \u00e9s r\u00e9gi zord id\u0151kb\u0151l (elb.; Kv., 1927); \u00daj vil\u00e1g fel\u00e9 (reg.; Cluj, 1936). <br \/><strong>Irod.:<\/strong> 1924\u20131944 Helikon; \u00c1M\u00c9L; D\u00e9zsi Lajos: M. t\u00f6rt\u00e9neti t\u00e1rgy\u00fa sz\u00e9pirodalom (Bp., 1927); D\u00f3sa csal\u00e1d; EM; F\u00fcl\u00f6p\u2013Ferencz; Ga\u00e1l; Ga\u00e1l: Kv. vonz\u00e1s\u00e1ban; G\u00e1lfalvi Art\u00far B\u00e9la: Makfalva; Guly\u00e1s; Gyalui Farkas: D. E. -r\u00f3l (P\u00e1sztort\u0171z 1928\/3); H\u00e1zsong\u00e1rd; Keszeg; Ligeti Ern\u0151: D. E. (az Erd\u00e9ly vallat\u00e1sa c. k\u00f6t.-ben Kv, 1922); Marosi-Helikon; MIL, MNL; Molter 2.; Osv\u00e1th; Pan\u0103; Pomog\u00e1ts 1.; R\u00e9thy\u2013V\u00e1czy; RMIL; RNL; Sipos; \u00daIL; Valentiny 1937; V\u00e1rady Aur\u00e9l: D. E. 70 \u00e9ves (P\u00e1sztort\u0171z, 1. sz., 1927. jan. 16.)<\/br><\/p>\n","protected":false},"excerpt":{"rendered":"<p>P\u00f3ka, 1857. jan. 13., \u2020 Kv., 1944. m\u00e1rc. 3. A H\u00e1zsong\u00e1rdi Luther\u00e1nus temet\u0151ben nyugszik: politikus, \u00edr\u00f3. \u2013 D\u00e1niel fia (1821\u20131889). -Tanulm\u00e1nyait Mv.-en \u00e9s Bp.-en v\u00e9gzte, ahol a Jog\u00e1sz Seg\u00e9lyz\u0151 Egylet titk\u00e1ra volt (1878). P\u00e1ly\u00e1j\u00e1t, mint marostordamegyei szolgab\u00edr\u00f3 kezdte, r\u00f6videsen f\u0151b\u00edr\u00f3 lett, majd a tekei f\u0151szolgab\u00edr\u00f3i tiszts\u00e9get is bet\u00f6lt\u00f6tte (1889\u2013). Kem\u00e9ny J\u00e1nos hal\u00e1la ut\u00e1n Teke ogy.-i [&hellip;]<\/p>\n","protected":false},"featured_media":0,"comment_status":"open","ping_status":"closed","template":"","meta":[],"product_brand":[],"product_cat":[137],"product_tag":[],"class_list":{"0":"post-7065","1":"product","2":"type-product","3":"status-publish","5":"product_cat-maros-megyei-eletrajzi-lexikon","7":"first","8":"instock","9":"shipping-taxable","10":"product-type-simple"},"_links":{"self":[{"href":"https:\/\/uj.adatbank.ro\/lexikon\/wp-json\/wp\/v2\/product\/7065","targetHints":{"allow":["GET"]}}],"collection":[{"href":"https:\/\/uj.adatbank.ro\/lexikon\/wp-json\/wp\/v2\/product"}],"about":[{"href":"https:\/\/uj.adatbank.ro\/lexikon\/wp-json\/wp\/v2\/types\/product"}],"replies":[{"embeddable":true,"href":"https:\/\/uj.adatbank.ro\/lexikon\/wp-json\/wp\/v2\/comments?post=7065"}],"wp:attachment":[{"href":"https:\/\/uj.adatbank.ro\/lexikon\/wp-json\/wp\/v2\/media?parent=7065"}],"wp:term":[{"taxonomy":"product_brand","embeddable":true,"href":"https:\/\/uj.adatbank.ro\/lexikon\/wp-json\/wp\/v2\/product_brand?post=7065"},{"taxonomy":"product_cat","embeddable":true,"href":"https:\/\/uj.adatbank.ro\/lexikon\/wp-json\/wp\/v2\/product_cat?post=7065"},{"taxonomy":"product_tag","embeddable":true,"href":"https:\/\/uj.adatbank.ro\/lexikon\/wp-json\/wp\/v2\/product_tag?post=7065"}],"curies":[{"name":"wp","href":"https:\/\/api.w.org\/{rel}","templated":true}]}}

DÓZSA Endre, § makfalvi és uzapaniti, Dósa Endre

<p>Póka, 1857. jan. 13., † Kv., 1944. márc. 3. A Házsongárdi Lutheránus temetőben nyugszik: politikus, író. – Dániel fia (1821–1889). -Tanulmányait Mv.-en és Bp.-en végzte, ahol a Jogász Segélyző Egylet titkára volt (1878). Pályáját, mint marostordamegyei szolgabíró kezdte, rövidesen főbíró lett, majd a tekei főszolgabírói tisztséget is betöltötte (1889–). Kemény János halála után Teke ogy.-i képviselője (1898–1901). Kolozsvrm. alispánja (1901–18), 6 éven át ogy.-i képviselő, cs. és k. udvari kamarás. A nagysármási ref. templom toronygombjában elhelyezett irat említi, mint megyei alispánt (1902). Impériumváltozás után földbirtokosként Kolozsnagyidán élt. A századforduló erdélyi társadalmát mutatta be regényeiben, a vidéki életet, a kisebbségi létet. Cikkeit közli a Keleti Újság és az Ellenzék (1919–), politikai és közigazgatási írásait a : M. Pénzügy, Pesti Napló, Nemzet, B. Hirlap, B. Napló, M. Nemz., M. Polgár, Az Újság, Erdélyi Lapok, Ellenzék, kv-i Újság. Elnöke az Erdélyi Irodalmi Társaságnak (1908–38), a KZST tagja (1910–). Több társadalmi és kultúrintézményben vezető szerepet játszott. Tagja volt a szászrégeni Hitel- és Takarékpénztár igazgatótanácsának. Cs. k. kamarás (1906–), a Vaskoronarend lovagja. – <strong>F. m.:</strong> 1848. márc. 15. (beszéd; Bp., 1878); Még egy pár szó a nemzetiségi kérdésről (Bp., 1897); Tiéd a hatalom. 1–2. (reg.; Bp., 1899); Cine mintye (reg.; Bp., 1903); Czinka Panna (Kv., 1913); Inditvány egy 8. 722. 000 K. -ás EMKE legelővállalat létesítése tb. (Kv., 1913); Régi jó és régi zord időkből (elb.; Kv., 1927); Új világ felé (reg.; Cluj, 1936). <br /><strong>Irod.:</strong> 1924–1944 Helikon; ÁMÉL; Dézsi Lajos: M. történeti tárgyú szépirodalom (Bp., 1927); Dósa család; EM; Fülöp–Ferencz; Gaál; Gaál: Kv. vonzásában; Gálfalvi Artúr Béla: Makfalva; Gulyás; Gyalui Farkas: D. E. -ról (Pásztortűz 1928/3); Házsongárd; Keszeg; Ligeti Ernő: D. E. (az Erdély vallatása c. köt.-ben Kv, 1922); Marosi-Helikon; MIL, MNL; Molter 2.; Osváth; Pană; Pomogáts 1.; Réthy–Váczy; RMIL; RNL; Sipos; ÚIL; Valentiny 1937; Várady Aurél: D. E. 70 éves (Pásztortűz, 1. sz., 1927. jan. 16.)</br></p>

<p>Póka, 1857. jan. 13., † Kv., 1944. márc. 3. A Házsongárdi Lutheránus temetőben nyugszik: politikus, író. – Dániel fia (1821–1889). -Tanulmányait Mv.-en és Bp.-en végzte, ahol a Jogász Segélyző Egylet titkára volt (1878). Pályáját, mint marostordamegyei szolgabíró kezdte, rövidesen főbíró lett, majd a tekei főszolgabírói tisztséget is betöltötte (1889–). Kemény János halála után Teke ogy.-i [&hellip;]</p>
