{"id":7067,"date":"2025-06-28T18:13:51","date_gmt":"2025-06-28T16:13:51","guid":{"rendered":"https:\/\/uj.adatbank.ro\/lexikon\/termek\/dozsa-mihaly-kibedi\/"},"modified":"2025-06-28T18:13:51","modified_gmt":"2025-06-28T16:13:51","slug":"dozsa-mihaly-kibedi","status":"publish","type":"product","link":"https:\/\/uj.adatbank.ro\/lexikon\/termek\/dozsa-mihaly-kibedi\/","title":{"rendered":"D\u00d3ZSA Mih\u00e1ly, kib\u00e9di"},"content":{"rendered":"<p>? \u2020\u00a0?: l\u00f3f\u0151 sz\u00e9kely. \u2013 Szentgy\u00f6rgyi \u00e9s Bazini P\u00e9ter gr., erd\u00e9lyi vajda megparancsolja g\u00f6rg\u00e9nyi isp\u00e1nj\u00e1nak, Sikl\u00f3si P\u00e9ternek, vagy alisp\u00e1nj\u00e1nak, \u00e9s a Maros sz\u00e9ki kir\u00e1lybir\u00f3nak, hogy miut\u00e1n Barcsai G\u00e1sp\u00e1r az ellene Kib\u00e9d\u00ed D\u00f3sa Mih\u00e1ly \u00e1ltal Kib\u00e9den \u00e9s Szentl\u0151rincen Maros sz\u00e9kben fekv\u0151 s \u0150rl\u00f6cz nemben \u00e9s Szov\u00e1th \u00e1gon \u0151t illet\u0151 l\u00f3f\u0151s\u00e9g egy harmada ir\u00e1nt t\u00f6rv\u00e9nysz\u00e9ke el\u0151tt folytatott perben 48 m\u00e1rk\u00e1ban, azaz 24 arany forintban elmarasztaltatott, s az emlitett l\u00f3f\u0151s\u00e9g egy harmada D\u00f3sa Mih\u00e1lynak visszait\u00e9ltetett, a 24 arany forintot Barcsai G\u00e1sp\u00e1r sz\u00e9kely \u00f6r\u00f6ks\u00e9geiben l\u00e9v\u0151 ingatlan javaib\u00f3l, k\u00e9tharmad r\u00e9szben neki mint bir\u00f3nak, egy harmadban D\u00f3sa Mih\u00e1lynak r\u00e9sz\u00e9re hajts\u00e1k f\u00f6l, s a k\u00e9rd\u00e9ses harmadr\u00e9sz l\u00f3f\u0151s\u00e9get \u00f6r\u00f6k birtok\u00fal adj\u00e1k vissza D\u00f3sa Mih\u00e1lynak \u00e9s marad\u00e9kainak. Kelt Segesv\u00e1rt 1499. okt. 24). \u2013 Irod: SzOkl, 1<\/br><\/p>\n","protected":false},"excerpt":{"rendered":"<p>? \u2020\u00a0?: l\u00f3f\u0151 sz\u00e9kely. \u2013 Szentgy\u00f6rgyi \u00e9s Bazini P\u00e9ter gr., erd\u00e9lyi vajda megparancsolja g\u00f6rg\u00e9nyi isp\u00e1nj\u00e1nak, Sikl\u00f3si P\u00e9ternek, vagy alisp\u00e1nj\u00e1nak, \u00e9s a Maros sz\u00e9ki kir\u00e1lybir\u00f3nak, hogy miut\u00e1n Barcsai G\u00e1sp\u00e1r az ellene Kib\u00e9d\u00ed D\u00f3sa Mih\u00e1ly \u00e1ltal Kib\u00e9den \u00e9s Szentl\u0151rincen Maros sz\u00e9kben fekv\u0151 s \u0150rl\u00f6cz nemben \u00e9s Szov\u00e1th \u00e1gon \u0151t illet\u0151 l\u00f3f\u0151s\u00e9g egy harmada ir\u00e1nt t\u00f6rv\u00e9nysz\u00e9ke el\u0151tt folytatott [&hellip;]<\/p>\n","protected":false},"featured_media":0,"comment_status":"open","ping_status":"closed","template":"","meta":[],"product_brand":[],"product_cat":[137],"product_tag":[],"class_list":{"0":"post-7067","1":"product","2":"type-product","3":"status-publish","5":"product_cat-maros-megyei-eletrajzi-lexikon","7":"first","8":"instock","9":"shipping-taxable","10":"product-type-simple"},"_links":{"self":[{"href":"https:\/\/uj.adatbank.ro\/lexikon\/wp-json\/wp\/v2\/product\/7067","targetHints":{"allow":["GET"]}}],"collection":[{"href":"https:\/\/uj.adatbank.ro\/lexikon\/wp-json\/wp\/v2\/product"}],"about":[{"href":"https:\/\/uj.adatbank.ro\/lexikon\/wp-json\/wp\/v2\/types\/product"}],"replies":[{"embeddable":true,"href":"https:\/\/uj.adatbank.ro\/lexikon\/wp-json\/wp\/v2\/comments?post=7067"}],"wp:attachment":[{"href":"https:\/\/uj.adatbank.ro\/lexikon\/wp-json\/wp\/v2\/media?parent=7067"}],"wp:term":[{"taxonomy":"product_brand","embeddable":true,"href":"https:\/\/uj.adatbank.ro\/lexikon\/wp-json\/wp\/v2\/product_brand?post=7067"},{"taxonomy":"product_cat","embeddable":true,"href":"https:\/\/uj.adatbank.ro\/lexikon\/wp-json\/wp\/v2\/product_cat?post=7067"},{"taxonomy":"product_tag","embeddable":true,"href":"https:\/\/uj.adatbank.ro\/lexikon\/wp-json\/wp\/v2\/product_tag?post=7067"}],"curies":[{"name":"wp","href":"https:\/\/api.w.org\/{rel}","templated":true}]}}

DÓZSA Mihály, kibédi

<p>? † ?: lófő székely. – Szentgyörgyi és Bazini Péter gr., erdélyi vajda megparancsolja görgényi ispánjának, Siklósi Péternek, vagy alispánjának, és a Maros széki királybirónak, hogy miután Barcsai Gáspár az ellene Kibédí Dósa Mihály által Kibéden és Szentlőrincen Maros székben fekvő s Őrlöcz nemben és Szováth ágon őt illető lófőség egy harmada iránt törvényszéke előtt folytatott perben 48 márkában, azaz 24 arany forintban elmarasztaltatott, s az emlitett lófőség egy harmada Dósa Mihálynak visszaitéltetett, a 24 arany forintot Barcsai Gáspár székely örökségeiben lévő ingatlan javaiból, kétharmad részben neki mint birónak, egy harmadban Dósa Mihálynak részére hajtsák föl, s a kérdéses harmadrész lófőséget örök birtokúl adják vissza Dósa Mihálynak és maradékainak. Kelt Segesvárt 1499. okt. 24). – Irod: SzOkl, 1</br></p>

<p>? † ?: lófő székely. – Szentgyörgyi és Bazini Péter gr., erdélyi vajda megparancsolja görgényi ispánjának, Siklósi Péternek, vagy alispánjának, és a Maros széki királybirónak, hogy miután Barcsai Gáspár az ellene Kibédí Dósa Mihály által Kibéden és Szentlőrincen Maros székben fekvő s Őrlöcz nemben és Szováth ágon őt illető lófőség egy harmada iránt törvényszéke előtt folytatott [&hellip;]</p>
