{"id":7070,"date":"2025-06-28T18:13:56","date_gmt":"2025-06-28T16:13:56","guid":{"rendered":"https:\/\/uj.adatbank.ro\/lexikon\/termek\/dragan-emil\/"},"modified":"2025-06-28T18:13:56","modified_gmt":"2025-06-28T16:13:56","slug":"dragan-emil","status":"publish","type":"product","link":"https:\/\/uj.adatbank.ro\/lexikon\/termek\/dragan-emil\/","title":{"rendered":"DR\u0102GAN Emil"},"content":{"rendered":"<p>Fels\u0151tat\u00e1rlaka, 1886, m\u00e1j. 5., \u2020 Mv., 1962. j\u00fan. 10.: tan\u00edt\u00f3, tanfel\u00fcgyel\u0151. \u2013 Iskol\u00e1it a sz\u00fcl\u0151faluban, tan\u00edt\u00f3k\u00e9pz\u0151t Bal\u00e1zsfalv\u00e1n v\u00e9gzett (1902). Gyergy\u00f3holl\u00f3ra nevezt\u00e9k ki, ahol rom\u00e1n \u00e9s m. tannyelv\u0171 iskol\u00e1t hozott l\u00e9tre (1904), amely ma a nev\u00e9t viseli. Ny\u00e1r\u00e1dt\u0151n volt tan\u00edt\u00f3 (1906\u201334), majd iskolaigazgat\u00f3, ahol a ma is haszn\u00e1lt iskol\u00e1t \u00e9p\u00edtteti fel. Az iskola ma az \u0151 nev\u00e9t viseli. Az ASTRA dics\u0151szentm\u00e1rtoni \u00e9s mv.-i tagozat\u00e1ban tev\u00e9kenykedett (1918); megalap\u00edtotta Ny\u00e1r\u00e1dt\u0151n a Rom\u00e1n Nemzeti Tan\u00e1csot \u00e9s a Rom\u00e1n Nemzeti G\u00e1rd\u00e1t. Mv.-en l\u00e9trehozott egy \u201eMemorandista\u201d \u00f6nk\u00e9ntesekb\u0151l \u00e1ll\u00f3 egyes\u00fcletet, amely a nagy egyes\u00fcl\u00e9s megval\u00f3s\u00edt\u00e1s\u00e1\u00e9rt k\u00fczd\u00f6tt. M\u00e1s szem\u00e9lyisegekkel egy\u00fctt Bp.-en n\u00e9gy h\u00f3napon kereszt\u00fcl folytattak t\u00e1rgyal\u00e1soka az erd\u00e9lyi rom\u00e1ns\u00e1g jogainak biztos\u00edt\u00e1s\u00e1\u00e9rt. Mv.-en az egyes\u00fcl\u00e9s ut\u00e1ni id\u0151szakban, els\u0151 rom\u00e1n tanfel\u00fcgyel\u0151 (1918\u2013), Az els\u0151 vh.-ban a rom\u00e1n hadsereg tisztje lett; seg\u00e9dtanfel\u00fcgyel\u0151 (1924); a Rom\u00e1n Nemzeti P\u00e1rt (PNR) \u00e9s a Nemzeti Parasztp\u00e1rt (PN\u0162) tagja. Politikai \u00e9s kultur\u00e1lis \u00e9rdemei\u00e9rt a Rom\u00e1n Koronarend Lovagja kit\u00fcntet\u00e9s kapta. Egyes\u00fcl\u00e9s ut\u00e1ni id\u0151szakban Maros megye els\u0151 rom\u00e1n tanfel\u00fcgyel\u0151je. Ebben a min\u0151s\u00e9g\u00e9ben sokat tett a rom\u00e1n nyelv\u0171 oktat\u00e1s l\u00e9trehoz\u00e1s\u00e1\u00e9rt \u00e9s elterjeszt\u00e9s\u00e9\u00e9rt. F\u00e9lvaks\u00e1ga miatt nyugd\u00edjba k\u00e9nyszer\u00fclt (1930). Teljesen vakon h\u00fanyt el. \u2013 <strong>Cikkei:<\/strong> Foaia \u015ecolastic\u0103-ban. <br \/><strong>Irod.:<\/strong> Dasc\u0103li mure\u015feni 2.; Guly\u00e1s; Suciu; Ungheni\u2013735<\/br><\/p>\n","protected":false},"excerpt":{"rendered":"<p>Fels\u0151tat\u00e1rlaka, 1886, m\u00e1j. 5., \u2020 Mv., 1962. j\u00fan. 10.: tan\u00edt\u00f3, tanfel\u00fcgyel\u0151. \u2013 Iskol\u00e1it a sz\u00fcl\u0151faluban, tan\u00edt\u00f3k\u00e9pz\u0151t Bal\u00e1zsfalv\u00e1n v\u00e9gzett (1902). Gyergy\u00f3holl\u00f3ra nevezt\u00e9k ki, ahol rom\u00e1n \u00e9s m. tannyelv\u0171 iskol\u00e1t hozott l\u00e9tre (1904), amely ma a nev\u00e9t viseli. Ny\u00e1r\u00e1dt\u0151n volt tan\u00edt\u00f3 (1906\u201334), majd iskolaigazgat\u00f3, ahol a ma is haszn\u00e1lt iskol\u00e1t \u00e9p\u00edtteti fel. Az iskola ma az \u0151 [&hellip;]<\/p>\n","protected":false},"featured_media":0,"comment_status":"open","ping_status":"closed","template":"","meta":[],"product_brand":[],"product_cat":[137],"product_tag":[],"class_list":{"0":"post-7070","1":"product","2":"type-product","3":"status-publish","5":"product_cat-maros-megyei-eletrajzi-lexikon","7":"first","8":"instock","9":"shipping-taxable","10":"product-type-simple"},"_links":{"self":[{"href":"https:\/\/uj.adatbank.ro\/lexikon\/wp-json\/wp\/v2\/product\/7070","targetHints":{"allow":["GET"]}}],"collection":[{"href":"https:\/\/uj.adatbank.ro\/lexikon\/wp-json\/wp\/v2\/product"}],"about":[{"href":"https:\/\/uj.adatbank.ro\/lexikon\/wp-json\/wp\/v2\/types\/product"}],"replies":[{"embeddable":true,"href":"https:\/\/uj.adatbank.ro\/lexikon\/wp-json\/wp\/v2\/comments?post=7070"}],"wp:attachment":[{"href":"https:\/\/uj.adatbank.ro\/lexikon\/wp-json\/wp\/v2\/media?parent=7070"}],"wp:term":[{"taxonomy":"product_brand","embeddable":true,"href":"https:\/\/uj.adatbank.ro\/lexikon\/wp-json\/wp\/v2\/product_brand?post=7070"},{"taxonomy":"product_cat","embeddable":true,"href":"https:\/\/uj.adatbank.ro\/lexikon\/wp-json\/wp\/v2\/product_cat?post=7070"},{"taxonomy":"product_tag","embeddable":true,"href":"https:\/\/uj.adatbank.ro\/lexikon\/wp-json\/wp\/v2\/product_tag?post=7070"}],"curies":[{"name":"wp","href":"https:\/\/api.w.org\/{rel}","templated":true}]}}

DRĂGAN Emil

<p>Felsőtatárlaka, 1886, máj. 5., † Mv., 1962. jún. 10.: tanító, tanfelügyelő. – Iskoláit a szülőfaluban, tanítóképzőt Balázsfalván végzett (1902). Gyergyóhollóra nevezték ki, ahol román és m. tannyelvű iskolát hozott létre (1904), amely ma a nevét viseli. Nyárádtőn volt tanító (1906–34), majd iskolaigazgató, ahol a ma is használt iskolát építteti fel. Az iskola ma az ő nevét viseli. Az ASTRA dicsőszentmártoni és mv.-i tagozatában tevékenykedett (1918); megalapította Nyárádtőn a Román Nemzeti Tanácsot és a Román Nemzeti Gárdát. Mv.-en létrehozott egy „Memorandista” önkéntesekből álló egyesületet, amely a nagy egyesülés megvalósításáért küzdött. Más személyisegekkel együtt Bp.-en négy hónapon keresztül folytattak tárgyalásoka az erdélyi románság jogainak biztosításáért. Mv.-en az egyesülés utáni időszakban, első román tanfelügyelő (1918–), Az első vh.-ban a román hadsereg tisztje lett; segédtanfelügyelő (1924); a Román Nemzeti Párt (PNR) és a Nemzeti Parasztpárt (PNŢ) tagja. Politikai és kulturális érdemeiért a Román Koronarend Lovagja kitüntetés kapta. Egyesülés utáni időszakban Maros megye első román tanfelügyelője. Ebben a minőségében sokat tett a román nyelvű oktatás létrehozásáért és elterjesztéséért. Félvaksága miatt nyugdíjba kényszerült (1930). Teljesen vakon húnyt el. – <strong>Cikkei:</strong> Foaia Şcolastică-ban. <br /><strong>Irod.:</strong> Dascăli mureşeni 2.; Gulyás; Suciu; Ungheni–735</br></p>

<p>Felsőtatárlaka, 1886, máj. 5., † Mv., 1962. jún. 10.: tanító, tanfelügyelő. – Iskoláit a szülőfaluban, tanítóképzőt Balázsfalván végzett (1902). Gyergyóhollóra nevezték ki, ahol román és m. tannyelvű iskolát hozott létre (1904), amely ma a nevét viseli. Nyárádtőn volt tanító (1906–34), majd iskolaigazgató, ahol a ma is használt iskolát építteti fel. Az iskola ma az ő [&hellip;]</p>
