{"id":7071,"date":"2025-06-28T18:14:00","date_gmt":"2025-06-28T16:14:00","guid":{"rendered":"https:\/\/uj.adatbank.ro\/lexikon\/termek\/dragan-gabriel-alnevei-petru-soltuz-savel-bornar\/"},"modified":"2025-06-28T18:14:00","modified_gmt":"2025-06-28T16:14:00","slug":"dragan-gabriel-alnevei-petru-soltuz-savel-bornar","status":"publish","type":"product","link":"https:\/\/uj.adatbank.ro\/lexikon\/termek\/dragan-gabriel-alnevei-petru-soltuz-savel-bornar\/","title":{"rendered":"DR\u0102GAN Gabriel, \u00e1lnevei: Petru \u015eoltuz, Savel Bornar"},"content":{"rendered":"<p>Nicore\u015fti, 1904. j\u00fan. 8., \u2020 Nicore\u015fti, 1981. febr. 11.: \u00edr\u00f3. \u2013 Sz\u00fcl\u0151faluj\u00e1ban kezdte iskol\u00e1it, a buk.-i egyetem irodalom-filoz\u00f3fia szak\u00e1n v\u00e9gzett (1929). Dics\u0151szentm\u00e1rtonban helyettes tan\u00e1rk\u00e9nt kezdte p\u00e1ly\u00e1j\u00e1t, itt a T\u00e2rnava c. lapban publik\u00e1l (1927\u201328), majd Erzs\u00e9betv\u00e1rosban, Nagyenyeden tan\u00edtott. Tisztvisel\u0151 volt a Nicolae Titulescu vezette K\u00fcl\u00fcgyminiszt\u00e9riumban. Buk.-ben kiadott egy lapot Reac\u0163iunea literar\u0103 c. (1933\u201335). Elhagyta Buk. -et \u00e9s tan\u00e1r volt sz\u00fcl\u0151faluj\u00e1ban (1963\u201367). Piatra Neam\u0163-i Reformatorul lapban k\u00f6z\u00f6lte els\u0151 verseit, majd sok erd\u00e9lyi \u00e9s buk.-i lap publik\u00e1lta verseit, kritik\u00e1it. \u2013 F. -m.: Pe frontul M\u0103re\u015fti \u00eenvie mor\u0163i. (Buc., 1934, 1967, 1974); <strong>antol\u00f3g.:<\/strong> Ardealul c\u00e2ntat de poe\u0163i (Buc., 1943). <br \/><strong>Irod.:<\/strong> Ambasador (2002. nr. 59\u201360); DGLR; F\u00fcl\u00f6p\u2013Ferencz<\/br><\/p>\n","protected":false},"excerpt":{"rendered":"<p>Nicore\u015fti, 1904. j\u00fan. 8., \u2020 Nicore\u015fti, 1981. febr. 11.: \u00edr\u00f3. \u2013 Sz\u00fcl\u0151faluj\u00e1ban kezdte iskol\u00e1it, a buk.-i egyetem irodalom-filoz\u00f3fia szak\u00e1n v\u00e9gzett (1929). Dics\u0151szentm\u00e1rtonban helyettes tan\u00e1rk\u00e9nt kezdte p\u00e1ly\u00e1j\u00e1t, itt a T\u00e2rnava c. lapban publik\u00e1l (1927\u201328), majd Erzs\u00e9betv\u00e1rosban, Nagyenyeden tan\u00edtott. Tisztvisel\u0151 volt a Nicolae Titulescu vezette K\u00fcl\u00fcgyminiszt\u00e9riumban. Buk.-ben kiadott egy lapot Reac\u0163iunea literar\u0103 c. (1933\u201335). Elhagyta Buk. -et [&hellip;]<\/p>\n","protected":false},"featured_media":0,"comment_status":"open","ping_status":"closed","template":"","meta":[],"product_brand":[],"product_cat":[137],"product_tag":[],"class_list":{"0":"post-7071","1":"product","2":"type-product","3":"status-publish","5":"product_cat-maros-megyei-eletrajzi-lexikon","7":"first","8":"instock","9":"shipping-taxable","10":"product-type-simple"},"_links":{"self":[{"href":"https:\/\/uj.adatbank.ro\/lexikon\/wp-json\/wp\/v2\/product\/7071","targetHints":{"allow":["GET"]}}],"collection":[{"href":"https:\/\/uj.adatbank.ro\/lexikon\/wp-json\/wp\/v2\/product"}],"about":[{"href":"https:\/\/uj.adatbank.ro\/lexikon\/wp-json\/wp\/v2\/types\/product"}],"replies":[{"embeddable":true,"href":"https:\/\/uj.adatbank.ro\/lexikon\/wp-json\/wp\/v2\/comments?post=7071"}],"wp:attachment":[{"href":"https:\/\/uj.adatbank.ro\/lexikon\/wp-json\/wp\/v2\/media?parent=7071"}],"wp:term":[{"taxonomy":"product_brand","embeddable":true,"href":"https:\/\/uj.adatbank.ro\/lexikon\/wp-json\/wp\/v2\/product_brand?post=7071"},{"taxonomy":"product_cat","embeddable":true,"href":"https:\/\/uj.adatbank.ro\/lexikon\/wp-json\/wp\/v2\/product_cat?post=7071"},{"taxonomy":"product_tag","embeddable":true,"href":"https:\/\/uj.adatbank.ro\/lexikon\/wp-json\/wp\/v2\/product_tag?post=7071"}],"curies":[{"name":"wp","href":"https:\/\/api.w.org\/{rel}","templated":true}]}}

DRĂGAN Gabriel, álnevei: Petru Şoltuz, Savel Bornar

<p>Nicoreşti, 1904. jún. 8., † Nicoreşti, 1981. febr. 11.: író. – Szülőfalujában kezdte iskoláit, a buk.-i egyetem irodalom-filozófia szakán végzett (1929). Dicsőszentmártonban helyettes tanárként kezdte pályáját, itt a Târnava c. lapban publikál (1927–28), majd Erzsébetvárosban, Nagyenyeden tanított. Tisztviselő volt a Nicolae Titulescu vezette Külügyminisztériumban. Buk.-ben kiadott egy lapot Reacţiunea literară c. (1933–35). Elhagyta Buk. -et és tanár volt szülőfalujában (1963–67). Piatra Neamţ-i Reformatorul lapban közölte első verseit, majd sok erdélyi és buk.-i lap publikálta verseit, kritikáit. – F. -m.: Pe frontul Măreşti învie morţi. (Buc., 1934, 1967, 1974); <strong>antológ.:</strong> Ardealul cântat de poeţi (Buc., 1943). <br /><strong>Irod.:</strong> Ambasador (2002. nr. 59–60); DGLR; Fülöp–Ferencz</br></p>

<p>Nicoreşti, 1904. jún. 8., † Nicoreşti, 1981. febr. 11.: író. – Szülőfalujában kezdte iskoláit, a buk.-i egyetem irodalom-filozófia szakán végzett (1929). Dicsőszentmártonban helyettes tanárként kezdte pályáját, itt a Târnava c. lapban publikál (1927–28), majd Erzsébetvárosban, Nagyenyeden tanított. Tisztviselő volt a Nicolae Titulescu vezette Külügyminisztériumban. Buk.-ben kiadott egy lapot Reacţiunea literară c. (1933–35). Elhagyta Buk. -et [&hellip;]</p>
