{"id":7072,"date":"2025-06-28T18:14:02","date_gmt":"2025-06-28T16:14:02","guid":{"rendered":"https:\/\/uj.adatbank.ro\/lexikon\/termek\/dragan-maxim-%c2%a7\/"},"modified":"2025-06-28T18:14:02","modified_gmt":"2025-06-28T16:14:02","slug":"dragan-maxim-%c2%a7","status":"publish","type":"product","link":"https:\/\/uj.adatbank.ro\/lexikon\/termek\/dragan-maxim-%c2%a7\/","title":{"rendered":"DR\u0102GAN Maxim \u00a7"},"content":{"rendered":"<p>Borgoprund, 1928. szept. 21., \u2020 Mv., 1991.: zenetan\u00e1r. \u2013 Sz\u00fcl\u0151faluj\u00e1ban kezdte iskol\u00e1it, a George Co\u015fbuc L\u00edc.-ban Nasz\u00f3don \u00e9s a Liviu Rebreanu L\u00edc.-ban Beszterc\u00e9n tanult, majd Kv.-on a Gh. Dima Zenekonzervat\u00f3riumban v\u00e9gzett (1958). Beszterc\u00e9n a Liviu Rebreanu L\u00edc. zenetan\u00e1ra (1958\u201362), a mv.-i 3 \u00e9ves Pedag\u00f3giai F\u0151iskola zene szak\u00e1ra ker\u00fclt versenyvizsg\u00e1val (1962\u201380). Az iskola felsz\u00e1mol\u00e1s\u00e1ig m\u0171k\u0151d\u00f6tt, k\u00f3rust, n\u00e9pzeneegy\u00fcttest, furulya egy\u00fcttest, t\u00e1nccsoportot vezetett, Valeria Cov\u0103taru, egyetemi lektorral egy\u00fctt. Asszisztensi vizsg\u00e1t tett. A mv.-i N\u00e9pm\u0171v\u00e9szeti Iskola tan\u00e1ra (1980\u201389) \u00e9s egy ideig igazgat\u00f3ja is volt. Azut\u00e1n nyugd\u00edjaz\u00e1s\u00e1ig a M\u0171v\u00e9szeti Lic.-ban tan\u00edtott. Kit\u00fcntet\u00e9se: Meritul Cultural \/ Kultur\u00e1lis \u00e9rdemrend II. fok. (1968). <br \/><strong>Irod.:<\/strong> Dasc\u0103li mure\u015feni, 1<\/br><\/p>\n","protected":false},"excerpt":{"rendered":"<p>Borgoprund, 1928. szept. 21., \u2020 Mv., 1991.: zenetan\u00e1r. \u2013 Sz\u00fcl\u0151faluj\u00e1ban kezdte iskol\u00e1it, a George Co\u015fbuc L\u00edc.-ban Nasz\u00f3don \u00e9s a Liviu Rebreanu L\u00edc.-ban Beszterc\u00e9n tanult, majd Kv.-on a Gh. Dima Zenekonzervat\u00f3riumban v\u00e9gzett (1958). Beszterc\u00e9n a Liviu Rebreanu L\u00edc. zenetan\u00e1ra (1958\u201362), a mv.-i 3 \u00e9ves Pedag\u00f3giai F\u0151iskola zene szak\u00e1ra ker\u00fclt versenyvizsg\u00e1val (1962\u201380). Az iskola felsz\u00e1mol\u00e1s\u00e1ig m\u0171k\u0151d\u00f6tt, k\u00f3rust, [&hellip;]<\/p>\n","protected":false},"featured_media":0,"comment_status":"open","ping_status":"closed","template":"","meta":[],"product_brand":[],"product_cat":[137],"product_tag":[],"class_list":{"0":"post-7072","1":"product","2":"type-product","3":"status-publish","5":"product_cat-maros-megyei-eletrajzi-lexikon","7":"first","8":"instock","9":"shipping-taxable","10":"product-type-simple"},"_links":{"self":[{"href":"https:\/\/uj.adatbank.ro\/lexikon\/wp-json\/wp\/v2\/product\/7072","targetHints":{"allow":["GET"]}}],"collection":[{"href":"https:\/\/uj.adatbank.ro\/lexikon\/wp-json\/wp\/v2\/product"}],"about":[{"href":"https:\/\/uj.adatbank.ro\/lexikon\/wp-json\/wp\/v2\/types\/product"}],"replies":[{"embeddable":true,"href":"https:\/\/uj.adatbank.ro\/lexikon\/wp-json\/wp\/v2\/comments?post=7072"}],"wp:attachment":[{"href":"https:\/\/uj.adatbank.ro\/lexikon\/wp-json\/wp\/v2\/media?parent=7072"}],"wp:term":[{"taxonomy":"product_brand","embeddable":true,"href":"https:\/\/uj.adatbank.ro\/lexikon\/wp-json\/wp\/v2\/product_brand?post=7072"},{"taxonomy":"product_cat","embeddable":true,"href":"https:\/\/uj.adatbank.ro\/lexikon\/wp-json\/wp\/v2\/product_cat?post=7072"},{"taxonomy":"product_tag","embeddable":true,"href":"https:\/\/uj.adatbank.ro\/lexikon\/wp-json\/wp\/v2\/product_tag?post=7072"}],"curies":[{"name":"wp","href":"https:\/\/api.w.org\/{rel}","templated":true}]}}

DRĂGAN Maxim §

<p>Borgoprund, 1928. szept. 21., † Mv., 1991.: zenetanár. – Szülőfalujában kezdte iskoláit, a George Coşbuc Líc.-ban Naszódon és a Liviu Rebreanu Líc.-ban Besztercén tanult, majd Kv.-on a Gh. Dima Zenekonzervatóriumban végzett (1958). Besztercén a Liviu Rebreanu Líc. zenetanára (1958–62), a mv.-i 3 éves Pedagógiai Főiskola zene szakára került versenyvizsgával (1962–80). Az iskola felszámolásáig műkődött, kórust, népzeneegyüttest, furulya együttest, tánccsoportot vezetett, Valeria Covătaru, egyetemi lektorral együtt. Asszisztensi vizsgát tett. A mv.-i Népművészeti Iskola tanára (1980–89) és egy ideig igazgatója is volt. Azután nyugdíjazásáig a Művészeti Lic.-ban tanított. Kitüntetése: Meritul Cultural / Kulturális érdemrend II. fok. (1968). <br /><strong>Irod.:</strong> Dascăli mureşeni, 1</br></p>

<p>Borgoprund, 1928. szept. 21., † Mv., 1991.: zenetanár. – Szülőfalujában kezdte iskoláit, a George Coşbuc Líc.-ban Naszódon és a Liviu Rebreanu Líc.-ban Besztercén tanult, majd Kv.-on a Gh. Dima Zenekonzervatóriumban végzett (1958). Besztercén a Liviu Rebreanu Líc. zenetanára (1958–62), a mv.-i 3 éves Pedagógiai Főiskola zene szakára került versenyvizsgával (1962–80). Az iskola felszámolásáig műkődött, kórust, [&hellip;]</p>
