{"id":7075,"date":"2025-06-28T18:14:07","date_gmt":"2025-06-28T16:14:07","guid":{"rendered":"https:\/\/uj.adatbank.ro\/lexikon\/termek\/dragoman-kristof\/"},"modified":"2025-06-28T18:14:07","modified_gmt":"2025-06-28T16:14:07","slug":"dragoman-kristof","status":"publish","type":"product","link":"https:\/\/uj.adatbank.ro\/lexikon\/termek\/dragoman-kristof\/","title":{"rendered":"DR\u00c1GOM\u00c1N Krist\u00f3f"},"content":{"rendered":"<p>? \u2020\u00a0Mv., 1890. febr. 4.: keresked\u0151. -. Neje Paskuj Roz\u00e1lia. Gyermekeik: Antal (1846. jan. 4\u2013), Emanuel (1848. jan. 11\u2013). \u2013 Mv.-en \u00f6rm\u00e9ny keresked\u0151 (1842 k. \u2013). <br \/><strong>Irod.:<\/strong> Gy\u00e1szjelent\u0151; P\u00e1l-Antal 2009; P\u00e1l-Antal S\u00e1ndor: \u00d6rm\u00e9nyek Mv.-en 1848 el\u0151tt=Pusk\u00e1s-Sz\u00e1sz \u00c1v\u00e9d<\/br><\/p>\n","protected":false},"excerpt":{"rendered":"<p>? \u2020\u00a0Mv., 1890. febr. 4.: keresked\u0151. -. Neje Paskuj Roz\u00e1lia. Gyermekeik: Antal (1846. jan. 4\u2013), Emanuel (1848. jan. 11\u2013). \u2013 Mv.-en \u00f6rm\u00e9ny keresked\u0151 (1842 k. \u2013). Irod.: Gy\u00e1szjelent\u0151; P\u00e1l-Antal 2009; P\u00e1l-Antal S\u00e1ndor: \u00d6rm\u00e9nyek Mv.-en 1848 el\u0151tt=Pusk\u00e1s-Sz\u00e1sz \u00c1v\u00e9d<\/p>\n","protected":false},"featured_media":0,"comment_status":"open","ping_status":"closed","template":"","meta":[],"product_brand":[],"product_cat":[137],"product_tag":[],"class_list":{"0":"post-7075","1":"product","2":"type-product","3":"status-publish","5":"product_cat-maros-megyei-eletrajzi-lexikon","7":"first","8":"instock","9":"shipping-taxable","10":"product-type-simple"},"_links":{"self":[{"href":"https:\/\/uj.adatbank.ro\/lexikon\/wp-json\/wp\/v2\/product\/7075","targetHints":{"allow":["GET"]}}],"collection":[{"href":"https:\/\/uj.adatbank.ro\/lexikon\/wp-json\/wp\/v2\/product"}],"about":[{"href":"https:\/\/uj.adatbank.ro\/lexikon\/wp-json\/wp\/v2\/types\/product"}],"replies":[{"embeddable":true,"href":"https:\/\/uj.adatbank.ro\/lexikon\/wp-json\/wp\/v2\/comments?post=7075"}],"wp:attachment":[{"href":"https:\/\/uj.adatbank.ro\/lexikon\/wp-json\/wp\/v2\/media?parent=7075"}],"wp:term":[{"taxonomy":"product_brand","embeddable":true,"href":"https:\/\/uj.adatbank.ro\/lexikon\/wp-json\/wp\/v2\/product_brand?post=7075"},{"taxonomy":"product_cat","embeddable":true,"href":"https:\/\/uj.adatbank.ro\/lexikon\/wp-json\/wp\/v2\/product_cat?post=7075"},{"taxonomy":"product_tag","embeddable":true,"href":"https:\/\/uj.adatbank.ro\/lexikon\/wp-json\/wp\/v2\/product_tag?post=7075"}],"curies":[{"name":"wp","href":"https:\/\/api.w.org\/{rel}","templated":true}]}}