{"id":7076,"date":"2025-06-28T18:14:09","date_gmt":"2025-06-28T16:14:09","guid":{"rendered":"https:\/\/uj.adatbank.ro\/lexikon\/termek\/dragoman-pal\/"},"modified":"2025-06-28T18:14:09","modified_gmt":"2025-06-28T16:14:09","slug":"dragoman-pal","status":"publish","type":"product","link":"https:\/\/uj.adatbank.ro\/lexikon\/termek\/dragoman-pal\/","title":{"rendered":"DRAGOM\u00c1N P\u00e1l"},"content":{"rendered":"<p>Mv., 1943. febr. 2., \u2020 Szombathely, 2005. febr. 2.: fogorvos. \u2013 Apja D. P\u00e1 lm\u00fazeumigazgat\u00f3. Feles\u00e9ge: Tiszai Katalin tan\u00e1rn\u0151. Fiaik: Gy\u00f6rgy \u00edr\u00f3; Andr\u00e1s (1979). \u2013 A k\u00f6z\u00e9piskol\u00e1t Mv-en a Bolyai Farkas \u00e9s az Unirea L\u00edc.-ban v\u00e9gezte (1961), az egyetemet az OGYI Fogorvosi Kar\u00e1n (1967). Tusn\u00e1df\u00fcrd\u0151n volt fogorvos (1967\u201371). A MOGYI Fogorvosi Kar\u00e1n a Fogp\u00f3tll\u00e1stani Tansz\u00e9ken \u00e9s Klinik\u00e1n gyakornok, tan\u00e1rseg\u00e9d (1972\u2013), majd adjunktusi kinevez\u00e9st kapott. Guzner Mikl\u00f3s prof. hal\u00e1la ut\u00e1n a r\u00f6gz\u00edtett fogp\u00f3tl\u00e1sok el\u0151ad\u00f3ja lett (1973\u201380), majd az eg\u00e9sz fogp\u00f3tl\u00e1stan m. nyelv\u0171 megb\u00edzott el\u0151ad\u00f3 tan\u00e1ra, m\u00edg Magyaro.-ra t\u00e1vozott (1980\u201386). K\u00f6zben sikeresen felv\u00e9telizett (1975) Buk.-ben doktori k\u00e9pz\u00e9sre, de a vezet\u0151 prof. k\u00fclf\u00f6ldre t\u00e1voz\u00e1sa miatt nem folytathatta. K\u00e9t \u00e9vi munkan\u00e9lk\u00fclis\u00e9g volt annak a k\u00f6vetkezm\u00e9nye, Bejelentette elt\u00e1voz\u00e1s\u00e1t az orsz\u00e1gb\u00f3l, ez\u00e9rt k\u00e9t \u00e9vig munkan\u00e9lk\u00fcli volt, v\u00e9g\u00fcl Szombathelyre telepedett (1988\u2013). Elbesz\u00e9l\u00e9sei, \u00edr\u00e1sai: Utunk, Igaz Sz\u00f3, V. Z.-ban jelentek meg. (pl. \u00c9rkezni: karcolat; V. Z., 1968. febr. 3.). <br \/><strong>Irod.:<\/strong> MMK; Ajt\u00f3k; P\u00e9ter Mih\u00e1ly 2006<\/br><\/p>\n","protected":false},"excerpt":{"rendered":"<p>Mv., 1943. febr. 2., \u2020 Szombathely, 2005. febr. 2.: fogorvos. \u2013 Apja D. P\u00e1 lm\u00fazeumigazgat\u00f3. Feles\u00e9ge: Tiszai Katalin tan\u00e1rn\u0151. Fiaik: Gy\u00f6rgy \u00edr\u00f3; Andr\u00e1s (1979). \u2013 A k\u00f6z\u00e9piskol\u00e1t Mv-en a Bolyai Farkas \u00e9s az Unirea L\u00edc.-ban v\u00e9gezte (1961), az egyetemet az OGYI Fogorvosi Kar\u00e1n (1967). Tusn\u00e1df\u00fcrd\u0151n volt fogorvos (1967\u201371). A MOGYI Fogorvosi Kar\u00e1n a Fogp\u00f3tll\u00e1stani Tansz\u00e9ken [&hellip;]<\/p>\n","protected":false},"featured_media":0,"comment_status":"open","ping_status":"closed","template":"","meta":[],"product_brand":[],"product_cat":[137],"product_tag":[],"class_list":{"0":"post-7076","1":"product","2":"type-product","3":"status-publish","5":"product_cat-maros-megyei-eletrajzi-lexikon","7":"first","8":"instock","9":"shipping-taxable","10":"product-type-simple"},"_links":{"self":[{"href":"https:\/\/uj.adatbank.ro\/lexikon\/wp-json\/wp\/v2\/product\/7076","targetHints":{"allow":["GET"]}}],"collection":[{"href":"https:\/\/uj.adatbank.ro\/lexikon\/wp-json\/wp\/v2\/product"}],"about":[{"href":"https:\/\/uj.adatbank.ro\/lexikon\/wp-json\/wp\/v2\/types\/product"}],"replies":[{"embeddable":true,"href":"https:\/\/uj.adatbank.ro\/lexikon\/wp-json\/wp\/v2\/comments?post=7076"}],"wp:attachment":[{"href":"https:\/\/uj.adatbank.ro\/lexikon\/wp-json\/wp\/v2\/media?parent=7076"}],"wp:term":[{"taxonomy":"product_brand","embeddable":true,"href":"https:\/\/uj.adatbank.ro\/lexikon\/wp-json\/wp\/v2\/product_brand?post=7076"},{"taxonomy":"product_cat","embeddable":true,"href":"https:\/\/uj.adatbank.ro\/lexikon\/wp-json\/wp\/v2\/product_cat?post=7076"},{"taxonomy":"product_tag","embeddable":true,"href":"https:\/\/uj.adatbank.ro\/lexikon\/wp-json\/wp\/v2\/product_tag?post=7076"}],"curies":[{"name":"wp","href":"https:\/\/api.w.org\/{rel}","templated":true}]}}

DRAGOMÁN Pál

<p>Mv., 1943. febr. 2., † Szombathely, 2005. febr. 2.: fogorvos. – Apja D. Pá lmúzeumigazgató. Felesége: Tiszai Katalin tanárnő. Fiaik: György író; András (1979). – A középiskolát Mv-en a Bolyai Farkas és az Unirea Líc.-ban végezte (1961), az egyetemet az OGYI Fogorvosi Karán (1967). Tusnádfürdőn volt fogorvos (1967–71). A MOGYI Fogorvosi Karán a Fogpótllástani Tanszéken és Klinikán gyakornok, tanársegéd (1972–), majd adjunktusi kinevezést kapott. Guzner Miklós prof. halála után a rögzített fogpótlások előadója lett (1973–80), majd az egész fogpótlástan m. nyelvű megbízott előadó tanára, míg Magyaro.-ra távozott (1980–86). Közben sikeresen felvételizett (1975) Buk.-ben doktori képzésre, de a vezető prof. külföldre távozása miatt nem folytathatta. Két évi munkanélküliség volt annak a következménye, Bejelentette eltávozását az országból, ezért két évig munkanélküli volt, végül Szombathelyre telepedett (1988–). Elbeszélései, írásai: Utunk, Igaz Szó, V. Z.-ban jelentek meg. (pl. Érkezni: karcolat; V. Z., 1968. febr. 3.). <br /><strong>Irod.:</strong> MMK; Ajtók; Péter Mihály 2006</br></p>

<p>Mv., 1943. febr. 2., † Szombathely, 2005. febr. 2.: fogorvos. – Apja D. Pá lmúzeumigazgató. Felesége: Tiszai Katalin tanárnő. Fiaik: György író; András (1979). – A középiskolát Mv-en a Bolyai Farkas és az Unirea Líc.-ban végezte (1961), az egyetemet az OGYI Fogorvosi Karán (1967). Tusnádfürdőn volt fogorvos (1967–71). A MOGYI Fogorvosi Karán a Fogpótllástani Tanszéken [&hellip;]</p>
