{"id":7077,"date":"2025-06-28T18:14:11","date_gmt":"2025-06-28T16:14:11","guid":{"rendered":"https:\/\/uj.adatbank.ro\/lexikon\/termek\/dragoman-pal-%c2%a7\/"},"modified":"2025-06-28T18:14:11","modified_gmt":"2025-06-28T16:14:11","slug":"dragoman-pal-%c2%a7","status":"publish","type":"product","link":"https:\/\/uj.adatbank.ro\/lexikon\/termek\/dragoman-pal-%c2%a7\/","title":{"rendered":"DRAGOM\u00c1N P\u00e1l, \u00a7"},"content":{"rendered":"<p>Sz\u00e9kelyudvarhely, 1914. febr. 14., \u2020 Szombathely, 1993. m\u00e1rc. 2.: f\u00f6ldrajztan\u00e1r, m\u00fazeumigazgat\u00f3, f\u00f6ldrajzi szak\u00edr\u00f3. \u2013 D. Domokos, keresked\u0151, Av\u00e9d Erzs\u00e9bet fia. \u2013 Elemi \u00e9s k\u00f6z\u00e9piskol\u00e1it Sz\u00e9kelyudvarhelyen az Irgalmas N\u00f6v\u00e9rekn\u00e9l \u00e9s a R. k. f\u0151gimn.-ban v\u00e9gezte (1921\u201331) \u00e9retts\u00e9gizett; a kv-i FJTEen f\u00f6ldrajz-t\u00f6rt. szakot v\u00e9gzett (1939). Kv.-on f\u00f6ldrajzb\u00f3l doktor\u00e1lt (1946). Mv.-en tan\u00edtott az \u00c1llami Polg\u00e1ri Fi\u00faiskol\u00e1ban, a R. K. F\u0151gim.-ban (1944\u201348), az Al. Papiu Ilarian L\u00edc. \u00e9s a Bolyai Farkas L\u00edc.-ban (1939\u201362). A mv.-i Tartom\u00e1nyi ill. Megyei M\u00fazeum (1968\u2013) igazgat\u00f3ja nyugd\u00edjba vonul\u00e1s\u00e1ig (1949\u201374). Vezet\u00e9se alatt megny\u00edlt az \u00e1lland\u00f3 t\u00f6rt\u00e9nelmi ki\u00e1ll\u00edt\u00e1s a megye t\u00f6rt\u00e9nelm\u00e9r\u0151l a Kult\u00farpalot\u00e1ban (1949), ill. a volt Sz\u00e9kelyf\u00f6ldi Iparm\u00fazeum fel\u00faj\u00edtott \u00e9p\u00fclet\u00e9ben (1958). Nev\u00e9hez f\u0171z\u0151dik a mv-i mamutlelet felfedez\u00e9se (1955). Megalakult a m\u0171eml\u00e9kv\u00e9delmi bizotts\u00e1g \u00e9s ennek tagja (1955. febr. \u2013). T\u00f6bb mint 80 ki\u00e1ll\u00edt\u00e1st szervezett. Szakdolgozatai a m\u00fazeum szervez\u00e9s k\u00f6r\u00e9b\u0151l rom\u00e1n nyelv\u0171 m\u00fazeumi \u00e9vk\u00f6nyvekben \u00e9s \u00e9rtes\u00edt\u0151kben kapnak helyet. A Sepsiszentgy\u00f6rgyi Tartom\u00e1nyi M\u00fazeum \u00c9vk\u00f6nyve, 1879\u20131954 has\u00e1bjain k\u00f6z\u00f6lt tanulm\u00e1nya, k\u00fcl\u00f6n lenyomatk\u00e9nt is megjelent. \u2013 F. m. : A mv.-i mamutlelet (Mv., 1955); <strong>t\u00e1rssz.:<\/strong> Din C\u00eempia Transilvaniei \u00een Carpa\u0163ii Orientali (Buk., 1968). <br \/><strong>Irod.:<\/strong> Auton\u00f3m magyarok; Bo\u00e9r Hunor: A Magyar Auton\u00f3m Tartom\u00e1ny M\u00fazeumainak Kollekt\u00edv Tan\u00e1csa (1956\u20131957) = Maros megyei m. 3.; Gy\u00e1rf\u00e1s 2013; Id\u0151t\u00e1r 4.; KKACs; Koch M\u00e1ria: L\u00e1togat\u00f3 \u00e9s m\u00fazeum (V. Z., 1966. aug. 6.); Kusz\u00e1lik; MMA; [Nekrol\u00f3g] (N\u00fa., 1993. m\u00e1rc. 5.); N\u00fa (2005. febr. 19); P\u00e1l-Antal \u2013 Simon; R. k. okt. \u2013 1; R. k. okt. \u20132; RMIL; Sk\u00f3la; V. A.: K\u00f6sz\u00f6nt\u0151 szavak (\u00daj \u00c9let, 5. sz., 1974)<\/br><\/p>\n","protected":false},"excerpt":{"rendered":"<p>Sz\u00e9kelyudvarhely, 1914. febr. 14., \u2020 Szombathely, 1993. m\u00e1rc. 2.: f\u00f6ldrajztan\u00e1r, m\u00fazeumigazgat\u00f3, f\u00f6ldrajzi szak\u00edr\u00f3. \u2013 D. Domokos, keresked\u0151, Av\u00e9d Erzs\u00e9bet fia. \u2013 Elemi \u00e9s k\u00f6z\u00e9piskol\u00e1it Sz\u00e9kelyudvarhelyen az Irgalmas N\u00f6v\u00e9rekn\u00e9l \u00e9s a R. k. f\u0151gimn.-ban v\u00e9gezte (1921\u201331) \u00e9retts\u00e9gizett; a kv-i FJTEen f\u00f6ldrajz-t\u00f6rt. szakot v\u00e9gzett (1939). Kv.-on f\u00f6ldrajzb\u00f3l doktor\u00e1lt (1946). Mv.-en tan\u00edtott az \u00c1llami Polg\u00e1ri Fi\u00faiskol\u00e1ban, a R. [&hellip;]<\/p>\n","protected":false},"featured_media":0,"comment_status":"open","ping_status":"closed","template":"","meta":[],"product_brand":[],"product_cat":[137],"product_tag":[],"class_list":{"0":"post-7077","1":"product","2":"type-product","3":"status-publish","5":"product_cat-maros-megyei-eletrajzi-lexikon","7":"first","8":"instock","9":"shipping-taxable","10":"product-type-simple"},"_links":{"self":[{"href":"https:\/\/uj.adatbank.ro\/lexikon\/wp-json\/wp\/v2\/product\/7077","targetHints":{"allow":["GET"]}}],"collection":[{"href":"https:\/\/uj.adatbank.ro\/lexikon\/wp-json\/wp\/v2\/product"}],"about":[{"href":"https:\/\/uj.adatbank.ro\/lexikon\/wp-json\/wp\/v2\/types\/product"}],"replies":[{"embeddable":true,"href":"https:\/\/uj.adatbank.ro\/lexikon\/wp-json\/wp\/v2\/comments?post=7077"}],"wp:attachment":[{"href":"https:\/\/uj.adatbank.ro\/lexikon\/wp-json\/wp\/v2\/media?parent=7077"}],"wp:term":[{"taxonomy":"product_brand","embeddable":true,"href":"https:\/\/uj.adatbank.ro\/lexikon\/wp-json\/wp\/v2\/product_brand?post=7077"},{"taxonomy":"product_cat","embeddable":true,"href":"https:\/\/uj.adatbank.ro\/lexikon\/wp-json\/wp\/v2\/product_cat?post=7077"},{"taxonomy":"product_tag","embeddable":true,"href":"https:\/\/uj.adatbank.ro\/lexikon\/wp-json\/wp\/v2\/product_tag?post=7077"}],"curies":[{"name":"wp","href":"https:\/\/api.w.org\/{rel}","templated":true}]}}

DRAGOMÁN Pál, §

<p>Székelyudvarhely, 1914. febr. 14., † Szombathely, 1993. márc. 2.: földrajztanár, múzeumigazgató, földrajzi szakíró. – D. Domokos, kereskedő, Avéd Erzsébet fia. – Elemi és középiskoláit Székelyudvarhelyen az Irgalmas Növéreknél és a R. k. főgimn.-ban végezte (1921–31) érettségizett; a kv-i FJTEen földrajz-tört. szakot végzett (1939). Kv.-on földrajzból doktorált (1946). Mv.-en tanított az Állami Polgári Fiúiskolában, a R. K. Főgim.-ban (1944–48), az Al. Papiu Ilarian Líc. és a Bolyai Farkas Líc.-ban (1939–62). A mv.-i Tartományi ill. Megyei Múzeum (1968–) igazgatója nyugdíjba vonulásáig (1949–74). Vezetése alatt megnyílt az állandó történelmi kiállítás a megye történelméről a Kultúrpalotában (1949), ill. a volt Székelyföldi Iparmúzeum felújított épületében (1958). Nevéhez fűződik a mv-i mamutlelet felfedezése (1955). Megalakult a műemlékvédelmi bizottság és ennek tagja (1955. febr. –). Több mint 80 kiállítást szervezett. Szakdolgozatai a múzeum szervezés köréből román nyelvű múzeumi évkönyvekben és értesítőkben kapnak helyet. A Sepsiszentgyörgyi Tartományi Múzeum Évkönyve, 1879–1954 hasábjain közölt tanulmánya, külön lenyomatként is megjelent. – F. m. : A mv.-i mamutlelet (Mv., 1955); <strong>társsz.:</strong> Din Cîmpia Transilvaniei în Carpaţii Orientali (Buk., 1968). <br /><strong>Irod.:</strong> Autonóm magyarok; Boér Hunor: A Magyar Autonóm Tartomány Múzeumainak Kollektív Tanácsa (1956–1957) = Maros megyei m. 3.; Gyárfás 2013; Időtár 4.; KKACs; Koch Mária: Látogató és múzeum (V. Z., 1966. aug. 6.); Kuszálik; MMA; [Nekrológ] (Nú., 1993. márc. 5.); Nú (2005. febr. 19); Pál-Antal – Simon; R. k. okt. – 1; R. k. okt. –2; RMIL; Skóla; V. A.: Köszöntő szavak (Új Élet, 5. sz., 1974)</br></p>

<p>Székelyudvarhely, 1914. febr. 14., † Szombathely, 1993. márc. 2.: földrajztanár, múzeumigazgató, földrajzi szakíró. – D. Domokos, kereskedő, Avéd Erzsébet fia. – Elemi és középiskoláit Székelyudvarhelyen az Irgalmas Növéreknél és a R. k. főgimn.-ban végezte (1921–31) érettségizett; a kv-i FJTEen földrajz-tört. szakot végzett (1939). Kv.-on földrajzból doktorált (1946). Mv.-en tanított az Állami Polgári Fiúiskolában, a R. [&hellip;]</p>
