{"id":7079,"date":"2025-06-28T18:14:13","date_gmt":"2025-06-28T16:14:13","guid":{"rendered":"https:\/\/uj.adatbank.ro\/lexikon\/termek\/dragos-octavian\/"},"modified":"2025-06-28T18:14:13","modified_gmt":"2025-06-28T16:14:13","slug":"dragos-octavian","status":"publish","type":"product","link":"https:\/\/uj.adatbank.ro\/lexikon\/termek\/dragos-octavian\/","title":{"rendered":"DRAGO\u015e Octavian"},"content":{"rendered":"<p>? \u2020\u00a0? : tan\u00e1r. \u2013 Pedag\u00f3giatan\u00e1r a mv.-i Ped. Isk.-ban (1939\u201349), aki a tanul\u00f3k pedag\u00f3giai gyakorlat\u00e1t, a taner\u0151k pedag\u00f3giai k\u00f6r\u00e9t \u00e9s a tanul\u00f3k ped.-i gyakorlat\u00e1t el\u0151k\u00e9sz\u00edt\u0151 taner\u0151k ped.-i k\u00f6r\u00e9t vezette. Az isk. Sz\u00e1szr\u00e9genbe val\u00f3 k\u00f6lt\u00f6z\u00e9sekor azon n\u00e9gy taner\u0151 k\u00f6z\u00e9 tartozott, akik \u00e1tk\u00f6lt\u00f6ztek Mv.-r\u0151l R\u00e9genbe (1948). <br \/><strong>Irod.:<\/strong> Chertes-Cioat\u0103<\/br><\/p>\n","protected":false},"excerpt":{"rendered":"<p>? \u2020\u00a0? : tan\u00e1r. \u2013 Pedag\u00f3giatan\u00e1r a mv.-i Ped. Isk.-ban (1939\u201349), aki a tanul\u00f3k pedag\u00f3giai gyakorlat\u00e1t, a taner\u0151k pedag\u00f3giai k\u00f6r\u00e9t \u00e9s a tanul\u00f3k ped.-i gyakorlat\u00e1t el\u0151k\u00e9sz\u00edt\u0151 taner\u0151k ped.-i k\u00f6r\u00e9t vezette. Az isk. Sz\u00e1szr\u00e9genbe val\u00f3 k\u00f6lt\u00f6z\u00e9sekor azon n\u00e9gy taner\u0151 k\u00f6z\u00e9 tartozott, akik \u00e1tk\u00f6lt\u00f6ztek Mv.-r\u0151l R\u00e9genbe (1948). Irod.: Chertes-Cioat\u0103<\/p>\n","protected":false},"featured_media":0,"comment_status":"open","ping_status":"closed","template":"","meta":[],"product_brand":[],"product_cat":[137],"product_tag":[],"class_list":{"0":"post-7079","1":"product","2":"type-product","3":"status-publish","5":"product_cat-maros-megyei-eletrajzi-lexikon","7":"first","8":"instock","9":"shipping-taxable","10":"product-type-simple"},"_links":{"self":[{"href":"https:\/\/uj.adatbank.ro\/lexikon\/wp-json\/wp\/v2\/product\/7079","targetHints":{"allow":["GET"]}}],"collection":[{"href":"https:\/\/uj.adatbank.ro\/lexikon\/wp-json\/wp\/v2\/product"}],"about":[{"href":"https:\/\/uj.adatbank.ro\/lexikon\/wp-json\/wp\/v2\/types\/product"}],"replies":[{"embeddable":true,"href":"https:\/\/uj.adatbank.ro\/lexikon\/wp-json\/wp\/v2\/comments?post=7079"}],"wp:attachment":[{"href":"https:\/\/uj.adatbank.ro\/lexikon\/wp-json\/wp\/v2\/media?parent=7079"}],"wp:term":[{"taxonomy":"product_brand","embeddable":true,"href":"https:\/\/uj.adatbank.ro\/lexikon\/wp-json\/wp\/v2\/product_brand?post=7079"},{"taxonomy":"product_cat","embeddable":true,"href":"https:\/\/uj.adatbank.ro\/lexikon\/wp-json\/wp\/v2\/product_cat?post=7079"},{"taxonomy":"product_tag","embeddable":true,"href":"https:\/\/uj.adatbank.ro\/lexikon\/wp-json\/wp\/v2\/product_tag?post=7079"}],"curies":[{"name":"wp","href":"https:\/\/api.w.org\/{rel}","templated":true}]}}