{"id":7080,"date":"2025-06-28T18:14:15","date_gmt":"2025-06-28T16:14:15","guid":{"rendered":"https:\/\/uj.adatbank.ro\/lexikon\/termek\/dragos-traian-%c2%a7\/"},"modified":"2025-06-28T18:14:15","modified_gmt":"2025-06-28T16:14:15","slug":"dragos-traian-%c2%a7","status":"publish","type":"product","link":"https:\/\/uj.adatbank.ro\/lexikon\/termek\/dragos-traian-%c2%a7\/","title":{"rendered":"DRAGO\u015e Traian \u00a7"},"content":{"rendered":"<p>Kiscserged, 1924. febr. 24., \u2020 Mv., 1963. m\u00e1rc. 15.: tan\u00edt\u00f3, jog\u00e1sz, k\u00f6lt\u0151, publicista, tanfel\u00fcgyel\u0151. \u2013 Elemi iskol\u00e1t Csergeden, tan\u00edt\u00f3k\u00e9pz\u0151t Bal\u00e1zsfalv\u00e1n v\u00e9gzett (1935\u201343). Aradon katonai szolg\u00e1latot teljes\u00edtett (1943\u201345), amelynek keret\u00e9ben tiszti iskol\u00e1t v\u00e9gzett, majd k\u00e9t h\u00f3napig volt a fronton. A h\u00e1bor\u00fa ut\u00e1n, Mv.-en telepedett le (1945\u2013), szerkeszt\u0151je lett az Infr\u0103\u0163irea k\u00e9s\u0151bb Adev\u0103rul c. napilapnak. Egy ideig tanfel\u00fcgyel\u0151 is volt. Sz\u00e9kelys\u00e1rdon az \u00c1ltal\u00e1nos Iskola igazgat\u00f3ja, majd tan\u00e1r Moson \u00e9s V\u00e9cke falvakban (1949\u201355). Mv.-en \u00fczemi tisztvisel\u0151 lett (1955\u2013), k\u00f6zben mag\u00e1n\u00faton elv\u00e9gezte a jogot Kv.-on, ahol diplomavizsg\u00e1zott (1962). \u00dajraalap\u00edtotta a Liviu Rebreanu Irodalmi K\u00f6rt (1957), amelyet korai hal\u00e1l\u00e1ig vezetett. Munkat\u00e1rsa volt az: Ardealul, Tribuna, \u0162ara, Unirea poporului, Drapelul, Infr\u0103\u0163irea, Ardealul nou (Mv.), Steaua, Via\u0163a Rom\u00e2nesc\u0103, 1945 ut\u00e1n a Tribuna c. lapoknak. T\u00f6rt\u00e9nelmi t\u00e1rgy\u00fa elbesz\u00e9l\u0151 k\u00f6ltem\u00e9nyeiben eml\u00e9ket \u00e1ll\u00edtott Avram Iancu, Varga Katalin \u00e9s m\u00e1s h\u0151s\u00f6knek. \u00c9rzelmi k\u00f6lt\u00e9szete \u201e\u00e9n-k\u00f6lt\u00e9szet\u201d, amelyben az \u00e9let nagy k\u00e9rd\u00e9seire \u00e9s probl\u00e9m\u00e1ira keresi a v\u00e1laszt. Ismeretlen betegs\u00e9g k\u00f6vetkezt\u00e9ben hirtelen elh\u00fanyt. \u2013 <strong>F. m.:<\/strong> La cap\u0103tul apelor: (versek; Tg. M., 2000); C\u00e2ntecele lui Iancu (Tg. M., 2001); <strong>antol\u00f3g.:<\/strong> Togan, Gheorghe: Ne cheam\u0103 ardealul (Buc., 1944); Calendarul de la Blaj (Blaj, 1944); 13 poeme de dragoste (Tg., 1946); Pagini mure\u015fene (Tg. M., 1963, 1964). <br \/><strong>Irod.:<\/strong> T. D., \u201eLa marginea apelor\u201d (C. L., 2000. febr. 18, 22, 26); Cosma; Pagini mure\u015fene (Tg. M., 1964)<\/br><\/p>\n","protected":false},"excerpt":{"rendered":"<p>Kiscserged, 1924. febr. 24., \u2020 Mv., 1963. m\u00e1rc. 15.: tan\u00edt\u00f3, jog\u00e1sz, k\u00f6lt\u0151, publicista, tanfel\u00fcgyel\u0151. \u2013 Elemi iskol\u00e1t Csergeden, tan\u00edt\u00f3k\u00e9pz\u0151t Bal\u00e1zsfalv\u00e1n v\u00e9gzett (1935\u201343). Aradon katonai szolg\u00e1latot teljes\u00edtett (1943\u201345), amelynek keret\u00e9ben tiszti iskol\u00e1t v\u00e9gzett, majd k\u00e9t h\u00f3napig volt a fronton. A h\u00e1bor\u00fa ut\u00e1n, Mv.-en telepedett le (1945\u2013), szerkeszt\u0151je lett az Infr\u0103\u0163irea k\u00e9s\u0151bb Adev\u0103rul c. napilapnak. Egy ideig [&hellip;]<\/p>\n","protected":false},"featured_media":0,"comment_status":"open","ping_status":"closed","template":"","meta":[],"product_brand":[],"product_cat":[137],"product_tag":[],"class_list":{"0":"post-7080","1":"product","2":"type-product","3":"status-publish","5":"product_cat-maros-megyei-eletrajzi-lexikon","7":"first","8":"instock","9":"shipping-taxable","10":"product-type-simple"},"_links":{"self":[{"href":"https:\/\/uj.adatbank.ro\/lexikon\/wp-json\/wp\/v2\/product\/7080","targetHints":{"allow":["GET"]}}],"collection":[{"href":"https:\/\/uj.adatbank.ro\/lexikon\/wp-json\/wp\/v2\/product"}],"about":[{"href":"https:\/\/uj.adatbank.ro\/lexikon\/wp-json\/wp\/v2\/types\/product"}],"replies":[{"embeddable":true,"href":"https:\/\/uj.adatbank.ro\/lexikon\/wp-json\/wp\/v2\/comments?post=7080"}],"wp:attachment":[{"href":"https:\/\/uj.adatbank.ro\/lexikon\/wp-json\/wp\/v2\/media?parent=7080"}],"wp:term":[{"taxonomy":"product_brand","embeddable":true,"href":"https:\/\/uj.adatbank.ro\/lexikon\/wp-json\/wp\/v2\/product_brand?post=7080"},{"taxonomy":"product_cat","embeddable":true,"href":"https:\/\/uj.adatbank.ro\/lexikon\/wp-json\/wp\/v2\/product_cat?post=7080"},{"taxonomy":"product_tag","embeddable":true,"href":"https:\/\/uj.adatbank.ro\/lexikon\/wp-json\/wp\/v2\/product_tag?post=7080"}],"curies":[{"name":"wp","href":"https:\/\/api.w.org\/{rel}","templated":true}]}}

DRAGOŞ Traian §

<p>Kiscserged, 1924. febr. 24., † Mv., 1963. márc. 15.: tanító, jogász, költő, publicista, tanfelügyelő. – Elemi iskolát Csergeden, tanítóképzőt Balázsfalván végzett (1935–43). Aradon katonai szolgálatot teljesített (1943–45), amelynek keretében tiszti iskolát végzett, majd két hónapig volt a fronton. A háború után, Mv.-en telepedett le (1945–), szerkesztője lett az Infrăţirea később Adevărul c. napilapnak. Egy ideig tanfelügyelő is volt. Székelysárdon az Általános Iskola igazgatója, majd tanár Moson és Vécke falvakban (1949–55). Mv.-en üzemi tisztviselő lett (1955–), közben magánúton elvégezte a jogot Kv.-on, ahol diplomavizsgázott (1962). Újraalapította a Liviu Rebreanu Irodalmi Kört (1957), amelyet korai haláláig vezetett. Munkatársa volt az: Ardealul, Tribuna, Ţara, Unirea poporului, Drapelul, Infrăţirea, Ardealul nou (Mv.), Steaua, Viaţa Românescă, 1945 után a Tribuna c. lapoknak. Történelmi tárgyú elbeszélő költeményeiben emléket állított Avram Iancu, Varga Katalin és más hősöknek. Érzelmi költészete „én-költészet”, amelyben az élet nagy kérdéseire és problémáira keresi a választ. Ismeretlen betegség következtében hirtelen elhúnyt. – <strong>F. m.:</strong> La capătul apelor: (versek; Tg. M., 2000); Cântecele lui Iancu (Tg. M., 2001); <strong>antológ.:</strong> Togan, Gheorghe: Ne cheamă ardealul (Buc., 1944); Calendarul de la Blaj (Blaj, 1944); 13 poeme de dragoste (Tg., 1946); Pagini mureşene (Tg. M., 1963, 1964). <br /><strong>Irod.:</strong> T. D., „La marginea apelor” (C. L., 2000. febr. 18, 22, 26); Cosma; Pagini mureşene (Tg. M., 1964)</br></p>

<p>Kiscserged, 1924. febr. 24., † Mv., 1963. márc. 15.: tanító, jogász, költő, publicista, tanfelügyelő. – Elemi iskolát Csergeden, tanítóképzőt Balázsfalván végzett (1935–43). Aradon katonai szolgálatot teljesített (1943–45), amelynek keretében tiszti iskolát végzett, majd két hónapig volt a fronton. A háború után, Mv.-en telepedett le (1945–), szerkesztője lett az Infrăţirea később Adevărul c. napilapnak. Egy ideig [&hellip;]</p>
