{"id":7081,"date":"2025-06-28T18:14:16","date_gmt":"2025-06-28T16:14:16","guid":{"rendered":"https:\/\/uj.adatbank.ro\/lexikon\/termek\/dragos-vasile\/"},"modified":"2025-06-28T18:14:16","modified_gmt":"2025-06-28T16:14:16","slug":"dragos-vasile","status":"publish","type":"product","link":"https:\/\/uj.adatbank.ro\/lexikon\/termek\/dragos-vasile\/","title":{"rendered":"DRAGO\u015e Vasile"},"content":{"rendered":"<p>Nagycserged, 1931. jan. 12., \u2020\u00a0Mv., 2009. nov. 15: tan\u00e1r. &#8211; Tanulm\u00e1nyait Bal\u00e1zsfalv\u00e1n kezdte, Mv.-en a Papiu Ilarian Lic.-ban folytatta (1846\u201352), Kv.-on a BBTE t\u00f6rt\u00e9nelem szak\u00e1n szerzett tan\u00e1ri oklevelet (1958). Id\u0151k\u00f6zben elt\u00e1vol\u00edtott\u00e1k az egyetemr\u0151l (1952), mert sz\u00fclei kul\u00e1klist\u00e1ra ker\u00fcltek. Ez id\u0151 alatt dolgozott a kv.-i Unirea-n\u00e1l, mint eszterg\u00e1lyos (1952\u201354), a brass\u00f3i V\u00f6r\u00f6s Z\u00e1szl\u00f3 \u00dczemben. K\u00f6nyvel\u0151 a Dics\u0151szentm\u00e1rtoni G\u00e9p\u00e1llom\u00e1son. Visszavett\u00e9k az egyetemre (1956), t\u00f6rt\u00e9nelem szakon v\u00e9gzett. Tan\u00e1r Als\u00f3idecsen (1958\u201362); a sz\u00e1szr\u00e9geni Petru Maior L\u00edc.-ban (1962\u201373). A Marosmegyei Kult\u00far\u00e1lis Bizotts\u00e1gban a m\u00fazeumok fel\u00fcgyel\u0151je (1973\u201380). T\u00f6rt\u00e9nelemtan\u00e1r a mv.-i 5. sz. Ipari Lic.-ban (1980\u201385); tan\u00e1r a Papiu Ilarian Lic.-ban (1985\u201394), k\u00f6zben az iskola aligazgat\u00f3ja (1990\u201394). Nyugd\u00edjaz\u00e1sa ut\u00e1n tov\u00e1bb tan\u00edtott az Unirea l\u00edc.-ban, a Tan\u00edt\u00f3k\u00e9pz\u0151ben valamint a Mez\u0151gazdas\u00e1gi Iskol\u00e1ban. (\u20132000). \u00c1lland\u00f3 munkat\u00e1rsa volt a sz\u00e1szr\u00e9geni v\u00e1rosi k\u00f6nyvt\u00e1rnak, valamint a mv.-i Megyei K\u00f6nyvt\u00e1rnak, ahonnan Pro Libro senator d\u00edszoklevelet kapott (2001). A tan\u00fcgyminiszt\u00e9rium \u00c9rdem diplom\u00e1val t\u00fcntette ki (1998). K\u00f6z\u00f6lt cikkeket k\u00f6z\u00e9leti szem\u00e9lyis\u00e9gekr\u0151l, t\u00f6rt\u00e9nelmi esem\u00e9nyekr\u0151l a Vatra, CL., Tezaur c. kiadv\u00e1nyokban. \u2013 F. m: <strong>t\u00e1rssz.:<\/strong> Liceul Al Papiu Ilarian la 75 de ani (TgM, 1994); Dasc\u0103l pe plaiuri reghinene = Reghinul cultural vol 7 (Reghin, 2004); Biblioteci reghinene: File de istorie (Reghin, 2005); szerk: C\u00e2ntecele lui Iancu (TgM., 1994). <br \/><strong>Irod.:<\/strong> Todea 2013<\/br><\/p>\n","protected":false},"excerpt":{"rendered":"<p>Nagycserged, 1931. jan. 12., \u2020\u00a0Mv., 2009. nov. 15: tan\u00e1r. &#8211; Tanulm\u00e1nyait Bal\u00e1zsfalv\u00e1n kezdte, Mv.-en a Papiu Ilarian Lic.-ban folytatta (1846\u201352), Kv.-on a BBTE t\u00f6rt\u00e9nelem szak\u00e1n szerzett tan\u00e1ri oklevelet (1958). Id\u0151k\u00f6zben elt\u00e1vol\u00edtott\u00e1k az egyetemr\u0151l (1952), mert sz\u00fclei kul\u00e1klist\u00e1ra ker\u00fcltek. Ez id\u0151 alatt dolgozott a kv.-i Unirea-n\u00e1l, mint eszterg\u00e1lyos (1952\u201354), a brass\u00f3i V\u00f6r\u00f6s Z\u00e1szl\u00f3 \u00dczemben. K\u00f6nyvel\u0151 a [&hellip;]<\/p>\n","protected":false},"featured_media":0,"comment_status":"open","ping_status":"closed","template":"","meta":[],"product_brand":[],"product_cat":[137],"product_tag":[],"class_list":{"0":"post-7081","1":"product","2":"type-product","3":"status-publish","5":"product_cat-maros-megyei-eletrajzi-lexikon","7":"first","8":"instock","9":"shipping-taxable","10":"product-type-simple"},"_links":{"self":[{"href":"https:\/\/uj.adatbank.ro\/lexikon\/wp-json\/wp\/v2\/product\/7081","targetHints":{"allow":["GET"]}}],"collection":[{"href":"https:\/\/uj.adatbank.ro\/lexikon\/wp-json\/wp\/v2\/product"}],"about":[{"href":"https:\/\/uj.adatbank.ro\/lexikon\/wp-json\/wp\/v2\/types\/product"}],"replies":[{"embeddable":true,"href":"https:\/\/uj.adatbank.ro\/lexikon\/wp-json\/wp\/v2\/comments?post=7081"}],"wp:attachment":[{"href":"https:\/\/uj.adatbank.ro\/lexikon\/wp-json\/wp\/v2\/media?parent=7081"}],"wp:term":[{"taxonomy":"product_brand","embeddable":true,"href":"https:\/\/uj.adatbank.ro\/lexikon\/wp-json\/wp\/v2\/product_brand?post=7081"},{"taxonomy":"product_cat","embeddable":true,"href":"https:\/\/uj.adatbank.ro\/lexikon\/wp-json\/wp\/v2\/product_cat?post=7081"},{"taxonomy":"product_tag","embeddable":true,"href":"https:\/\/uj.adatbank.ro\/lexikon\/wp-json\/wp\/v2\/product_tag?post=7081"}],"curies":[{"name":"wp","href":"https:\/\/api.w.org\/{rel}","templated":true}]}}

DRAGOŞ Vasile

<p>Nagycserged, 1931. jan. 12., † Mv., 2009. nov. 15: tanár. &#8211; Tanulmányait Balázsfalván kezdte, Mv.-en a Papiu Ilarian Lic.-ban folytatta (1846–52), Kv.-on a BBTE történelem szakán szerzett tanári oklevelet (1958). Időközben eltávolították az egyetemről (1952), mert szülei kuláklistára kerültek. Ez idő alatt dolgozott a kv.-i Unirea-nál, mint esztergályos (1952–54), a brassói Vörös Zászló Üzemben. Könyvelő a Dicsőszentmártoni Gépállomáson. Visszavették az egyetemre (1956), történelem szakon végzett. Tanár Alsóidecsen (1958–62); a szászrégeni Petru Maior Líc.-ban (1962–73). A Marosmegyei Kultúrális Bizottságban a múzeumok felügyelője (1973–80). Történelemtanár a mv.-i 5. sz. Ipari Lic.-ban (1980–85); tanár a Papiu Ilarian Lic.-ban (1985–94), közben az iskola aligazgatója (1990–94). Nyugdíjazása után tovább tanított az Unirea líc.-ban, a Tanítóképzőben valamint a Mezőgazdasági Iskolában. (–2000). Állandó munkatársa volt a szászrégeni városi könyvtárnak, valamint a mv.-i Megyei Könyvtárnak, ahonnan Pro Libro senator díszoklevelet kapott (2001). A tanügyminisztérium Érdem diplomával tüntette ki (1998). Közölt cikkeket közéleti személyiségekről, történelmi eseményekről a Vatra, CL., Tezaur c. kiadványokban. – F. m: <strong>társsz.:</strong> Liceul Al Papiu Ilarian la 75 de ani (TgM, 1994); Dascăl pe plaiuri reghinene = Reghinul cultural vol 7 (Reghin, 2004); Biblioteci reghinene: File de istorie (Reghin, 2005); szerk: Cântecele lui Iancu (TgM., 1994). <br /><strong>Irod.:</strong> Todea 2013</br></p>

<p>Nagycserged, 1931. jan. 12., † Mv., 2009. nov. 15: tanár. &#8211; Tanulmányait Balázsfalván kezdte, Mv.-en a Papiu Ilarian Lic.-ban folytatta (1846–52), Kv.-on a BBTE történelem szakán szerzett tanári oklevelet (1958). Időközben eltávolították az egyetemről (1952), mert szülei kuláklistára kerültek. Ez idő alatt dolgozott a kv.-i Unirea-nál, mint esztergályos (1952–54), a brassói Vörös Zászló Üzemben. Könyvelő a [&hellip;]</p>
