{"id":7082,"date":"2025-06-28T18:14:18","date_gmt":"2025-06-28T16:14:18","guid":{"rendered":"https:\/\/uj.adatbank.ro\/lexikon\/termek\/dragu-r-ilie\/"},"modified":"2025-06-28T18:14:18","modified_gmt":"2025-06-28T16:14:18","slug":"dragu-r-ilie","status":"publish","type":"product","link":"https:\/\/uj.adatbank.ro\/lexikon\/termek\/dragu-r-ilie\/","title":{"rendered":"DRAGU R. Ilie"},"content":{"rendered":"<p>Cr\u00e2nguri, 1907., \u2020 Als\u00f3k\u00f6h\u00e9r, 1944. szept. 19.: \u0151rnagy (post mortem). 59 m\u00e1s t\u00e1rs\u00e1val egy\u00fctt esett el a rom. 103. hadoszt. 8. hat\u00e1r\u0151rsz\u00e1zad hadoszt\u00e1lyvezet\u0151jek\u00e9nt az Als\u00f3k\u00f6h\u00e9r \u00e9s N\u00e1das k\u00f6z\u00f6tti kem\u00e9ny harcokban. H\u0151siess\u00e9g\u00e9t a Mihai Viteazul \u00e9rdemrend III. fokozat\u00e1val t\u00fcntett\u00e9k ki. Eml\u00e9k\u00e9re a n\u00e1dasi lakosok eml\u00e9kkeresztet \u00e1ll\u00edtottak. F\u00f6ldi maradv\u00e1nyait fia, Marcel Dragu, Konsztanc\u00e1ra sz\u00e1ll\u00edttatta (2003). <br \/><strong>Irod.:<\/strong> Chiheru<\/br><\/p>\n","protected":false},"excerpt":{"rendered":"<p>Cr\u00e2nguri, 1907., \u2020 Als\u00f3k\u00f6h\u00e9r, 1944. szept. 19.: \u0151rnagy (post mortem). 59 m\u00e1s t\u00e1rs\u00e1val egy\u00fctt esett el a rom. 103. hadoszt. 8. hat\u00e1r\u0151rsz\u00e1zad hadoszt\u00e1lyvezet\u0151jek\u00e9nt az Als\u00f3k\u00f6h\u00e9r \u00e9s N\u00e1das k\u00f6z\u00f6tti kem\u00e9ny harcokban. H\u0151siess\u00e9g\u00e9t a Mihai Viteazul \u00e9rdemrend III. fokozat\u00e1val t\u00fcntett\u00e9k ki. Eml\u00e9k\u00e9re a n\u00e1dasi lakosok eml\u00e9kkeresztet \u00e1ll\u00edtottak. F\u00f6ldi maradv\u00e1nyait fia, Marcel Dragu, Konsztanc\u00e1ra sz\u00e1ll\u00edttatta (2003). Irod.: Chiheru<\/p>\n","protected":false},"featured_media":0,"comment_status":"open","ping_status":"closed","template":"","meta":[],"product_brand":[],"product_cat":[137],"product_tag":[],"class_list":{"0":"post-7082","1":"product","2":"type-product","3":"status-publish","5":"product_cat-maros-megyei-eletrajzi-lexikon","7":"first","8":"instock","9":"shipping-taxable","10":"product-type-simple"},"_links":{"self":[{"href":"https:\/\/uj.adatbank.ro\/lexikon\/wp-json\/wp\/v2\/product\/7082","targetHints":{"allow":["GET"]}}],"collection":[{"href":"https:\/\/uj.adatbank.ro\/lexikon\/wp-json\/wp\/v2\/product"}],"about":[{"href":"https:\/\/uj.adatbank.ro\/lexikon\/wp-json\/wp\/v2\/types\/product"}],"replies":[{"embeddable":true,"href":"https:\/\/uj.adatbank.ro\/lexikon\/wp-json\/wp\/v2\/comments?post=7082"}],"wp:attachment":[{"href":"https:\/\/uj.adatbank.ro\/lexikon\/wp-json\/wp\/v2\/media?parent=7082"}],"wp:term":[{"taxonomy":"product_brand","embeddable":true,"href":"https:\/\/uj.adatbank.ro\/lexikon\/wp-json\/wp\/v2\/product_brand?post=7082"},{"taxonomy":"product_cat","embeddable":true,"href":"https:\/\/uj.adatbank.ro\/lexikon\/wp-json\/wp\/v2\/product_cat?post=7082"},{"taxonomy":"product_tag","embeddable":true,"href":"https:\/\/uj.adatbank.ro\/lexikon\/wp-json\/wp\/v2\/product_tag?post=7082"}],"curies":[{"name":"wp","href":"https:\/\/api.w.org\/{rel}","templated":true}]}}

<p>Crânguri, 1907., † Alsóköhér, 1944. szept. 19.: őrnagy (post mortem). 59 más társával együtt esett el a rom. 103. hadoszt. 8. határőrszázad hadosztályvezetőjeként az Alsóköhér és Nádas közötti kemény harcokban. Hősiességét a Mihai Viteazul érdemrend III. fokozatával tüntették ki. Emlékére a nádasi lakosok emlékkeresztet állítottak. Földi maradványait fia, Marcel Dragu, Konsztancára szállíttatta (2003). <br /><strong>Irod.:</strong> Chiheru</br></p>

<p>Crânguri, 1907., † Alsóköhér, 1944. szept. 19.: őrnagy (post mortem). 59 más társával együtt esett el a rom. 103. hadoszt. 8. határőrszázad hadosztályvezetőjeként az Alsóköhér és Nádas közötti kemény harcokban. Hősiességét a Mihai Viteazul érdemrend III. fokozatával tüntették ki. Emlékére a nádasi lakosok emlékkeresztet állítottak. Földi maradványait fia, Marcel Dragu, Konsztancára szállíttatta (2003). Irod.: Chiheru</p>
