{"id":7096,"date":"2025-06-28T18:14:47","date_gmt":"2025-06-28T16:14:47","guid":{"rendered":"https:\/\/uj.adatbank.ro\/lexikon\/termek\/duca-aurel-%c2%a7\/"},"modified":"2025-06-28T18:14:47","modified_gmt":"2025-06-28T16:14:47","slug":"duca-aurel-%c2%a7","status":"publish","type":"product","link":"https:\/\/uj.adatbank.ro\/lexikon\/termek\/duca-aurel-%c2%a7\/","title":{"rendered":"DUCA Aurel \u00a7"},"content":{"rendered":"<p>Mv., 1923. jan. 8., \u2020\u00a0Kv., 1992.: szerel\u0151munk\u00e1s, p\u00e1rtakt\u00edvista. \u2013 A k\u00f6z\u00e9piskola bev\u00e9gz\u00e9se ut\u00e1n, A. A. Zsdanov (1950\u201352), a \u015etefan Gheorghiu (1953\u201354) p\u00e1rtiskol\u00e1ban \u00e9s a SzU-ban (1954\u201357) v\u00e9gzett p\u00e1rtiskol\u00e1t \u00e9s jogi fakult\u00e1st. \u2013 Inas volt (1939\u201343), szerel\u0151munk\u00e1s (1943\u201344) \u00e9s mechanikus (1946. szept. \u201347. aug.) Tord\u00e1n a f\u00e9m- \u00e9s \u00f6ntv\u00e9nygy\u00e1rban, p\u00e1rttag (1946. nov. \u2013), majd propagandista (1947. aug.-ig). A Torda v\u00e1rosi P\u00e1rtbizotts\u00e1g titk\u00e1ra (1947. aug. \u2013 1948), instruktora (1948\u201349. \u00e1pr.), a tordai Megyei N\u00e9ptan\u00e1cs ideiglenes Bizotts\u00e1g\u00e1nak tagja (1949. \u00e1pr. \u201350. szept.). A kv.-i V\u00e1rosi P\u00e1rtbizotts\u00e1g titk\u00e1ra (1957. j\u00fal. \u201360), els\u0151titk\u00e1ra (1960\u201365. aug. 19.), a v\u00e1rosi N\u00e9ptan\u00e1cs VB eln\u00f6ke (1958. m\u00e1rc. \u2013 65. aug. 19.). A RKP KB-ban az Egy\u00fctt\u00e9l\u0151 Nemzetis\u00e9gekkel foglalkoz\u00f3 bizotts\u00e1g egyik vezet\u0151je (1965. aug. 19. \u2013 dec.). A kv.-i V\u00e1rosi P\u00e1rtbizotts\u00e1g els\u0151 titk\u00e1ra (1965. dec. \u201368. febr. \u2013 1972) \u00e9s a megyei N\u00e9ptan\u00e1cs VB eln\u00f6ke \u00e9s a megyei FUS tan\u00e1cs eln\u00f6ke (1968. dec. \u2013). Nagy Nemzetgy\u0171l\u00e9si k\u00e9pvisel\u0151 (1969\u201375). A RKP KB propaganda oszt. vezet\u0151je (1972\u201373. aug. 29.). A RSzK nagyk\u00f6vete Lengyelo.-ban (1973. aug. 29. \u201378. m\u00e1j. 20.). Az Orsz\u00e1gos Szakszervezeti Sz\u00f6vets\u00e9g KB titk\u00e1ra (1978. m\u00e1j. 20. \u201382. okt. 6.), a M\u0171vel\u0151d\u00e9si- \u00e9s Szocialista Nevel\u00e9si Bizotts\u00e1g VB aleln\u00f6ke (1978. j\u00fal. 4. \u2013 82. okt. 6.) \u00e9s a V\u00f6r\u00f6s Kereszt (1979\u201384), a Tervbizotts\u00e1g (1980\u201382), a Tudom\u00e1ny \u00e9s Technikai bizotts\u00e1g tagja (1980. \u00e1pr. 2. \u2013), a Nemzeti Demogr\u00e1fiai Bizotts\u00e1g tagja (1983). A RKP KB tagja (1960. j\u00fan. 25. \u201374. nov. 28.), a KB VB-nek p\u00f3ttagja (1969. aug. 12. \u201373. j\u00fan. 19.), a K\u00f6zponti Rev\u00edzi\u00f3s Bizotts\u00e1g tagja (1974. nov. 28. \u2013 89. nov. 24.). Feh\u00e9r megyei N\u00e9ptan\u00e1cs VB els\u0151 aleln\u00f6ke (1982. okt. 6. \u201389. dec. 22.). <strong>Kit\u00fcntet\u00e9sei:<\/strong> RNK V. \u00e9vfordul\u00f3ja \u00e9rem (1952); A fasiszta iga al\u00f3li felszabadul\u00e1s \u00e9rem (1954); Munka\u00e9rdemrend III. o. (1959); RNK Csillaga IV. o. \u00e9rdemrend (1962); \u201e23. Aug.\u201d \u00e9rdemrend III. o. (1964); Tudor Vladimirescu \u00e9rdemrend III. o. (1966); RSzK Csillaga \u00e9rdemrend II. o. (1971). <br \/><strong>Irod.:<\/strong> Id\u0151t\u00e1r 4.; Membrii C. C. al P. C. R.<\/br><\/p>\n","protected":false},"excerpt":{"rendered":"<p>Mv., 1923. jan. 8., \u2020\u00a0Kv., 1992.: szerel\u0151munk\u00e1s, p\u00e1rtakt\u00edvista. \u2013 A k\u00f6z\u00e9piskola bev\u00e9gz\u00e9se ut\u00e1n, A. A. Zsdanov (1950\u201352), a \u015etefan Gheorghiu (1953\u201354) p\u00e1rtiskol\u00e1ban \u00e9s a SzU-ban (1954\u201357) v\u00e9gzett p\u00e1rtiskol\u00e1t \u00e9s jogi fakult\u00e1st. \u2013 Inas volt (1939\u201343), szerel\u0151munk\u00e1s (1943\u201344) \u00e9s mechanikus (1946. szept. \u201347. aug.) Tord\u00e1n a f\u00e9m- \u00e9s \u00f6ntv\u00e9nygy\u00e1rban, p\u00e1rttag (1946. nov. \u2013), majd propagandista (1947. [&hellip;]<\/p>\n","protected":false},"featured_media":0,"comment_status":"open","ping_status":"closed","template":"","meta":[],"product_brand":[],"product_cat":[137],"product_tag":[],"class_list":{"0":"post-7096","1":"product","2":"type-product","3":"status-publish","5":"product_cat-maros-megyei-eletrajzi-lexikon","7":"first","8":"instock","9":"shipping-taxable","10":"product-type-simple"},"_links":{"self":[{"href":"https:\/\/uj.adatbank.ro\/lexikon\/wp-json\/wp\/v2\/product\/7096","targetHints":{"allow":["GET"]}}],"collection":[{"href":"https:\/\/uj.adatbank.ro\/lexikon\/wp-json\/wp\/v2\/product"}],"about":[{"href":"https:\/\/uj.adatbank.ro\/lexikon\/wp-json\/wp\/v2\/types\/product"}],"replies":[{"embeddable":true,"href":"https:\/\/uj.adatbank.ro\/lexikon\/wp-json\/wp\/v2\/comments?post=7096"}],"wp:attachment":[{"href":"https:\/\/uj.adatbank.ro\/lexikon\/wp-json\/wp\/v2\/media?parent=7096"}],"wp:term":[{"taxonomy":"product_brand","embeddable":true,"href":"https:\/\/uj.adatbank.ro\/lexikon\/wp-json\/wp\/v2\/product_brand?post=7096"},{"taxonomy":"product_cat","embeddable":true,"href":"https:\/\/uj.adatbank.ro\/lexikon\/wp-json\/wp\/v2\/product_cat?post=7096"},{"taxonomy":"product_tag","embeddable":true,"href":"https:\/\/uj.adatbank.ro\/lexikon\/wp-json\/wp\/v2\/product_tag?post=7096"}],"curies":[{"name":"wp","href":"https:\/\/api.w.org\/{rel}","templated":true}]}}

<p>Mv., 1923. jan. 8., † Kv., 1992.: szerelőmunkás, pártaktívista. – A középiskola bevégzése után, A. A. Zsdanov (1950–52), a Ştefan Gheorghiu (1953–54) pártiskolában és a SzU-ban (1954–57) végzett pártiskolát és jogi fakultást. – Inas volt (1939–43), szerelőmunkás (1943–44) és mechanikus (1946. szept. –47. aug.) Tordán a fém- és öntvénygyárban, párttag (1946. nov. –), majd propagandista (1947. aug.-ig). A Torda városi Pártbizottság titkára (1947. aug. – 1948), instruktora (1948–49. ápr.), a tordai Megyei Néptanács ideiglenes Bizottságának tagja (1949. ápr. –50. szept.). A kv.-i Városi Pártbizottság titkára (1957. júl. –60), elsőtitkára (1960–65. aug. 19.), a városi Néptanács VB elnöke (1958. márc. – 65. aug. 19.). A RKP KB-ban az Együttélő Nemzetiségekkel foglalkozó bizottság egyik vezetője (1965. aug. 19. – dec.). A kv.-i Városi Pártbizottság első titkára (1965. dec. –68. febr. – 1972) és a megyei Néptanács VB elnöke és a megyei FUS tanács elnöke (1968. dec. –). Nagy Nemzetgyűlési képviselő (1969–75). A RKP KB propaganda oszt. vezetője (1972–73. aug. 29.). A RSzK nagykövete Lengyelo.-ban (1973. aug. 29. –78. máj. 20.). Az Országos Szakszervezeti Szövetség KB titkára (1978. máj. 20. –82. okt. 6.), a Művelődési- és Szocialista Nevelési Bizottság VB alelnöke (1978. júl. 4. – 82. okt. 6.) és a Vörös Kereszt (1979–84), a Tervbizottság (1980–82), a Tudomány és Technikai bizottság tagja (1980. ápr. 2. –), a Nemzeti Demográfiai Bizottság tagja (1983). A RKP KB tagja (1960. jún. 25. –74. nov. 28.), a KB VB-nek póttagja (1969. aug. 12. –73. jún. 19.), a Központi Revíziós Bizottság tagja (1974. nov. 28. – 89. nov. 24.). Fehér megyei Néptanács VB első alelnöke (1982. okt. 6. –89. dec. 22.). <strong>Kitüntetései:</strong> RNK V. évfordulója érem (1952); A fasiszta iga alóli felszabadulás érem (1954); Munkaérdemrend III. o. (1959); RNK Csillaga IV. o. érdemrend (1962); „23. Aug.” érdemrend III. o. (1964); Tudor Vladimirescu érdemrend III. o. (1966); RSzK Csillaga érdemrend II. o. (1971). <br /><strong>Irod.:</strong> Időtár 4.; Membrii C. C. al P. C. R.</br></p>

<p>Mv., 1923. jan. 8., † Kv., 1992.: szerelőmunkás, pártaktívista. – A középiskola bevégzése után, A. A. Zsdanov (1950–52), a Ştefan Gheorghiu (1953–54) pártiskolában és a SzU-ban (1954–57) végzett pártiskolát és jogi fakultást. – Inas volt (1939–43), szerelőmunkás (1943–44) és mechanikus (1946. szept. –47. aug.) Tordán a fém- és öntvénygyárban, párttag (1946. nov. –), majd propagandista (1947. [&hellip;]</p>
