{"id":7100,"date":"2025-06-28T18:14:55","date_gmt":"2025-06-28T16:14:55","guid":{"rendered":"https:\/\/uj.adatbank.ro\/lexikon\/termek\/dudutz-agnes-%c2%a7-bukkosy-gyulane\/"},"modified":"2025-06-28T18:14:55","modified_gmt":"2025-06-28T16:14:55","slug":"dudutz-agnes-%c2%a7-bukkosy-gyulane","status":"publish","type":"product","link":"https:\/\/uj.adatbank.ro\/lexikon\/termek\/dudutz-agnes-%c2%a7-bukkosy-gyulane\/","title":{"rendered":"DUDUTZ \u00c1gnes, \u00a7 B\u00fckk\u00f6sy Gyul\u00e1n\u00e9"},"content":{"rendered":"<p>Mv., 1898. aug. 28., \u2020 Mv., 1974. \u00e1pr. 4.: \u00e9nekes. \u2013 Bp.-en Valent Vilm\u00e1n\u00e1l tanult \u00e9nekelni (1916\u201320). Mint \u00e9nekm\u0171v\u00e9sz sikeresen l\u00e9pett fel t\u00f6bb alkalommal Mv.-en. Bart\u00f3k B\u00e9la rom\u00e1niai hangversenyk\u00f6r\u00fatj\u00e1n Mv.-re \u00e9rkezett (1922. febr. 23\u201324.). A hangverseny rendez\u0151je R\u00e9v\u00e9sz B\u00e9la \u00e9s Bart\u00f3k s\u00f3gora \u00e9s h\u00e1zigazd\u00e1ja dr. Ziegler K\u00e1roly felk\u00e9rt\u00e9k, hogy \u00e9nekeljen az el\u0151ad\u00f3esten (1922. febr. 24.). H\u00e1rom Bart\u00f3k dalt \u00e9nekelt kott\u00e1b\u00f3l \u00e9s Bart\u00f3k k\u00edv\u00fclr\u0151l k\u00eds\u00e9rte. A kott\u00e1t a szerz\u0151t\u0151l dedik\u00e1lva megkapta. <br \/><strong>Irod.:<\/strong> Kereken \u00f6tven \u00e9ve..: Dr. B\u00fckk\u00f6sy Gyul\u00e1n\u00e9 D. \u00c1. Bart\u00f3k-eml\u00e9kei = L\u00e1szl\u00f3 Ferenc: Bart\u00f3k B\u00e9la: Tanulm\u00e1nyok \u00e9s tan\u00fas\u00e1gok (Buk., 1980); L\u00e1szl\u00f3 Ferenc: Fogynak a tan\u00fak (Utunk, 18. sz., 1974.)<\/br><\/p>\n","protected":false},"excerpt":{"rendered":"<p>Mv., 1898. aug. 28., \u2020 Mv., 1974. \u00e1pr. 4.: \u00e9nekes. \u2013 Bp.-en Valent Vilm\u00e1n\u00e1l tanult \u00e9nekelni (1916\u201320). Mint \u00e9nekm\u0171v\u00e9sz sikeresen l\u00e9pett fel t\u00f6bb alkalommal Mv.-en. Bart\u00f3k B\u00e9la rom\u00e1niai hangversenyk\u00f6r\u00fatj\u00e1n Mv.-re \u00e9rkezett (1922. febr. 23\u201324.). A hangverseny rendez\u0151je R\u00e9v\u00e9sz B\u00e9la \u00e9s Bart\u00f3k s\u00f3gora \u00e9s h\u00e1zigazd\u00e1ja dr. Ziegler K\u00e1roly felk\u00e9rt\u00e9k, hogy \u00e9nekeljen az el\u0151ad\u00f3esten (1922. febr. 24.). [&hellip;]<\/p>\n","protected":false},"featured_media":0,"comment_status":"open","ping_status":"closed","template":"","meta":[],"product_brand":[],"product_cat":[137],"product_tag":[],"class_list":{"0":"post-7100","1":"product","2":"type-product","3":"status-publish","5":"product_cat-maros-megyei-eletrajzi-lexikon","7":"first","8":"instock","9":"shipping-taxable","10":"product-type-simple"},"_links":{"self":[{"href":"https:\/\/uj.adatbank.ro\/lexikon\/wp-json\/wp\/v2\/product\/7100","targetHints":{"allow":["GET"]}}],"collection":[{"href":"https:\/\/uj.adatbank.ro\/lexikon\/wp-json\/wp\/v2\/product"}],"about":[{"href":"https:\/\/uj.adatbank.ro\/lexikon\/wp-json\/wp\/v2\/types\/product"}],"replies":[{"embeddable":true,"href":"https:\/\/uj.adatbank.ro\/lexikon\/wp-json\/wp\/v2\/comments?post=7100"}],"wp:attachment":[{"href":"https:\/\/uj.adatbank.ro\/lexikon\/wp-json\/wp\/v2\/media?parent=7100"}],"wp:term":[{"taxonomy":"product_brand","embeddable":true,"href":"https:\/\/uj.adatbank.ro\/lexikon\/wp-json\/wp\/v2\/product_brand?post=7100"},{"taxonomy":"product_cat","embeddable":true,"href":"https:\/\/uj.adatbank.ro\/lexikon\/wp-json\/wp\/v2\/product_cat?post=7100"},{"taxonomy":"product_tag","embeddable":true,"href":"https:\/\/uj.adatbank.ro\/lexikon\/wp-json\/wp\/v2\/product_tag?post=7100"}],"curies":[{"name":"wp","href":"https:\/\/api.w.org\/{rel}","templated":true}]}}

DUDUTZ Ágnes, § Bükkösy Gyuláné

<p>Mv., 1898. aug. 28., † Mv., 1974. ápr. 4.: énekes. – Bp.-en Valent Vilmánál tanult énekelni (1916–20). Mint énekművész sikeresen lépett fel több alkalommal Mv.-en. Bartók Béla romániai hangversenykörútján Mv.-re érkezett (1922. febr. 23–24.). A hangverseny rendezője Révész Béla és Bartók sógora és házigazdája dr. Ziegler Károly felkérték, hogy énekeljen az előadóesten (1922. febr. 24.). Három Bartók dalt énekelt kottából és Bartók kívülről kísérte. A kottát a szerzőtől dedikálva megkapta. <br /><strong>Irod.:</strong> Kereken ötven éve..: Dr. Bükkösy Gyuláné D. Á. Bartók-emlékei = László Ferenc: Bartók Béla: Tanulmányok és tanúságok (Buk., 1980); László Ferenc: Fogynak a tanúk (Utunk, 18. sz., 1974.)</br></p>

<p>Mv., 1898. aug. 28., † Mv., 1974. ápr. 4.: énekes. – Bp.-en Valent Vilmánál tanult énekelni (1916–20). Mint énekművész sikeresen lépett fel több alkalommal Mv.-en. Bartók Béla romániai hangversenykörútján Mv.-re érkezett (1922. febr. 23–24.). A hangverseny rendezője Révész Béla és Bartók sógora és házigazdája dr. Ziegler Károly felkérték, hogy énekeljen az előadóesten (1922. febr. 24.). [&hellip;]</p>
