{"id":7101,"date":"2025-06-28T18:14:56","date_gmt":"2025-06-28T16:14:56","guid":{"rendered":"https:\/\/uj.adatbank.ro\/lexikon\/termek\/dudutz-antal-duducz-antal\/"},"modified":"2025-06-28T18:14:56","modified_gmt":"2025-06-28T16:14:56","slug":"dudutz-antal-duducz-antal","status":"publish","type":"product","link":"https:\/\/uj.adatbank.ro\/lexikon\/termek\/dudutz-antal-duducz-antal\/","title":{"rendered":"DUDUTZ Antal, Duducz Antal"},"content":{"rendered":"<p>? \u2020\u00a0?: keresked\u0151. \u2013 Feles\u00e9ge: Reichardsperg Kati (1873.? \u2013 Bp., 1914. nov. 6., Mv.-en temett\u00e9k). \u2013 A mv.-i f\u0151t\u00e9ren volt a Fekete Kuty\u00e1hoz c\u00edmzett b\u0151r\u00e1ru (a 20. sz. elej\u00e9n), sz\u00f6v\u0151gyapot, pokr\u00f3c, ponyva, gabon\u00e1s zs\u00e1k, \u00e9p\u00edt\u0151 anyag. Birtokolta a mai Mihai Viteazul u. 20. sz. (volt Kolostor u. 6. sz) alatti szecesszi\u00f3s lak\u00f3h\u00e1zat, amelyet Nagy Gy\u0151z\u0151 \u00e9p\u00edt\u00e9szm\u00e9rn\u00f6k tervezett (1905. m\u00e1rc). A mv.-i zsid\u00f3-m. tulajdonban l\u00e9v\u0151 Lesz\u00e1m\u00edtol\u00f3 Bank igazgat\u00f3s\u00e1gi tagja (1924). A Mv.-i Kereszt\u00e9ny Keresked\u0151k Egyes\u00fclete eln\u00f6ke (1940). Korm\u00e1nykit\u00fcntet\u00e9sben r\u00e9szes\u00fclt (1930). <br \/><strong>Irod.:<\/strong> Gy\u00e1szjelent\u0151; Id\u0151t\u00e1r 3; Man: Tg. M. 2.; Mv.-i \u00f6rm\u00e9nyek; Pan\u0103; Sipos<\/br><\/p>\n","protected":false},"excerpt":{"rendered":"<p>? \u2020\u00a0?: keresked\u0151. \u2013 Feles\u00e9ge: Reichardsperg Kati (1873.? \u2013 Bp., 1914. nov. 6., Mv.-en temett\u00e9k). \u2013 A mv.-i f\u0151t\u00e9ren volt a Fekete Kuty\u00e1hoz c\u00edmzett b\u0151r\u00e1ru (a 20. sz. elej\u00e9n), sz\u00f6v\u0151gyapot, pokr\u00f3c, ponyva, gabon\u00e1s zs\u00e1k, \u00e9p\u00edt\u0151 anyag. Birtokolta a mai Mihai Viteazul u. 20. sz. (volt Kolostor u. 6. sz) alatti szecesszi\u00f3s lak\u00f3h\u00e1zat, amelyet Nagy Gy\u0151z\u0151 [&hellip;]<\/p>\n","protected":false},"featured_media":0,"comment_status":"open","ping_status":"closed","template":"","meta":[],"product_brand":[],"product_cat":[137],"product_tag":[],"class_list":{"0":"post-7101","1":"product","2":"type-product","3":"status-publish","5":"product_cat-maros-megyei-eletrajzi-lexikon","7":"first","8":"instock","9":"shipping-taxable","10":"product-type-simple"},"_links":{"self":[{"href":"https:\/\/uj.adatbank.ro\/lexikon\/wp-json\/wp\/v2\/product\/7101","targetHints":{"allow":["GET"]}}],"collection":[{"href":"https:\/\/uj.adatbank.ro\/lexikon\/wp-json\/wp\/v2\/product"}],"about":[{"href":"https:\/\/uj.adatbank.ro\/lexikon\/wp-json\/wp\/v2\/types\/product"}],"replies":[{"embeddable":true,"href":"https:\/\/uj.adatbank.ro\/lexikon\/wp-json\/wp\/v2\/comments?post=7101"}],"wp:attachment":[{"href":"https:\/\/uj.adatbank.ro\/lexikon\/wp-json\/wp\/v2\/media?parent=7101"}],"wp:term":[{"taxonomy":"product_brand","embeddable":true,"href":"https:\/\/uj.adatbank.ro\/lexikon\/wp-json\/wp\/v2\/product_brand?post=7101"},{"taxonomy":"product_cat","embeddable":true,"href":"https:\/\/uj.adatbank.ro\/lexikon\/wp-json\/wp\/v2\/product_cat?post=7101"},{"taxonomy":"product_tag","embeddable":true,"href":"https:\/\/uj.adatbank.ro\/lexikon\/wp-json\/wp\/v2\/product_tag?post=7101"}],"curies":[{"name":"wp","href":"https:\/\/api.w.org\/{rel}","templated":true}]}}

<p>? † ?: kereskedő. – Felesége: Reichardsperg Kati (1873.? – Bp., 1914. nov. 6., Mv.-en temették). – A mv.-i főtéren volt a Fekete Kutyához címzett bőráru (a 20. sz. elején), szövőgyapot, pokróc, ponyva, gabonás zsák, építő anyag. Birtokolta a mai Mihai Viteazul u. 20. sz. (volt Kolostor u. 6. sz) alatti szecessziós lakóházat, amelyet Nagy Győző építészmérnök tervezett (1905. márc). A mv.-i zsidó-m. tulajdonban lévő Leszámítoló Bank igazgatósági tagja (1924). A Mv.-i Keresztény Kereskedők Egyesülete elnöke (1940). Kormánykitüntetésben részesült (1930). <br /><strong>Irod.:</strong> Gyászjelentő; Időtár 3; Man: Tg. M. 2.; Mv.-i örmények; Pană; Sipos</br></p>

<p>? † ?: kereskedő. – Felesége: Reichardsperg Kati (1873.? – Bp., 1914. nov. 6., Mv.-en temették). – A mv.-i főtéren volt a Fekete Kutyához címzett bőráru (a 20. sz. elején), szövőgyapot, pokróc, ponyva, gabonás zsák, építő anyag. Birtokolta a mai Mihai Viteazul u. 20. sz. (volt Kolostor u. 6. sz) alatti szecessziós lakóházat, amelyet Nagy Győző [&hellip;]</p>
