{"id":7103,"date":"2025-06-28T18:15:00","date_gmt":"2025-06-28T16:15:00","guid":{"rendered":"https:\/\/uj.adatbank.ro\/lexikon\/termek\/dudutz-ferenc\/"},"modified":"2025-06-28T18:15:00","modified_gmt":"2025-06-28T16:15:00","slug":"dudutz-ferenc","status":"publish","type":"product","link":"https:\/\/uj.adatbank.ro\/lexikon\/termek\/dudutz-ferenc\/","title":{"rendered":"DUDUTZ Ferenc"},"content":{"rendered":"<p>1870.? \u2020 Mv., 1932. \u00e1pr. 2.: keresked\u0151. \u2013 Testv\u00e9rei: Antal; Irma Pot\u00f3tzky P\u00e9tern\u00e9. Feles\u00e9ge: L\u00e1z\u00e1r \u00c1gnes (1877.? \u2013 Mv., 1939. okt. 11.) Gyermekei: J\u00falia dr. Marthy Ferencn\u00e9; \u00c1gnes dr. B\u00fckk\u00f6sy Gyul\u00e1n\u00e9; Ella S\u00e1ntha K\u00e1rolyn\u00e9; J\u00e1nos; Ir\u00e9n Mittelmann S\u00e1ndorn\u00e9; Ferenc; Gy\u00f6rgy. \u2013 Mv. f\u0151ter\u00e9n volt \u00fczlete D. G\u00e1bornak (m\u00e1r 1844-es rekl\u00e1mban szerepelt), majd D. F. \u00e9s D. Istv\u00e1n testv\u00e9reknek vegyes- \u00e9s b\u0151rkeresked\u00e9se volt Mv.-en a L\u00e1bas-h\u00e1zban, \u201eA\u201d kateg\u00f3ri\u00e1ba tartoz\u00f3 m\u0171eml\u00e9k, a mai R\u00f3zs\u00e1k tere \u00e9s a C\u0103l\u0103ra\u015filor\/Kossuth Lajos utca sark\u00e1n. Mv.-en \u201eB\u201d kateg\u00f3ri\u00e1s m\u0171eml\u00e9k a Dudutz-h\u00e1z (P\u0163a. Trandafirilor \/ F\u0151t\u00e9r 54. sz.). Mv. \u2013en virilista (1910). <br \/><strong>Irod.:<\/strong> Csepreghy; Gy\u00e1szjelent\u0151; Id\u0151t\u00e1r 2\u00a0; Keresztes Gyula: A L\u00e1bash\u00e1zr\u00f3l (V. Z., 1983. okt. 30.); Mv.-i \u00f6rm\u00e9nyek; Valori mure\u015fene de patrimoniu<\/br><\/p>\n","protected":false},"excerpt":{"rendered":"<p>1870.? \u2020 Mv., 1932. \u00e1pr. 2.: keresked\u0151. \u2013 Testv\u00e9rei: Antal; Irma Pot\u00f3tzky P\u00e9tern\u00e9. Feles\u00e9ge: L\u00e1z\u00e1r \u00c1gnes (1877.? \u2013 Mv., 1939. okt. 11.) Gyermekei: J\u00falia dr. Marthy Ferencn\u00e9; \u00c1gnes dr. B\u00fckk\u00f6sy Gyul\u00e1n\u00e9; Ella S\u00e1ntha K\u00e1rolyn\u00e9; J\u00e1nos; Ir\u00e9n Mittelmann S\u00e1ndorn\u00e9; Ferenc; Gy\u00f6rgy. \u2013 Mv. f\u0151ter\u00e9n volt \u00fczlete D. G\u00e1bornak (m\u00e1r 1844-es rekl\u00e1mban szerepelt), majd D. F. \u00e9s [&hellip;]<\/p>\n","protected":false},"featured_media":0,"comment_status":"open","ping_status":"closed","template":"","meta":[],"product_brand":[],"product_cat":[137],"product_tag":[],"class_list":{"0":"post-7103","1":"product","2":"type-product","3":"status-publish","5":"product_cat-maros-megyei-eletrajzi-lexikon","7":"first","8":"instock","9":"shipping-taxable","10":"product-type-simple"},"_links":{"self":[{"href":"https:\/\/uj.adatbank.ro\/lexikon\/wp-json\/wp\/v2\/product\/7103","targetHints":{"allow":["GET"]}}],"collection":[{"href":"https:\/\/uj.adatbank.ro\/lexikon\/wp-json\/wp\/v2\/product"}],"about":[{"href":"https:\/\/uj.adatbank.ro\/lexikon\/wp-json\/wp\/v2\/types\/product"}],"replies":[{"embeddable":true,"href":"https:\/\/uj.adatbank.ro\/lexikon\/wp-json\/wp\/v2\/comments?post=7103"}],"wp:attachment":[{"href":"https:\/\/uj.adatbank.ro\/lexikon\/wp-json\/wp\/v2\/media?parent=7103"}],"wp:term":[{"taxonomy":"product_brand","embeddable":true,"href":"https:\/\/uj.adatbank.ro\/lexikon\/wp-json\/wp\/v2\/product_brand?post=7103"},{"taxonomy":"product_cat","embeddable":true,"href":"https:\/\/uj.adatbank.ro\/lexikon\/wp-json\/wp\/v2\/product_cat?post=7103"},{"taxonomy":"product_tag","embeddable":true,"href":"https:\/\/uj.adatbank.ro\/lexikon\/wp-json\/wp\/v2\/product_tag?post=7103"}],"curies":[{"name":"wp","href":"https:\/\/api.w.org\/{rel}","templated":true}]}}

<p>1870.? † Mv., 1932. ápr. 2.: kereskedő. – Testvérei: Antal; Irma Potótzky Péterné. Felesége: Lázár Ágnes (1877.? – Mv., 1939. okt. 11.) Gyermekei: Júlia dr. Marthy Ferencné; Ágnes dr. Bükkösy Gyuláné; Ella Sántha Károlyné; János; Irén Mittelmann Sándorné; Ferenc; György. – Mv. főterén volt üzlete D. Gábornak (már 1844-es reklámban szerepelt), majd D. F. és D. István testvéreknek vegyes- és bőrkereskedése volt Mv.-en a Lábas-házban, „A” kategóriába tartozó műemlék, a mai Rózsák tere és a Călăraşilor/Kossuth Lajos utca sarkán. Mv.-en „B” kategóriás műemlék a Dudutz-ház (Pţa. Trandafirilor / Főtér 54. sz.). Mv. –en virilista (1910). <br /><strong>Irod.:</strong> Csepreghy; Gyászjelentő; Időtár 2 ; Keresztes Gyula: A Lábasházról (V. Z., 1983. okt. 30.); Mv.-i örmények; Valori mureşene de patrimoniu</br></p>

<p>1870.? † Mv., 1932. ápr. 2.: kereskedő. – Testvérei: Antal; Irma Potótzky Péterné. Felesége: Lázár Ágnes (1877.? – Mv., 1939. okt. 11.) Gyermekei: Júlia dr. Marthy Ferencné; Ágnes dr. Bükkösy Gyuláné; Ella Sántha Károlyné; János; Irén Mittelmann Sándorné; Ferenc; György. – Mv. főterén volt üzlete D. Gábornak (már 1844-es reklámban szerepelt), majd D. F. és [&hellip;]</p>
