{"id":7106,"date":"2025-06-28T18:15:09","date_gmt":"2025-06-28T16:15:09","guid":{"rendered":"https:\/\/uj.adatbank.ro\/lexikon\/termek\/dudutz-istvan\/"},"modified":"2025-06-28T18:15:09","modified_gmt":"2025-06-28T16:15:09","slug":"dudutz-istvan","status":"publish","type":"product","link":"https:\/\/uj.adatbank.ro\/lexikon\/termek\/dudutz-istvan\/","title":{"rendered":"DUDUTZ Istv\u00e1n"},"content":{"rendered":"<p>1868.? \u2020 Mv., 1928. febr. 24.: keresked\u0151. \u2013 Testv\u00e9rei: Antal; Ferenc; Irma Pototzky P\u00e9tern\u00e9. Gyermekei: Erzs\u00e9bet Riesz Albertn\u00e9; Istv\u00e1n \u00e9s K\u00e1roly. \u2013 A Kossuth u. \u00e9s a F\u0151t\u00e9r sark\u00e1n \u00e9p\u00edtett 15 szob\u00e1s palot\u00e1t (1901). Mv.-en virilista (1910). <br \/><strong>Irod.:<\/strong> Csepreghy; Gy\u00e1szjelent\u0151; Id\u0151t\u00e1r 2.<\/br><\/p>\n","protected":false},"excerpt":{"rendered":"<p>1868.? \u2020 Mv., 1928. febr. 24.: keresked\u0151. \u2013 Testv\u00e9rei: Antal; Ferenc; Irma Pototzky P\u00e9tern\u00e9. Gyermekei: Erzs\u00e9bet Riesz Albertn\u00e9; Istv\u00e1n \u00e9s K\u00e1roly. \u2013 A Kossuth u. \u00e9s a F\u0151t\u00e9r sark\u00e1n \u00e9p\u00edtett 15 szob\u00e1s palot\u00e1t (1901). Mv.-en virilista (1910). Irod.: Csepreghy; Gy\u00e1szjelent\u0151; Id\u0151t\u00e1r 2.<\/p>\n","protected":false},"featured_media":0,"comment_status":"open","ping_status":"closed","template":"","meta":[],"product_brand":[],"product_cat":[137],"product_tag":[],"class_list":{"0":"post-7106","1":"product","2":"type-product","3":"status-publish","5":"product_cat-maros-megyei-eletrajzi-lexikon","7":"first","8":"instock","9":"shipping-taxable","10":"product-type-simple"},"_links":{"self":[{"href":"https:\/\/uj.adatbank.ro\/lexikon\/wp-json\/wp\/v2\/product\/7106","targetHints":{"allow":["GET"]}}],"collection":[{"href":"https:\/\/uj.adatbank.ro\/lexikon\/wp-json\/wp\/v2\/product"}],"about":[{"href":"https:\/\/uj.adatbank.ro\/lexikon\/wp-json\/wp\/v2\/types\/product"}],"replies":[{"embeddable":true,"href":"https:\/\/uj.adatbank.ro\/lexikon\/wp-json\/wp\/v2\/comments?post=7106"}],"wp:attachment":[{"href":"https:\/\/uj.adatbank.ro\/lexikon\/wp-json\/wp\/v2\/media?parent=7106"}],"wp:term":[{"taxonomy":"product_brand","embeddable":true,"href":"https:\/\/uj.adatbank.ro\/lexikon\/wp-json\/wp\/v2\/product_brand?post=7106"},{"taxonomy":"product_cat","embeddable":true,"href":"https:\/\/uj.adatbank.ro\/lexikon\/wp-json\/wp\/v2\/product_cat?post=7106"},{"taxonomy":"product_tag","embeddable":true,"href":"https:\/\/uj.adatbank.ro\/lexikon\/wp-json\/wp\/v2\/product_tag?post=7106"}],"curies":[{"name":"wp","href":"https:\/\/api.w.org\/{rel}","templated":true}]}}