{"id":7108,"date":"2025-06-28T18:15:12","date_gmt":"2025-06-28T16:15:12","guid":{"rendered":"https:\/\/uj.adatbank.ro\/lexikon\/termek\/dudutz-janos-2\/"},"modified":"2025-06-28T18:15:12","modified_gmt":"2025-06-28T16:15:12","slug":"dudutz-janos-2","status":"publish","type":"product","link":"https:\/\/uj.adatbank.ro\/lexikon\/termek\/dudutz-janos-2\/","title":{"rendered":"DUDUTZ J\u00e1nos"},"content":{"rendered":"<p>1862 \u2020 Mv., 1918. m\u00e1rc. 18.: keresked\u0151. \u2013 Testv\u00e9rei: Antal, Istv\u00e1n, Ferenc, Ger\u0151, Irma Pototzky P\u00e9tern\u00e9. Feles\u00e9ge: Vir\u00e1gh Gizella. Gyermekei: Annuska, Ern\u0151. \u2013 Nem volt k\u00e9peslap kiad\u00f3, de \u00fczlet\u00e9ben forgalmazta azokat \u00e9s figyelemfelkelt\u00e9s \u00e9rdek\u00e9ben verses rekl\u00e1msz\u00f6veket k\u00f6z\u00f6lt a Sz\u00e9kely Napt\u00e1rban (1902\u201304). A Keresked\u0151 T\u00e1rsulat aleln\u00f6ke (1887). A mai Horea u. 14. sz. alatti szecesszi\u00f3s st\u00edlus\u00fa lak\u00f3h\u00e1z tulajdonosa, amelyet Balogh J\u00e1nos k\u0151m\u0171vesmester \u00e9p\u00edtett (1904. \u00e1pr. \u2013). <br \/><strong>Irod.:<\/strong> Csepreghy; Gy\u00e1szjelent\u0151; Id\u0151t\u00e1r 2; Man: Tg. M. 2.; Mv.-i \u00f6rm\u00e9nyek<\/br><\/p>\n","protected":false},"excerpt":{"rendered":"<p>1862 \u2020 Mv., 1918. m\u00e1rc. 18.: keresked\u0151. \u2013 Testv\u00e9rei: Antal, Istv\u00e1n, Ferenc, Ger\u0151, Irma Pototzky P\u00e9tern\u00e9. Feles\u00e9ge: Vir\u00e1gh Gizella. Gyermekei: Annuska, Ern\u0151. \u2013 Nem volt k\u00e9peslap kiad\u00f3, de \u00fczlet\u00e9ben forgalmazta azokat \u00e9s figyelemfelkelt\u00e9s \u00e9rdek\u00e9ben verses rekl\u00e1msz\u00f6veket k\u00f6z\u00f6lt a Sz\u00e9kely Napt\u00e1rban (1902\u201304). A Keresked\u0151 T\u00e1rsulat aleln\u00f6ke (1887). A mai Horea u. 14. sz. alatti szecesszi\u00f3s st\u00edlus\u00fa [&hellip;]<\/p>\n","protected":false},"featured_media":0,"comment_status":"open","ping_status":"closed","template":"","meta":[],"product_brand":[],"product_cat":[137],"product_tag":[],"class_list":{"0":"post-7108","1":"product","2":"type-product","3":"status-publish","5":"product_cat-maros-megyei-eletrajzi-lexikon","7":"first","8":"instock","9":"shipping-taxable","10":"product-type-simple"},"_links":{"self":[{"href":"https:\/\/uj.adatbank.ro\/lexikon\/wp-json\/wp\/v2\/product\/7108","targetHints":{"allow":["GET"]}}],"collection":[{"href":"https:\/\/uj.adatbank.ro\/lexikon\/wp-json\/wp\/v2\/product"}],"about":[{"href":"https:\/\/uj.adatbank.ro\/lexikon\/wp-json\/wp\/v2\/types\/product"}],"replies":[{"embeddable":true,"href":"https:\/\/uj.adatbank.ro\/lexikon\/wp-json\/wp\/v2\/comments?post=7108"}],"wp:attachment":[{"href":"https:\/\/uj.adatbank.ro\/lexikon\/wp-json\/wp\/v2\/media?parent=7108"}],"wp:term":[{"taxonomy":"product_brand","embeddable":true,"href":"https:\/\/uj.adatbank.ro\/lexikon\/wp-json\/wp\/v2\/product_brand?post=7108"},{"taxonomy":"product_cat","embeddable":true,"href":"https:\/\/uj.adatbank.ro\/lexikon\/wp-json\/wp\/v2\/product_cat?post=7108"},{"taxonomy":"product_tag","embeddable":true,"href":"https:\/\/uj.adatbank.ro\/lexikon\/wp-json\/wp\/v2\/product_tag?post=7108"}],"curies":[{"name":"wp","href":"https:\/\/api.w.org\/{rel}","templated":true}]}}

DUDUTZ János

<p>1862 † Mv., 1918. márc. 18.: kereskedő. – Testvérei: Antal, István, Ferenc, Gerő, Irma Pototzky Péterné. Felesége: Virágh Gizella. Gyermekei: Annuska, Ernő. – Nem volt képeslap kiadó, de üzletében forgalmazta azokat és figyelemfelkeltés érdekében verses reklámszöveket közölt a Székely Naptárban (1902–04). A Kereskedő Társulat alelnöke (1887). A mai Horea u. 14. sz. alatti szecessziós stílusú lakóház tulajdonosa, amelyet Balogh János kőművesmester épített (1904. ápr. –). <br /><strong>Irod.:</strong> Csepreghy; Gyászjelentő; Időtár 2; Man: Tg. M. 2.; Mv.-i örmények</br></p>

<p>1862 † Mv., 1918. márc. 18.: kereskedő. – Testvérei: Antal, István, Ferenc, Gerő, Irma Pototzky Péterné. Felesége: Virágh Gizella. Gyermekei: Annuska, Ernő. – Nem volt képeslap kiadó, de üzletében forgalmazta azokat és figyelemfelkeltés érdekében verses reklámszöveket közölt a Székely Naptárban (1902–04). A Kereskedő Társulat alelnöke (1887). A mai Horea u. 14. sz. alatti szecessziós stílusú [&hellip;]</p>
