{"id":7110,"date":"2025-06-28T18:15:14","date_gmt":"2025-06-28T16:15:14","guid":{"rendered":"https:\/\/uj.adatbank.ro\/lexikon\/termek\/dudutz-zoltan-duducz-zoltan\/"},"modified":"2025-06-28T18:15:14","modified_gmt":"2025-06-28T16:15:14","slug":"dudutz-zoltan-duducz-zoltan","status":"publish","type":"product","link":"https:\/\/uj.adatbank.ro\/lexikon\/termek\/dudutz-zoltan-duducz-zoltan\/","title":{"rendered":"DUDUTZ Zolt\u00e1n, Duducz Zolt\u00e1n"},"content":{"rendered":"<p>Ilyefalva, 1886., \u2020\u00a0? : dr., f\u0151orvos. \u2013 Az egyetemet Kv.-on v\u00e9gezte, majd a helybeli klinik\u00e1n praktiz\u00e1lt. Dolgozott a z\u00e1gr\u00e1bbi katonai k\u00f3rh\u00e1zban, Bors\u00e1n mint j\u00e1r\u00e1si k\u00f6rorvos, majd Dics\u0151szentm\u00e1rtonban mint v\u00e1rosi f\u0151orvos (1921\u2013), ahol sokat f\u00e1radozott a v\u00e1ros eg\u00e9szs\u00e9g\u00fcgyi viszonyainak megjav\u00edt\u00e1s\u00e1n, f\u0151leg az \u00faj temet\u0151 rendez\u00e9se, az utcai \u00f6nt\u00f6z\u0151g\u00e9p beszerz\u00e9se \u00e9s a v\u00edzvezet\u00e9k k\u00e9rd\u00e9se foglalkoztatta. Sepsiszentgy\u00f6rgy\u00f6n sorozatos ismeretterjeszt\u0151 el\u0151ad\u00e1sokat tartott a fert\u0151z\u0151 \u00e9s szoci\u00e1lis betegs\u00e9gekr\u0151l; a Rom\u00e1ni\u00e1ban \u00e9rv\u00e9nyes eg\u00e9szs\u00e9g\u00fcgyi t\u00f6rv\u00e9nyeket \u00e9s szab\u00e1lyrendeleteket leford\u00edtotta magyarra. A Ferenc J\u00f3zsef Rend hadi\u00e9kitm\u00e9nyes Lovag Keresztj\u00e9vel, a Rom\u00e1n Koronarend Tiszti Keresztj\u00e9vel \u00e9s m\u00e9g sz\u00e1mos rendjellel t\u00fcntett\u00e9k ki. \u2013 <strong>F. m.:<\/strong> A Rom\u00e1nia ter\u00fclet\u00e9n \u00e9rv\u00e9nyes eg\u00e9szs\u00e9g\u00fcgyi t\u00f6rv\u00e9nyek \u00e9s szab\u00e1lyrendeletek I-II. (Sepsiszentgy\u00f6rgy, 1922). <br \/><strong>Irod.:<\/strong> Genersich; Ki kicsoda\u00a0?<\/br><\/p>\n","protected":false},"excerpt":{"rendered":"<p>Ilyefalva, 1886., \u2020\u00a0? : dr., f\u0151orvos. \u2013 Az egyetemet Kv.-on v\u00e9gezte, majd a helybeli klinik\u00e1n praktiz\u00e1lt. Dolgozott a z\u00e1gr\u00e1bbi katonai k\u00f3rh\u00e1zban, Bors\u00e1n mint j\u00e1r\u00e1si k\u00f6rorvos, majd Dics\u0151szentm\u00e1rtonban mint v\u00e1rosi f\u0151orvos (1921\u2013), ahol sokat f\u00e1radozott a v\u00e1ros eg\u00e9szs\u00e9g\u00fcgyi viszonyainak megjav\u00edt\u00e1s\u00e1n, f\u0151leg az \u00faj temet\u0151 rendez\u00e9se, az utcai \u00f6nt\u00f6z\u0151g\u00e9p beszerz\u00e9se \u00e9s a v\u00edzvezet\u00e9k k\u00e9rd\u00e9se foglalkoztatta. Sepsiszentgy\u00f6rgy\u00f6n sorozatos [&hellip;]<\/p>\n","protected":false},"featured_media":0,"comment_status":"open","ping_status":"closed","template":"","meta":[],"product_brand":[],"product_cat":[137],"product_tag":[],"class_list":{"0":"post-7110","1":"product","2":"type-product","3":"status-publish","5":"product_cat-maros-megyei-eletrajzi-lexikon","7":"first","8":"instock","9":"shipping-taxable","10":"product-type-simple"},"_links":{"self":[{"href":"https:\/\/uj.adatbank.ro\/lexikon\/wp-json\/wp\/v2\/product\/7110","targetHints":{"allow":["GET"]}}],"collection":[{"href":"https:\/\/uj.adatbank.ro\/lexikon\/wp-json\/wp\/v2\/product"}],"about":[{"href":"https:\/\/uj.adatbank.ro\/lexikon\/wp-json\/wp\/v2\/types\/product"}],"replies":[{"embeddable":true,"href":"https:\/\/uj.adatbank.ro\/lexikon\/wp-json\/wp\/v2\/comments?post=7110"}],"wp:attachment":[{"href":"https:\/\/uj.adatbank.ro\/lexikon\/wp-json\/wp\/v2\/media?parent=7110"}],"wp:term":[{"taxonomy":"product_brand","embeddable":true,"href":"https:\/\/uj.adatbank.ro\/lexikon\/wp-json\/wp\/v2\/product_brand?post=7110"},{"taxonomy":"product_cat","embeddable":true,"href":"https:\/\/uj.adatbank.ro\/lexikon\/wp-json\/wp\/v2\/product_cat?post=7110"},{"taxonomy":"product_tag","embeddable":true,"href":"https:\/\/uj.adatbank.ro\/lexikon\/wp-json\/wp\/v2\/product_tag?post=7110"}],"curies":[{"name":"wp","href":"https:\/\/api.w.org\/{rel}","templated":true}]}}

DUDUTZ Zoltán, Duducz Zoltán

<p>Ilyefalva, 1886., † ? : dr., főorvos. – Az egyetemet Kv.-on végezte, majd a helybeli klinikán praktizált. Dolgozott a zágrábbi katonai kórházban, Borsán mint járási körorvos, majd Dicsőszentmártonban mint városi főorvos (1921–), ahol sokat fáradozott a város egészségügyi viszonyainak megjavításán, főleg az új temető rendezése, az utcai öntözőgép beszerzése és a vízvezeték kérdése foglalkoztatta. Sepsiszentgyörgyön sorozatos ismeretterjesztő előadásokat tartott a fertőző és szociális betegségekről; a Romániában érvényes egészségügyi törvényeket és szabályrendeleteket lefordította magyarra. A Ferenc József Rend hadiékitményes Lovag Keresztjével, a Román Koronarend Tiszti Keresztjével és még számos rendjellel tüntették ki. – <strong>F. m.:</strong> A Románia területén érvényes egészségügyi törvények és szabályrendeletek I-II. (Sepsiszentgyörgy, 1922). <br /><strong>Irod.:</strong> Genersich; Ki kicsoda ?</br></p>

<p>Ilyefalva, 1886., † ? : dr., főorvos. – Az egyetemet Kv.-on végezte, majd a helybeli klinikán praktizált. Dolgozott a zágrábbi katonai kórházban, Borsán mint járási körorvos, majd Dicsőszentmártonban mint városi főorvos (1921–), ahol sokat fáradozott a város egészségügyi viszonyainak megjavításán, főleg az új temető rendezése, az utcai öntözőgép beszerzése és a vízvezeték kérdése foglalkoztatta. Sepsiszentgyörgyön sorozatos [&hellip;]</p>
