{"id":7112,"date":"2025-06-28T18:15:18","date_gmt":"2025-06-28T16:15:18","guid":{"rendered":"https:\/\/uj.adatbank.ro\/lexikon\/termek\/duha-ivan\/"},"modified":"2025-06-28T18:15:18","modified_gmt":"2025-06-28T16:15:18","slug":"duha-ivan","status":"publish","type":"product","link":"https:\/\/uj.adatbank.ro\/lexikon\/termek\/duha-ivan\/","title":{"rendered":"DUHA Iv\u00e1n"},"content":{"rendered":"<p>Szamos\u00fajv\u00e1r, 1844., \u2020 1925.: f\u00f6ldbirtokos. \u2013 A csal\u00e1d \u0151sr\u00e9gi \u00f6rm\u00e9ny sz\u00e1rmaz\u00e1s\u00fa. Feles\u00e9ge: N\u00e9meth Gizella. Gyermek\u00fck: J\u00falia (1900- Mez\u0151r\u00fccs, 1903. dec. 12.). \u2013 \u00c9retts\u00e9gizett Nagyszebenben, majd apja mellett tanulta a gazd\u00e1lkod\u00e1st. \u00d6n\u00e1ll\u00f3an gazd\u00e1lkodott Mez\u0151r\u00fccs\u00f6n (1867\u2013) 300 holdas csal\u00e1di birtok\u00e1n. Egyh\u00e1zi f\u0151gondnok volt. <br \/><strong>Irod.:<\/strong> Gudenus: \u00d6rm\u00e9ny csal\u00e1dok; Sz\u00e9kelyf\u00f6ld \u00ed. k.<\/br><\/p>\n","protected":false},"excerpt":{"rendered":"<p>Szamos\u00fajv\u00e1r, 1844., \u2020 1925.: f\u00f6ldbirtokos. \u2013 A csal\u00e1d \u0151sr\u00e9gi \u00f6rm\u00e9ny sz\u00e1rmaz\u00e1s\u00fa. Feles\u00e9ge: N\u00e9meth Gizella. Gyermek\u00fck: J\u00falia (1900- Mez\u0151r\u00fccs, 1903. dec. 12.). \u2013 \u00c9retts\u00e9gizett Nagyszebenben, majd apja mellett tanulta a gazd\u00e1lkod\u00e1st. \u00d6n\u00e1ll\u00f3an gazd\u00e1lkodott Mez\u0151r\u00fccs\u00f6n (1867\u2013) 300 holdas csal\u00e1di birtok\u00e1n. Egyh\u00e1zi f\u0151gondnok volt. Irod.: Gudenus: \u00d6rm\u00e9ny csal\u00e1dok; Sz\u00e9kelyf\u00f6ld \u00ed. k.<\/p>\n","protected":false},"featured_media":0,"comment_status":"open","ping_status":"closed","template":"","meta":[],"product_brand":[],"product_cat":[137],"product_tag":[],"class_list":{"0":"post-7112","1":"product","2":"type-product","3":"status-publish","5":"product_cat-maros-megyei-eletrajzi-lexikon","7":"first","8":"instock","9":"shipping-taxable","10":"product-type-simple"},"_links":{"self":[{"href":"https:\/\/uj.adatbank.ro\/lexikon\/wp-json\/wp\/v2\/product\/7112","targetHints":{"allow":["GET"]}}],"collection":[{"href":"https:\/\/uj.adatbank.ro\/lexikon\/wp-json\/wp\/v2\/product"}],"about":[{"href":"https:\/\/uj.adatbank.ro\/lexikon\/wp-json\/wp\/v2\/types\/product"}],"replies":[{"embeddable":true,"href":"https:\/\/uj.adatbank.ro\/lexikon\/wp-json\/wp\/v2\/comments?post=7112"}],"wp:attachment":[{"href":"https:\/\/uj.adatbank.ro\/lexikon\/wp-json\/wp\/v2\/media?parent=7112"}],"wp:term":[{"taxonomy":"product_brand","embeddable":true,"href":"https:\/\/uj.adatbank.ro\/lexikon\/wp-json\/wp\/v2\/product_brand?post=7112"},{"taxonomy":"product_cat","embeddable":true,"href":"https:\/\/uj.adatbank.ro\/lexikon\/wp-json\/wp\/v2\/product_cat?post=7112"},{"taxonomy":"product_tag","embeddable":true,"href":"https:\/\/uj.adatbank.ro\/lexikon\/wp-json\/wp\/v2\/product_tag?post=7112"}],"curies":[{"name":"wp","href":"https:\/\/api.w.org\/{rel}","templated":true}]}}