{"id":7116,"date":"2025-06-28T18:15:25","date_gmt":"2025-06-28T16:15:25","guid":{"rendered":"https:\/\/uj.adatbank.ro\/lexikon\/termek\/duha-tibor\/"},"modified":"2025-06-28T18:15:25","modified_gmt":"2025-06-28T16:15:25","slug":"duha-tibor","status":"publish","type":"product","link":"https:\/\/uj.adatbank.ro\/lexikon\/termek\/duha-tibor\/","title":{"rendered":"DUHA Tibor"},"content":{"rendered":"<p>Mv., 1887. okt. 23., \u2020\u00a01994.: \u00fcgyv\u00e9d. \u2013 D. Mih\u00e1ly \u00e9s Irma fia. Testv\u00e9re Duha Magda \u00c9va (1918\u20132007) \u2013 Mv.-en a r. k. egyh\u00e1ztan\u00e1cs tagja \u00e9s jogtan\u00e1csosa, dr., a Kereszt\u00e9ny Misszi\u00f3 T\u00e1rsulat \u00e9s a Katolikus Leg\u00e9nyegylet eln\u00f6kitan\u00e1cs tagja \u00e9s jogtan\u00e1csosa, a Kat. Gimn. \u00e9s Tan\u00edt\u00f3k\u00e9pz\u0151 jogtan\u00e1csosa, a R. K. Egyh\u00e1ztan\u00e1cs tan\u00e1csosa (1939), v\u00e1lasztott k\u00e9pvisel\u0151je D\u00e1vid J\u00e1nossal (1939\u2013), az OMP aleln\u00f6ke (1936); az Erd\u00e9lyi P\u00e1rt tagja, aleln\u00f6ke (1942). A mv.-i \u00fcgyv\u00e9di kamara eln\u00f6khelyettese (1940\u201344). A Mv.-i Kaszin\u00f3 v\u00e1lasztm\u00e1nyi tagja (1932\u2013). Zenekritikai \u00e9s eszt\u00e9tikai cikkei jelentek meg a helyi lapokban. Heged\u0171s. A securitate megfigyeltette (1952. k.). <br \/><strong>Irod.:<\/strong> Almanah Tg. M.; Bartos 2012; Bi\u00e1s Istv\u00e1n; Bottoni 2006; EM, Id\u0151t\u00e1r 3; Maros-k\u00fck\u00fcll\u0151i f\u0151esp.; Mv.-i \u00f6rm\u00e9nyek<\/br><\/p>\n","protected":false},"excerpt":{"rendered":"<p>Mv., 1887. okt. 23., \u2020\u00a01994.: \u00fcgyv\u00e9d. \u2013 D. Mih\u00e1ly \u00e9s Irma fia. Testv\u00e9re Duha Magda \u00c9va (1918\u20132007) \u2013 Mv.-en a r. k. egyh\u00e1ztan\u00e1cs tagja \u00e9s jogtan\u00e1csosa, dr., a Kereszt\u00e9ny Misszi\u00f3 T\u00e1rsulat \u00e9s a Katolikus Leg\u00e9nyegylet eln\u00f6kitan\u00e1cs tagja \u00e9s jogtan\u00e1csosa, a Kat. Gimn. \u00e9s Tan\u00edt\u00f3k\u00e9pz\u0151 jogtan\u00e1csosa, a R. K. Egyh\u00e1ztan\u00e1cs tan\u00e1csosa (1939), v\u00e1lasztott k\u00e9pvisel\u0151je D\u00e1vid J\u00e1nossal [&hellip;]<\/p>\n","protected":false},"featured_media":0,"comment_status":"open","ping_status":"closed","template":"","meta":[],"product_brand":[],"product_cat":[137],"product_tag":[],"class_list":{"0":"post-7116","1":"product","2":"type-product","3":"status-publish","5":"product_cat-maros-megyei-eletrajzi-lexikon","7":"first","8":"instock","9":"shipping-taxable","10":"product-type-simple"},"_links":{"self":[{"href":"https:\/\/uj.adatbank.ro\/lexikon\/wp-json\/wp\/v2\/product\/7116","targetHints":{"allow":["GET"]}}],"collection":[{"href":"https:\/\/uj.adatbank.ro\/lexikon\/wp-json\/wp\/v2\/product"}],"about":[{"href":"https:\/\/uj.adatbank.ro\/lexikon\/wp-json\/wp\/v2\/types\/product"}],"replies":[{"embeddable":true,"href":"https:\/\/uj.adatbank.ro\/lexikon\/wp-json\/wp\/v2\/comments?post=7116"}],"wp:attachment":[{"href":"https:\/\/uj.adatbank.ro\/lexikon\/wp-json\/wp\/v2\/media?parent=7116"}],"wp:term":[{"taxonomy":"product_brand","embeddable":true,"href":"https:\/\/uj.adatbank.ro\/lexikon\/wp-json\/wp\/v2\/product_brand?post=7116"},{"taxonomy":"product_cat","embeddable":true,"href":"https:\/\/uj.adatbank.ro\/lexikon\/wp-json\/wp\/v2\/product_cat?post=7116"},{"taxonomy":"product_tag","embeddable":true,"href":"https:\/\/uj.adatbank.ro\/lexikon\/wp-json\/wp\/v2\/product_tag?post=7116"}],"curies":[{"name":"wp","href":"https:\/\/api.w.org\/{rel}","templated":true}]}}

<p>Mv., 1887. okt. 23., † 1994.: ügyvéd. – D. Mihály és Irma fia. Testvére Duha Magda Éva (1918–2007) – Mv.-en a r. k. egyháztanács tagja és jogtanácsosa, dr., a Keresztény Misszió Társulat és a Katolikus Legényegylet elnökitanács tagja és jogtanácsosa, a Kat. Gimn. és Tanítóképző jogtanácsosa, a R. K. Egyháztanács tanácsosa (1939), választott képviselője Dávid Jánossal (1939–), az OMP alelnöke (1936); az Erdélyi Párt tagja, alelnöke (1942). A mv.-i ügyvédi kamara elnökhelyettese (1940–44). A Mv.-i Kaszinó választmányi tagja (1932–). Zenekritikai és esztétikai cikkei jelentek meg a helyi lapokban. Hegedűs. A securitate megfigyeltette (1952. k.). <br /><strong>Irod.:</strong> Almanah Tg. M.; Bartos 2012; Biás István; Bottoni 2006; EM, Időtár 3; Maros-küküllői főesp.; Mv.-i örmények</br></p>

<p>Mv., 1887. okt. 23., † 1994.: ügyvéd. – D. Mihály és Irma fia. Testvére Duha Magda Éva (1918–2007) – Mv.-en a r. k. egyháztanács tagja és jogtanácsosa, dr., a Keresztény Misszió Társulat és a Katolikus Legényegylet elnökitanács tagja és jogtanácsosa, a Kat. Gimn. és Tanítóképző jogtanácsosa, a R. K. Egyháztanács tanácsosa (1939), választott képviselője Dávid Jánossal [&hellip;]</p>
