{"id":7118,"date":"2025-06-28T18:15:30","date_gmt":"2025-06-28T16:15:30","guid":{"rendered":"https:\/\/uj.adatbank.ro\/lexikon\/termek\/duica-constantin\/"},"modified":"2025-06-28T18:15:30","modified_gmt":"2025-06-28T16:15:30","slug":"duica-constantin","status":"publish","type":"product","link":"https:\/\/uj.adatbank.ro\/lexikon\/termek\/duica-constantin\/","title":{"rendered":"DUIC\u0102 Constantin"},"content":{"rendered":"<p>Filia\u015f, ? \u2020 Buc., 1990 vagy 1991\u00a0: szerk., tan\u00e1r, dramaturg. \u2013 A kv.-i BBTE filol\u00f3gia kar\u00e1n v\u00e9gzett. A Mv.-i R\u00e1di\u00f3studi\u00f3 szerk.-je (1964\u201368); a Pedag\u00f3gia F\u0151iskol\u00e1n tan\u00e1rseg\u00e9d (1968\u201385). \u2013 <strong>F. m.:<\/strong> J\u00f6tt egy ember: Sz\u00ednm\u0171 k\u00e9t k\u00e9pben (Ford. Ferencz L\u00e1szl\u00f3; Buk., 1975); C\u00eend apune soarele: Pies\u0103 \u00een dou\u0103 p\u0103r\u0163i (Buc., 1977); Bib\u00f3 \u00e9s a t\u00f6bbiek. Egyfelvon\u00e1sos sz\u00edndarab. (<strong><strong>Ford.:<\/strong><\/strong> Schiff J\u00falia. Temesv\u00e1r, 1978); Chemarea Unirii: evocare dramatic\u0103 \u00een dou\u0103 p\u0103r\u0163i (Buc., 1983). <br \/><strong>Irod.:<\/strong> MMK<\/br><\/p>\n","protected":false},"excerpt":{"rendered":"<p>Filia\u015f, ? \u2020 Buc., 1990 vagy 1991\u00a0: szerk., tan\u00e1r, dramaturg. \u2013 A kv.-i BBTE filol\u00f3gia kar\u00e1n v\u00e9gzett. A Mv.-i R\u00e1di\u00f3studi\u00f3 szerk.-je (1964\u201368); a Pedag\u00f3gia F\u0151iskol\u00e1n tan\u00e1rseg\u00e9d (1968\u201385). \u2013 F. m.: J\u00f6tt egy ember: Sz\u00ednm\u0171 k\u00e9t k\u00e9pben (Ford. Ferencz L\u00e1szl\u00f3; Buk., 1975); C\u00eend apune soarele: Pies\u0103 \u00een dou\u0103 p\u0103r\u0163i (Buc., 1977); Bib\u00f3 \u00e9s a t\u00f6bbiek. Egyfelvon\u00e1sos [&hellip;]<\/p>\n","protected":false},"featured_media":0,"comment_status":"open","ping_status":"closed","template":"","meta":[],"product_brand":[],"product_cat":[137],"product_tag":[],"class_list":{"0":"post-7118","1":"product","2":"type-product","3":"status-publish","5":"product_cat-maros-megyei-eletrajzi-lexikon","7":"first","8":"instock","9":"shipping-taxable","10":"product-type-simple"},"_links":{"self":[{"href":"https:\/\/uj.adatbank.ro\/lexikon\/wp-json\/wp\/v2\/product\/7118","targetHints":{"allow":["GET"]}}],"collection":[{"href":"https:\/\/uj.adatbank.ro\/lexikon\/wp-json\/wp\/v2\/product"}],"about":[{"href":"https:\/\/uj.adatbank.ro\/lexikon\/wp-json\/wp\/v2\/types\/product"}],"replies":[{"embeddable":true,"href":"https:\/\/uj.adatbank.ro\/lexikon\/wp-json\/wp\/v2\/comments?post=7118"}],"wp:attachment":[{"href":"https:\/\/uj.adatbank.ro\/lexikon\/wp-json\/wp\/v2\/media?parent=7118"}],"wp:term":[{"taxonomy":"product_brand","embeddable":true,"href":"https:\/\/uj.adatbank.ro\/lexikon\/wp-json\/wp\/v2\/product_brand?post=7118"},{"taxonomy":"product_cat","embeddable":true,"href":"https:\/\/uj.adatbank.ro\/lexikon\/wp-json\/wp\/v2\/product_cat?post=7118"},{"taxonomy":"product_tag","embeddable":true,"href":"https:\/\/uj.adatbank.ro\/lexikon\/wp-json\/wp\/v2\/product_tag?post=7118"}],"curies":[{"name":"wp","href":"https:\/\/api.w.org\/{rel}","templated":true}]}}