{"id":7120,"date":"2025-06-28T18:15:33","date_gmt":"2025-06-28T16:15:33","guid":{"rendered":"https:\/\/uj.adatbank.ro\/lexikon\/termek\/dujardin-jozsef\/"},"modified":"2025-06-28T18:15:33","modified_gmt":"2025-06-28T16:15:33","slug":"dujardin-jozsef","status":"publish","type":"product","link":"https:\/\/uj.adatbank.ro\/lexikon\/termek\/dujardin-jozsef\/","title":{"rendered":"DUJARDIN J\u00f3zsef"},"content":{"rendered":"<p>? \u2020\u00a0Mv., 1771. m\u00e1rc. 30.: f\u00f6ldes\u00far. \u2013 A nagykeresi csal\u00e1d a XVII sz.-ban Franciao. -b\u00f3l ker\u00fclt Erd\u00e9lybe. G\u00e1ncs \u00e9s Gyulatelke k\u00f6zs\u00e9gekben voltak birtokai. Jobb\u00e1gyaival szemben rendkiv\u00fcli m\u00f3don kegyetlenkedett (1759\u201371). AKorm\u00e1nysz\u00e9k elfogatta \u00e9s Szamosujv\u00e1rra sz\u00e1ll\u00edtott\u00e1k, onnan megsz\u00f6k\u00f6tt de nem sok\u00e1ig bujk\u00e1lt mert ism\u00e9t beb\u00f6rt\u00f6n\u00f6zt\u00e9k \u00e9s a mv.-i Kir. T\u00e1bla el\u00e9 \u00e1ll\u00edtott\u00e1k, ott joger\u0151sen hal\u00e1lra \u00edt\u00e9lt\u00e9k. Borb\u00e1la nev\u0171 l\u00e1nya megl\u00e1togatta v\u00e9g\u00f3r\u00e1iban \u00e9s m\u00e9rget adott apj\u00e1nak \u00e9s m\u00e1snap meghalt. <br \/><strong>Irod.:<\/strong> Id\u0151t\u00e1r 1; Kr\u00f3n. F\u00fcz. (1936. 13\u201314)<\/br><\/p>\n","protected":false},"excerpt":{"rendered":"<p>? \u2020\u00a0Mv., 1771. m\u00e1rc. 30.: f\u00f6ldes\u00far. \u2013 A nagykeresi csal\u00e1d a XVII sz.-ban Franciao. -b\u00f3l ker\u00fclt Erd\u00e9lybe. G\u00e1ncs \u00e9s Gyulatelke k\u00f6zs\u00e9gekben voltak birtokai. Jobb\u00e1gyaival szemben rendkiv\u00fcli m\u00f3don kegyetlenkedett (1759\u201371). AKorm\u00e1nysz\u00e9k elfogatta \u00e9s Szamosujv\u00e1rra sz\u00e1ll\u00edtott\u00e1k, onnan megsz\u00f6k\u00f6tt de nem sok\u00e1ig bujk\u00e1lt mert ism\u00e9t beb\u00f6rt\u00f6n\u00f6zt\u00e9k \u00e9s a mv.-i Kir. T\u00e1bla el\u00e9 \u00e1ll\u00edtott\u00e1k, ott joger\u0151sen hal\u00e1lra \u00edt\u00e9lt\u00e9k. Borb\u00e1la [&hellip;]<\/p>\n","protected":false},"featured_media":0,"comment_status":"open","ping_status":"closed","template":"","meta":[],"product_brand":[],"product_cat":[137],"product_tag":[],"class_list":{"0":"post-7120","1":"product","2":"type-product","3":"status-publish","5":"product_cat-maros-megyei-eletrajzi-lexikon","7":"first","8":"instock","9":"shipping-taxable","10":"product-type-simple"},"_links":{"self":[{"href":"https:\/\/uj.adatbank.ro\/lexikon\/wp-json\/wp\/v2\/product\/7120","targetHints":{"allow":["GET"]}}],"collection":[{"href":"https:\/\/uj.adatbank.ro\/lexikon\/wp-json\/wp\/v2\/product"}],"about":[{"href":"https:\/\/uj.adatbank.ro\/lexikon\/wp-json\/wp\/v2\/types\/product"}],"replies":[{"embeddable":true,"href":"https:\/\/uj.adatbank.ro\/lexikon\/wp-json\/wp\/v2\/comments?post=7120"}],"wp:attachment":[{"href":"https:\/\/uj.adatbank.ro\/lexikon\/wp-json\/wp\/v2\/media?parent=7120"}],"wp:term":[{"taxonomy":"product_brand","embeddable":true,"href":"https:\/\/uj.adatbank.ro\/lexikon\/wp-json\/wp\/v2\/product_brand?post=7120"},{"taxonomy":"product_cat","embeddable":true,"href":"https:\/\/uj.adatbank.ro\/lexikon\/wp-json\/wp\/v2\/product_cat?post=7120"},{"taxonomy":"product_tag","embeddable":true,"href":"https:\/\/uj.adatbank.ro\/lexikon\/wp-json\/wp\/v2\/product_tag?post=7120"}],"curies":[{"name":"wp","href":"https:\/\/api.w.org\/{rel}","templated":true}]}}

DUJARDIN József

<p>? † Mv., 1771. márc. 30.: földesúr. – A nagykeresi család a XVII sz.-ban Franciao. -ból került Erdélybe. Gáncs és Gyulatelke községekben voltak birtokai. Jobbágyaival szemben rendkivüli módon kegyetlenkedett (1759–71). AKormányszék elfogatta és Szamosujvárra szállították, onnan megszökött de nem sokáig bujkált mert ismét bebörtönözték és a mv.-i Kir. Tábla elé állították, ott jogerősen halálra ítélték. Borbála nevű lánya meglátogatta végóráiban és mérget adott apjának és másnap meghalt. <br /><strong>Irod.:</strong> Időtár 1; Krón. Füz. (1936. 13–14)</br></p>

<p>? † Mv., 1771. márc. 30.: földesúr. – A nagykeresi család a XVII sz.-ban Franciao. -ból került Erdélybe. Gáncs és Gyulatelke községekben voltak birtokai. Jobbágyaival szemben rendkivüli módon kegyetlenkedett (1759–71). AKormányszék elfogatta és Szamosujvárra szállították, onnan megszökött de nem sokáig bujkált mert ismét bebörtönözték és a mv.-i Kir. Tábla elé állították, ott jogerősen halálra ítélték. Borbála [&hellip;]</p>
