{"id":7123,"date":"2025-06-28T18:15:38","date_gmt":"2025-06-28T16:15:38","guid":{"rendered":"https:\/\/uj.adatbank.ro\/lexikon\/termek\/dukat-jozsef\/"},"modified":"2025-06-28T18:15:38","modified_gmt":"2025-06-28T16:15:38","slug":"dukat-jozsef","status":"publish","type":"product","link":"https:\/\/uj.adatbank.ro\/lexikon\/termek\/dukat-jozsef\/","title":{"rendered":"DUK\u00c1T J\u00f3zsef"},"content":{"rendered":"<p>Sz\u00e9kelykereszt\u00far, 1916. jan. 10., \u2020\u00a0Bereck, 1986. febr. 2.: r. k. pap. \u2013 Tanult Sz\u00e9kelyudvarhelyen, Nagyv\u00e1radon, Kv.-on. Papp\u00e1 szentelt\u00e9k Kv.-on (1943. j\u00fan. 7.). K\u00e1pl\u00e1n Ny\u00e1r\u00e1dremet\u00e9n (1943), Cs\u00edkszentgy\u00f6rgy\u00f6n \u00e9s K\u00e9zdiszentl\u00e9leken (1944), Sz\u00e9kelyudvarhelyen (1945), Brass\u00f3-Zernyesten (1949). Pl\u00e9b\u00e1nos Ny\u00e1r\u00e1dsely\u00e9n (1951), Mikh\u00e1z\u00e1n (1952). B\u00f6rt\u00f6nben, majd intern\u00e1lva volt (1953\u201364). Bereckben pl\u00e9b\u00e1nos, p\u00e1pai k\u00e1pl\u00e1n (1964). <br \/><strong>Irod.:<\/strong> Ferenczi S\u00e1ndor 2009<\/br><\/p>\n","protected":false},"excerpt":{"rendered":"<p>Sz\u00e9kelykereszt\u00far, 1916. jan. 10., \u2020\u00a0Bereck, 1986. febr. 2.: r. k. pap. \u2013 Tanult Sz\u00e9kelyudvarhelyen, Nagyv\u00e1radon, Kv.-on. Papp\u00e1 szentelt\u00e9k Kv.-on (1943. j\u00fan. 7.). K\u00e1pl\u00e1n Ny\u00e1r\u00e1dremet\u00e9n (1943), Cs\u00edkszentgy\u00f6rgy\u00f6n \u00e9s K\u00e9zdiszentl\u00e9leken (1944), Sz\u00e9kelyudvarhelyen (1945), Brass\u00f3-Zernyesten (1949). Pl\u00e9b\u00e1nos Ny\u00e1r\u00e1dsely\u00e9n (1951), Mikh\u00e1z\u00e1n (1952). B\u00f6rt\u00f6nben, majd intern\u00e1lva volt (1953\u201364). Bereckben pl\u00e9b\u00e1nos, p\u00e1pai k\u00e1pl\u00e1n (1964). Irod.: Ferenczi S\u00e1ndor 2009<\/p>\n","protected":false},"featured_media":0,"comment_status":"open","ping_status":"closed","template":"","meta":[],"product_brand":[],"product_cat":[137],"product_tag":[],"class_list":{"0":"post-7123","1":"product","2":"type-product","3":"status-publish","5":"product_cat-maros-megyei-eletrajzi-lexikon","7":"first","8":"instock","9":"shipping-taxable","10":"product-type-simple"},"_links":{"self":[{"href":"https:\/\/uj.adatbank.ro\/lexikon\/wp-json\/wp\/v2\/product\/7123","targetHints":{"allow":["GET"]}}],"collection":[{"href":"https:\/\/uj.adatbank.ro\/lexikon\/wp-json\/wp\/v2\/product"}],"about":[{"href":"https:\/\/uj.adatbank.ro\/lexikon\/wp-json\/wp\/v2\/types\/product"}],"replies":[{"embeddable":true,"href":"https:\/\/uj.adatbank.ro\/lexikon\/wp-json\/wp\/v2\/comments?post=7123"}],"wp:attachment":[{"href":"https:\/\/uj.adatbank.ro\/lexikon\/wp-json\/wp\/v2\/media?parent=7123"}],"wp:term":[{"taxonomy":"product_brand","embeddable":true,"href":"https:\/\/uj.adatbank.ro\/lexikon\/wp-json\/wp\/v2\/product_brand?post=7123"},{"taxonomy":"product_cat","embeddable":true,"href":"https:\/\/uj.adatbank.ro\/lexikon\/wp-json\/wp\/v2\/product_cat?post=7123"},{"taxonomy":"product_tag","embeddable":true,"href":"https:\/\/uj.adatbank.ro\/lexikon\/wp-json\/wp\/v2\/product_tag?post=7123"}],"curies":[{"name":"wp","href":"https:\/\/api.w.org\/{rel}","templated":true}]}}

DUKÁT József

<p>Székelykeresztúr, 1916. jan. 10., † Bereck, 1986. febr. 2.: r. k. pap. – Tanult Székelyudvarhelyen, Nagyváradon, Kv.-on. Pappá szentelték Kv.-on (1943. jún. 7.). Káplán Nyárádremetén (1943), Csíkszentgyörgyön és Kézdiszentléleken (1944), Székelyudvarhelyen (1945), Brassó-Zernyesten (1949). Plébános Nyárádselyén (1951), Mikházán (1952). Börtönben, majd internálva volt (1953–64). Bereckben plébános, pápai káplán (1964). <br /><strong>Irod.:</strong> Ferenczi Sándor 2009</br></p>

<p>Székelykeresztúr, 1916. jan. 10., † Bereck, 1986. febr. 2.: r. k. pap. – Tanult Székelyudvarhelyen, Nagyváradon, Kv.-on. Pappá szentelték Kv.-on (1943. jún. 7.). Káplán Nyárádremetén (1943), Csíkszentgyörgyön és Kézdiszentléleken (1944), Székelyudvarhelyen (1945), Brassó-Zernyesten (1949). Plébános Nyárádselyén (1951), Mikházán (1952). Börtönben, majd internálva volt (1953–64). Bereckben plébános, pápai káplán (1964). Irod.: Ferenczi Sándor 2009</p>
