{"id":7126,"date":"2025-06-28T18:15:44","date_gmt":"2025-06-28T16:15:44","guid":{"rendered":"https:\/\/uj.adatbank.ro\/lexikon\/termek\/duldner-johannes\/"},"modified":"2025-06-28T18:15:44","modified_gmt":"2025-06-28T16:15:44","slug":"duldner-johannes","status":"publish","type":"product","link":"https:\/\/uj.adatbank.ro\/lexikon\/termek\/duldner-johannes\/","title":{"rendered":"DULDNER Johannes"},"content":{"rendered":"<p>Segesv\u00e1r, 1855. m\u00e1rc. 19., 1854. m\u00e1rc. 18 \u2020\u00a0?: ev. tan\u00edt\u00f3. \u2013 Apja lelk\u00e9sz. A segesv\u00e1ri gimn.-ban v\u00e9gzett (1874); teol\u00f3giai \u00e9s filoz\u00f3fiai tanulm\u00e1nyait T\u00fcbingenben a Hittud. Karon (1874\u201375), Berlinben a Hittud. Karon (1875\u201377) \u00e9s Gr\u00e1cban a B\u00f6lcs\u00e9sz Karon folytatta (1877). Hazat\u00e9rve a segesv\u00e1ri ev. Iskola tan\u00edt\u00f3ja (1881. aug. 14. \u2013 1900), majd nyugd\u00edjaz\u00e1s\u00e1ig az ev. gimn. tan\u00e1ra (1900\u201314). <strong>Cikkei:<\/strong> A segesv\u00e1ri Ev. Gimn Progr.; Archiv des Vereins f\u00fcr Siebenb. Landeskunde. A Duldner -h\u00e1z, Segesv\u00e1ron \u00e9p\u00fclt a 17. sz.-ban, az \u201eA\u201d kateg\u00f3ri\u00e1ba tartoz\u00f3 m\u0171eml\u00e9k (V\u00e1r \/ Cet\u0103\u0163ii t\u00e9r 6.). \u2013 <strong>F. m.:<\/strong> <strong>t\u00e1rssz.:<\/strong> Aus der Vergangenheit und Gegenwart der s\u00e4chsischen Gemeinde Radeln (apj\u00e1val, Sch\u00e4ssburg, 1882). <br \/><strong>Irod.:<\/strong> Guly\u00e1s; Szab\u00f3\u2013Simon\u2013Sz\u00f6gi; Valori mure\u015fene de patrimoniu<\/br><\/p>\n","protected":false},"excerpt":{"rendered":"<p>Segesv\u00e1r, 1855. m\u00e1rc. 19., 1854. m\u00e1rc. 18 \u2020\u00a0?: ev. tan\u00edt\u00f3. \u2013 Apja lelk\u00e9sz. A segesv\u00e1ri gimn.-ban v\u00e9gzett (1874); teol\u00f3giai \u00e9s filoz\u00f3fiai tanulm\u00e1nyait T\u00fcbingenben a Hittud. Karon (1874\u201375), Berlinben a Hittud. Karon (1875\u201377) \u00e9s Gr\u00e1cban a B\u00f6lcs\u00e9sz Karon folytatta (1877). Hazat\u00e9rve a segesv\u00e1ri ev. Iskola tan\u00edt\u00f3ja (1881. aug. 14. \u2013 1900), majd nyugd\u00edjaz\u00e1s\u00e1ig az ev. gimn. [&hellip;]<\/p>\n","protected":false},"featured_media":0,"comment_status":"open","ping_status":"closed","template":"","meta":[],"product_brand":[],"product_cat":[137],"product_tag":[],"class_list":{"0":"post-7126","1":"product","2":"type-product","3":"status-publish","5":"product_cat-maros-megyei-eletrajzi-lexikon","7":"first","8":"instock","9":"shipping-taxable","10":"product-type-simple"},"_links":{"self":[{"href":"https:\/\/uj.adatbank.ro\/lexikon\/wp-json\/wp\/v2\/product\/7126","targetHints":{"allow":["GET"]}}],"collection":[{"href":"https:\/\/uj.adatbank.ro\/lexikon\/wp-json\/wp\/v2\/product"}],"about":[{"href":"https:\/\/uj.adatbank.ro\/lexikon\/wp-json\/wp\/v2\/types\/product"}],"replies":[{"embeddable":true,"href":"https:\/\/uj.adatbank.ro\/lexikon\/wp-json\/wp\/v2\/comments?post=7126"}],"wp:attachment":[{"href":"https:\/\/uj.adatbank.ro\/lexikon\/wp-json\/wp\/v2\/media?parent=7126"}],"wp:term":[{"taxonomy":"product_brand","embeddable":true,"href":"https:\/\/uj.adatbank.ro\/lexikon\/wp-json\/wp\/v2\/product_brand?post=7126"},{"taxonomy":"product_cat","embeddable":true,"href":"https:\/\/uj.adatbank.ro\/lexikon\/wp-json\/wp\/v2\/product_cat?post=7126"},{"taxonomy":"product_tag","embeddable":true,"href":"https:\/\/uj.adatbank.ro\/lexikon\/wp-json\/wp\/v2\/product_tag?post=7126"}],"curies":[{"name":"wp","href":"https:\/\/api.w.org\/{rel}","templated":true}]}}

<p>Segesvár, 1855. márc. 19., 1854. márc. 18 † ?: ev. tanító. – Apja lelkész. A segesvári gimn.-ban végzett (1874); teológiai és filozófiai tanulmányait Tübingenben a Hittud. Karon (1874–75), Berlinben a Hittud. Karon (1875–77) és Grácban a Bölcsész Karon folytatta (1877). Hazatérve a segesvári ev. Iskola tanítója (1881. aug. 14. – 1900), majd nyugdíjazásáig az ev. gimn. tanára (1900–14). <strong>Cikkei:</strong> A segesvári Ev. Gimn Progr.; Archiv des Vereins für Siebenb. Landeskunde. A Duldner -ház, Segesváron épült a 17. sz.-ban, az „A” kategóriába tartozó műemlék (Vár / Cetăţii tér 6.). – <strong>F. m.:</strong> <strong>társsz.:</strong> Aus der Vergangenheit und Gegenwart der sächsischen Gemeinde Radeln (apjával, Schässburg, 1882). <br /><strong>Irod.:</strong> Gulyás; Szabó–Simon–Szögi; Valori mureşene de patrimoniu</br></p>

<p>Segesvár, 1855. márc. 19., 1854. márc. 18 † ?: ev. tanító. – Apja lelkész. A segesvári gimn.-ban végzett (1874); teológiai és filozófiai tanulmányait Tübingenben a Hittud. Karon (1874–75), Berlinben a Hittud. Karon (1875–77) és Grácban a Bölcsész Karon folytatta (1877). Hazatérve a segesvári ev. Iskola tanítója (1881. aug. 14. – 1900), majd nyugdíjazásáig az ev. gimn. [&hellip;]</p>
