{"id":7127,"date":"2025-06-28T18:15:46","date_gmt":"2025-06-28T16:15:46","guid":{"rendered":"https:\/\/uj.adatbank.ro\/lexikon\/termek\/duldner-julius\/"},"modified":"2025-06-28T18:15:46","modified_gmt":"2025-06-28T16:15:46","slug":"duldner-julius","status":"publish","type":"product","link":"https:\/\/uj.adatbank.ro\/lexikon\/termek\/duldner-julius\/","title":{"rendered":"DULDNER Julius"},"content":{"rendered":"<p>Segesv\u00e1r, 1889 okt. 22., \u2020\u00a0Duna csatorna, 1952. dec. 28.: tan\u00e1r. &#8211; Apja keresked\u0151. A Segesv\u00e1ri ev. gimn.-ban \u00e9retts\u00e9gizett, egyetemi tanulm\u00e1nyait Bp.-en, a j\u00e9nai egy. Hittud. \u00e9s B\u00f6lcs\u00e9szeti Kar\u00e1n (1908\u2013), a Berlini Egy. Hittud. Kar\u00e1n (1911\u201312) v\u00e9gezte. Tan\u00edtott a segesv\u00e1ri gimn.-ban (1913\u201316), a medgyesi ev. gimn.-ban (1916\u201338, 1945\u201348), igazgat\u00f3 (1938\u201345), emellett a medgyesi kereskedelmi isk. tan\u00e1ra (1918\u201325), igazgat\u00f3ja (\u20131938); a medgyesi n\u00e9met ny. elemi iskol\u00e1ban tan\u00edtott (1948\u2013), a textilipari k\u00f6z\u00e9piskol\u00e1ban tan\u00e1r (1950\u2013) Politikai okokb\u00f3l letart\u00f3ztatt\u00e1k (1952) \u00e9s a Duna-Fekete tenger csatorn\u00e1hoz vitt\u00e9k k\u00e9nyszermunk\u00e1ra. <br \/><strong>Irod.:<\/strong> Szab\u00f3\u2013Simon\u2013Sz\u00f6gi<\/br><\/p>\n","protected":false},"excerpt":{"rendered":"<p>Segesv\u00e1r, 1889 okt. 22., \u2020\u00a0Duna csatorna, 1952. dec. 28.: tan\u00e1r. &#8211; Apja keresked\u0151. A Segesv\u00e1ri ev. gimn.-ban \u00e9retts\u00e9gizett, egyetemi tanulm\u00e1nyait Bp.-en, a j\u00e9nai egy. Hittud. \u00e9s B\u00f6lcs\u00e9szeti Kar\u00e1n (1908\u2013), a Berlini Egy. Hittud. Kar\u00e1n (1911\u201312) v\u00e9gezte. Tan\u00edtott a segesv\u00e1ri gimn.-ban (1913\u201316), a medgyesi ev. gimn.-ban (1916\u201338, 1945\u201348), igazgat\u00f3 (1938\u201345), emellett a medgyesi kereskedelmi isk. tan\u00e1ra [&hellip;]<\/p>\n","protected":false},"featured_media":0,"comment_status":"open","ping_status":"closed","template":"","meta":[],"product_brand":[],"product_cat":[137],"product_tag":[],"class_list":{"0":"post-7127","1":"product","2":"type-product","3":"status-publish","5":"product_cat-maros-megyei-eletrajzi-lexikon","7":"first","8":"instock","9":"shipping-taxable","10":"product-type-simple"},"_links":{"self":[{"href":"https:\/\/uj.adatbank.ro\/lexikon\/wp-json\/wp\/v2\/product\/7127","targetHints":{"allow":["GET"]}}],"collection":[{"href":"https:\/\/uj.adatbank.ro\/lexikon\/wp-json\/wp\/v2\/product"}],"about":[{"href":"https:\/\/uj.adatbank.ro\/lexikon\/wp-json\/wp\/v2\/types\/product"}],"replies":[{"embeddable":true,"href":"https:\/\/uj.adatbank.ro\/lexikon\/wp-json\/wp\/v2\/comments?post=7127"}],"wp:attachment":[{"href":"https:\/\/uj.adatbank.ro\/lexikon\/wp-json\/wp\/v2\/media?parent=7127"}],"wp:term":[{"taxonomy":"product_brand","embeddable":true,"href":"https:\/\/uj.adatbank.ro\/lexikon\/wp-json\/wp\/v2\/product_brand?post=7127"},{"taxonomy":"product_cat","embeddable":true,"href":"https:\/\/uj.adatbank.ro\/lexikon\/wp-json\/wp\/v2\/product_cat?post=7127"},{"taxonomy":"product_tag","embeddable":true,"href":"https:\/\/uj.adatbank.ro\/lexikon\/wp-json\/wp\/v2\/product_tag?post=7127"}],"curies":[{"name":"wp","href":"https:\/\/api.w.org\/{rel}","templated":true}]}}

<p>Segesvár, 1889 okt. 22., † Duna csatorna, 1952. dec. 28.: tanár. &#8211; Apja kereskedő. A Segesvári ev. gimn.-ban érettségizett, egyetemi tanulmányait Bp.-en, a jénai egy. Hittud. és Bölcsészeti Karán (1908–), a Berlini Egy. Hittud. Karán (1911–12) végezte. Tanított a segesvári gimn.-ban (1913–16), a medgyesi ev. gimn.-ban (1916–38, 1945–48), igazgató (1938–45), emellett a medgyesi kereskedelmi isk. tanára (1918–25), igazgatója (–1938); a medgyesi német ny. elemi iskolában tanított (1948–), a textilipari középiskolában tanár (1950–) Politikai okokból letartóztatták (1952) és a Duna-Fekete tenger csatornához vitték kényszermunkára. <br /><strong>Irod.:</strong> Szabó–Simon–Szögi</br></p>

<p>Segesvár, 1889 okt. 22., † Duna csatorna, 1952. dec. 28.: tanár. &#8211; Apja kereskedő. A Segesvári ev. gimn.-ban érettségizett, egyetemi tanulmányait Bp.-en, a jénai egy. Hittud. és Bölcsészeti Karán (1908–), a Berlini Egy. Hittud. Karán (1911–12) végezte. Tanított a segesvári gimn.-ban (1913–16), a medgyesi ev. gimn.-ban (1916–38, 1945–48), igazgató (1938–45), emellett a medgyesi kereskedelmi isk. tanára [&hellip;]</p>
