{"id":7134,"date":"2025-06-28T18:15:59","date_gmt":"2025-06-28T16:15:59","guid":{"rendered":"https:\/\/uj.adatbank.ro\/lexikon\/termek\/duma-ioan-2\/"},"modified":"2025-06-28T18:15:59","modified_gmt":"2025-06-28T16:15:59","slug":"duma-ioan-2","status":"publish","type":"product","link":"https:\/\/uj.adatbank.ro\/lexikon\/termek\/duma-ioan-2\/","title":{"rendered":"DUMA Ioan"},"content":{"rendered":"<p>Erd\u0151szak\u00e1l, 1862. febr. 11., \u2020\u00a0Sz\u00e1szr\u00e9gen, 1919. nov. 1.: otrodox pap, folklorista. \u2013 Gh. Duma fia. \u2013 A k\u00f6z\u00e9piskol\u00e1t Beszterc\u00e9n v\u00e9gezte, majd Nagyszebenben az Andrei \u015eaguna Int\u00e9zetben v\u00e9gzett teol\u00f3gi\u00e1t, pedag\u00f3gi\u00e1t. Tan\u00edt\u00f3 volt F\u00fcleh\u00e1z\u00e1n (\u20131890), majd Erd\u0151szak\u00e1lon m\u0171k\u00f6d\u00f6tt mint lelkip\u00e1sztor (1891. m\u00e1rc. 24. &#8211; hal\u00e1l\u00e1ig). Vihar led\u00f6nt\u00f6tte a templom torny\u00e1t \u00e9s megrong\u00e1l\u00f3dott az olt\u00e1ri festm\u00e9ny is, \u00faj alacsonyabb tornyot \u00e9p\u00edttetett \u00e9s a hodosi Baziliu Hodo\u015fa fest\u0151vel kijav\u00edttatta a k\u00e9pet is (1892). \u00daj par\u00f3ki\u00e1t \u00e9s nagy ist\u00e1ll\u00f3kat \u00e9p\u00edttetett, kijav\u00edttatta a templomot is, \u00faj n\u00e9gyoszt\u00e1lyos iskol\u00e1t \u00e9s tan\u00edt\u00f3i lak\u00e1st emeltetett (1903). Bekapcsol\u00f3dott a Memorandum mozgalomban, a Memorandumot Ferenc J\u00f3zsefhez viv\u0151 300 tag\u00fa deleg\u00e1ci\u00f3 egyik tagja (1892. m\u00e1j.), a Memorandum-per r\u00e9sztvev\u0151je. Tagja az ASTRA sz\u00e1szr\u00e9geni tagozat\u00e1nak (1911), r\u00e9szt vett a r\u00e9grni \u00e9s gernyeszegi protest\u00e1l\u00f3 gy\u0171l\u00e9seken, ahol k\u00f6vetelt\u00e9k az \u00e1ltal\u00e1nos v\u00e1laszt\u00f3jogot \u00e9s a rom\u00e1n n\u00e9pi iskol\u00e1k l\u00e9tes\u00edt\u00e9s\u00e9t (1907). A Rom\u00e1n Nemzeti Tan\u00e1cs egyik eln\u00f6kk\u00e9v\u00e9 v\u00e1lasztott\u00e1k (1918. nov. 8.) \u00e9s a gyulafeh\u00e9rv\u00e1ri nagy nemzetgy\u0171l\u00e9sen is r\u00e9szt vett Sz\u00e1szr\u00e9gen \u00e9s Erd\u0151szak\u00e1ll k\u00fcld\u00f6ttek\u00e9nt (1918. dec. 1.). A Musa c. foly\u00f3iratban k\u00f6z\u00f6lte folkl\u00f3r gy\u0171jt\u00e9s\u00e9nek eredm\u00e9nyeit: 28 Poezii poporale (1883\u201384); 33 C\u00e2ntece \u015fi strig\u0103turi din Valea Mure\u015fului (1884\u201385); 10 Doine din \u0162inutul Reghinului (1885\u201386); a Telegraful rom\u00e2n-ban: Poezii poporale din Transilvania (1886). Az erd\u0151szak\u00e1li s\u00edrja \u201eB\u201d kateg\u00f3ri\u00e1s m\u0171eml\u00e9k. <br \/><strong>Irod.:<\/strong> Bosoanc\u0103; Ferenczi S\u00e1ndor 2012; Reghin, Protopopiat; S\u0103calu de P\u0103dure; Todea 2013; Valori mure\u015fene de patrimoniu<\/br><\/p>\n","protected":false},"excerpt":{"rendered":"<p>Erd\u0151szak\u00e1l, 1862. febr. 11., \u2020\u00a0Sz\u00e1szr\u00e9gen, 1919. nov. 1.: otrodox pap, folklorista. \u2013 Gh. Duma fia. \u2013 A k\u00f6z\u00e9piskol\u00e1t Beszterc\u00e9n v\u00e9gezte, majd Nagyszebenben az Andrei \u015eaguna Int\u00e9zetben v\u00e9gzett teol\u00f3gi\u00e1t, pedag\u00f3gi\u00e1t. Tan\u00edt\u00f3 volt F\u00fcleh\u00e1z\u00e1n (\u20131890), majd Erd\u0151szak\u00e1lon m\u0171k\u00f6d\u00f6tt mint lelkip\u00e1sztor (1891. m\u00e1rc. 24. &#8211; hal\u00e1l\u00e1ig). Vihar led\u00f6nt\u00f6tte a templom torny\u00e1t \u00e9s megrong\u00e1l\u00f3dott az olt\u00e1ri festm\u00e9ny is, \u00faj [&hellip;]<\/p>\n","protected":false},"featured_media":0,"comment_status":"open","ping_status":"closed","template":"","meta":[],"product_brand":[],"product_cat":[137],"product_tag":[],"class_list":{"0":"post-7134","1":"product","2":"type-product","3":"status-publish","5":"product_cat-maros-megyei-eletrajzi-lexikon","7":"first","8":"instock","9":"shipping-taxable","10":"product-type-simple"},"_links":{"self":[{"href":"https:\/\/uj.adatbank.ro\/lexikon\/wp-json\/wp\/v2\/product\/7134","targetHints":{"allow":["GET"]}}],"collection":[{"href":"https:\/\/uj.adatbank.ro\/lexikon\/wp-json\/wp\/v2\/product"}],"about":[{"href":"https:\/\/uj.adatbank.ro\/lexikon\/wp-json\/wp\/v2\/types\/product"}],"replies":[{"embeddable":true,"href":"https:\/\/uj.adatbank.ro\/lexikon\/wp-json\/wp\/v2\/comments?post=7134"}],"wp:attachment":[{"href":"https:\/\/uj.adatbank.ro\/lexikon\/wp-json\/wp\/v2\/media?parent=7134"}],"wp:term":[{"taxonomy":"product_brand","embeddable":true,"href":"https:\/\/uj.adatbank.ro\/lexikon\/wp-json\/wp\/v2\/product_brand?post=7134"},{"taxonomy":"product_cat","embeddable":true,"href":"https:\/\/uj.adatbank.ro\/lexikon\/wp-json\/wp\/v2\/product_cat?post=7134"},{"taxonomy":"product_tag","embeddable":true,"href":"https:\/\/uj.adatbank.ro\/lexikon\/wp-json\/wp\/v2\/product_tag?post=7134"}],"curies":[{"name":"wp","href":"https:\/\/api.w.org\/{rel}","templated":true}]}}

<p>Erdőszakál, 1862. febr. 11., † Szászrégen, 1919. nov. 1.: otrodox pap, folklorista. – Gh. Duma fia. – A középiskolát Besztercén végezte, majd Nagyszebenben az Andrei Şaguna Intézetben végzett teológiát, pedagógiát. Tanító volt Füleházán (–1890), majd Erdőszakálon működött mint lelkipásztor (1891. márc. 24. &#8211; haláláig). Vihar ledöntötte a templom tornyát és megrongálódott az oltári festmény is, új alacsonyabb tornyot építtetett és a hodosi Baziliu Hodoşa festővel kijavíttatta a képet is (1892). Új parókiát és nagy istállókat építtetett, kijavíttatta a templomot is, új négyosztályos iskolát és tanítói lakást emeltetett (1903). Bekapcsolódott a Memorandum mozgalomban, a Memorandumot Ferenc Józsefhez vivő 300 tagú delegáció egyik tagja (1892. máj.), a Memorandum-per résztvevője. Tagja az ASTRA szászrégeni tagozatának (1911), részt vett a régrni és gernyeszegi protestáló gyűléseken, ahol követelték az általános választójogot és a román népi iskolák létesítését (1907). A Román Nemzeti Tanács egyik elnökkévé választották (1918. nov. 8.) és a gyulafehérvári nagy nemzetgyűlésen is részt vett Szászrégen és Erdőszakáll küldötteként (1918. dec. 1.). A Musa c. folyóiratban közölte folklór gyűjtésének eredményeit: 28 Poezii poporale (1883–84); 33 Cântece şi strigături din Valea Mureşului (1884–85); 10 Doine din Ţinutul Reghinului (1885–86); a Telegraful român-ban: Poezii poporale din Transilvania (1886). Az erdőszakáli sírja „B” kategóriás műemlék. <br /><strong>Irod.:</strong> Bosoancă; Ferenczi Sándor 2012; Reghin, Protopopiat; Săcalu de Pădure; Todea 2013; Valori mureşene de patrimoniu</br></p>

<p>Erdőszakál, 1862. febr. 11., † Szászrégen, 1919. nov. 1.: otrodox pap, folklorista. – Gh. Duma fia. – A középiskolát Besztercén végezte, majd Nagyszebenben az Andrei Şaguna Intézetben végzett teológiát, pedagógiát. Tanító volt Füleházán (–1890), majd Erdőszakálon működött mint lelkipásztor (1891. márc. 24. &#8211; haláláig). Vihar ledöntötte a templom tornyát és megrongálódott az oltári festmény is, új [&hellip;]</p>
