{"id":7136,"date":"2025-06-28T18:16:03","date_gmt":"2025-06-28T16:16:03","guid":{"rendered":"https:\/\/uj.adatbank.ro\/lexikon\/termek\/duma-nichita-%c2%a7-duma-vasile-szuletesekor-kapott-neve-vasile\/"},"modified":"2025-06-28T18:16:03","modified_gmt":"2025-06-28T16:16:03","slug":"duma-nichita-%c2%a7-duma-vasile-szuletesekor-kapott-neve-vasile","status":"publish","type":"product","link":"https:\/\/uj.adatbank.ro\/lexikon\/termek\/duma-nichita-%c2%a7-duma-vasile-szuletesekor-kapott-neve-vasile\/","title":{"rendered":"DUMA Nichita, \u00a7 Duma Vasile, sz\u00fclet\u00e9sekor kapott neve Vasile"},"content":{"rendered":"<p>Erd\u0151szak\u00e1l, 1864. \u00e1pr. 24., \u2020\u00a0Curtea de Arge\u015f, 1936. \u00e1pr. 16., temetve a Turnu kolostorban: g\u00f6r. kat. lelk\u00e9sz, esperes, p\u00fcsp\u00f6k, vall\u00e1stan\u00e1r. \u2013 Ioan testv\u00e9re. &#8211; A l\u00edc. -ot Nasz\u00f3don (1875\u201383), a teol\u00f3gi\u00e1t Szebenben az \u201eAndreana\u201d Szemin\u00e1riumban (1883\u201386) v\u00e9gezte. Tan\u00edt\u00f3 a g\u00f6rg\u00e9nyhod\u00e1ki felekezeti elemi iskol\u00e1ban (1886\u201390), pl\u00e9b\u00e1nos G\u00f6rg\u00e9nys\u00f3akn\u00e1n, itt szentelt\u00e9k fel, \u00e9s itt szolg\u00e1lt (1890. dec. 25. &#8211; 1906) \u00e9s hitoktat\u00f3 a r\u00e9geni gimn.-ban (1890\u20131906). G\u00f6rg\u00e9nys\u00f3akn\u00e1n, \u00faj templom \u00e9p\u00edt\u00e9s\u00e9t kezdte meg (1907), amelyet Al. Oltean ort. pap fejezett be (1912). Esperes Magyarl\u00e1poson (1906\u201312), a L\u0103pusna Hitelint\u00e9zet igazgat\u00f3s\u00e1gi tagja (1907). Pap Sz\u00e1szr\u00e9genben (1912\u201323), ugyanakkor vall\u00e1st tan\u00edtott a r\u00e9geni \u00e1llami lic.-ban (1919\u201323). Az ASTRA r\u00e9geni tagozat\u00e1nak, aligazgat\u00f3ja, igazgat\u00f3ja (1914\u201323). Aleln\u00f6ke a MT Megyei Rom\u00e1n Nemzeti Bizotts\u00e1gnak, amely Erd\u00e9ly \u00e9s Rom\u00e1nia egyes\u00fcl\u00e9s\u00e9tt volt hivatott el\u0151k\u00e9sz\u00edteni (1918. nov. 8. \u2013). Sz\u00e1szr\u00e9gen k\u00fcld\u00f6tte a gyulafeh\u00e9rv\u00e1ri nagygy\u0171l\u00e9sen (1918. dec. 1.). Marosmegye egyh\u00e1zi tan\u00e1csosa (1919, 1923). Publik\u00e1lt a Telegraful rom\u00e2n-ban. Egyike Erd\u00e9lyben a nemzeti liber\u00e1lis p\u00e1rt l\u00e9trehoz\u00f3inak, k\u00e9tszer volt Maros megye parlamenti k\u00e9pvisel\u0151je, szen\u00e1tor (1919 \u00e9s 1922). Vezet\u0151s\u00e9gi tagja, eln\u00f6ke a Sz\u00e1szr\u00e9geni Mure\u015fiana Gazdas\u00e1gi \u00e9s Hitelint\u00e9zetnek. Curtea de Arge\u015f p\u00fcsp\u00f6k\u00e9v\u00e9 v\u00e1lasztott\u00e1k (1923. j\u00fan. 5.), ekkor vette fel a Nichita nevet, p\u00fcsp\u00f6k hal\u00e1l\u00e1ig (1923\u201336). Egyh\u00e1zi int\u00e9zm\u00e9nyeket l\u00e9tes\u00edtett: p\u00fcsp\u00f6ki kancell\u00e1ri\u00e1t, zeneiskol\u00e1t, teol\u00f3giai szemin\u00e1riumot, Turnu kolostort, letetette az alapj\u00e1t az Infr\u0103\u021birea Papi seg\u00e9ly \u00e9s hitelint\u00e9zetnek, gyertyagy\u00e1rat l\u00e9tes\u00edtett. Mint argesi p\u00fcsp\u00f6k felszentelte az Als\u00f3idecsi ortodox templomot, a mv.-i nagy ortodox katedr\u00e1list (1934. dec. 2.); r\u00e9szt vett mv.-en a Dr. C. Angelescu Iskola n\u00e9vad\u00f3 \u00fcnneps\u00e9g\u00e9n (1934). Tev\u00e9kenys\u00e9g\u00e9\u00e9rt kit\u00fcntett\u00e9k a Rom\u00e1nia Csillagrendj\u00e9vel tiszti rangban (1922), a Rom\u00e1n Korona Rend Nagykeresztj\u00e9vel, A Munka megbecs\u00fcl\u00e9se \u00e9remmel (1936). \u2013 <strong>F. m.:<\/strong> Originea limbii rom\u00e2ne (1888); Pastoral\u0103 de na\u015fterea Domnului (Pite\u015fti, 1924). <br \/><strong>Irod.:<\/strong> Bor\u015fianu: Deda; Bosoanc\u0103; Id\u0151t\u00e1r 3; Man, 3.; Netea: Mure\u015ful superior; P\u0103curariu; Traian Popa: Tg. M.; Predescu; Regh. cult. 2.; Reghin, Protopopiat; \u015eerban 2006; Todea 2013<\/br><\/p>\n","protected":false},"excerpt":{"rendered":"<p>Erd\u0151szak\u00e1l, 1864. \u00e1pr. 24., \u2020\u00a0Curtea de Arge\u015f, 1936. \u00e1pr. 16., temetve a Turnu kolostorban: g\u00f6r. kat. lelk\u00e9sz, esperes, p\u00fcsp\u00f6k, vall\u00e1stan\u00e1r. \u2013 Ioan testv\u00e9re. &#8211; A l\u00edc. -ot Nasz\u00f3don (1875\u201383), a teol\u00f3gi\u00e1t Szebenben az \u201eAndreana\u201d Szemin\u00e1riumban (1883\u201386) v\u00e9gezte. Tan\u00edt\u00f3 a g\u00f6rg\u00e9nyhod\u00e1ki felekezeti elemi iskol\u00e1ban (1886\u201390), pl\u00e9b\u00e1nos G\u00f6rg\u00e9nys\u00f3akn\u00e1n, itt szentelt\u00e9k fel, \u00e9s itt szolg\u00e1lt (1890. dec. 25. [&hellip;]<\/p>\n","protected":false},"featured_media":0,"comment_status":"open","ping_status":"closed","template":"","meta":[],"product_brand":[],"product_cat":[137],"product_tag":[],"class_list":{"0":"post-7136","1":"product","2":"type-product","3":"status-publish","5":"product_cat-maros-megyei-eletrajzi-lexikon","7":"first","8":"instock","9":"shipping-taxable","10":"product-type-simple"},"_links":{"self":[{"href":"https:\/\/uj.adatbank.ro\/lexikon\/wp-json\/wp\/v2\/product\/7136","targetHints":{"allow":["GET"]}}],"collection":[{"href":"https:\/\/uj.adatbank.ro\/lexikon\/wp-json\/wp\/v2\/product"}],"about":[{"href":"https:\/\/uj.adatbank.ro\/lexikon\/wp-json\/wp\/v2\/types\/product"}],"replies":[{"embeddable":true,"href":"https:\/\/uj.adatbank.ro\/lexikon\/wp-json\/wp\/v2\/comments?post=7136"}],"wp:attachment":[{"href":"https:\/\/uj.adatbank.ro\/lexikon\/wp-json\/wp\/v2\/media?parent=7136"}],"wp:term":[{"taxonomy":"product_brand","embeddable":true,"href":"https:\/\/uj.adatbank.ro\/lexikon\/wp-json\/wp\/v2\/product_brand?post=7136"},{"taxonomy":"product_cat","embeddable":true,"href":"https:\/\/uj.adatbank.ro\/lexikon\/wp-json\/wp\/v2\/product_cat?post=7136"},{"taxonomy":"product_tag","embeddable":true,"href":"https:\/\/uj.adatbank.ro\/lexikon\/wp-json\/wp\/v2\/product_tag?post=7136"}],"curies":[{"name":"wp","href":"https:\/\/api.w.org\/{rel}","templated":true}]}}

DUMA Nichita, § Duma Vasile, születésekor kapott neve Vasile

<p>Erdőszakál, 1864. ápr. 24., † Curtea de Argeş, 1936. ápr. 16., temetve a Turnu kolostorban: gör. kat. lelkész, esperes, püspök, vallástanár. – Ioan testvére. &#8211; A líc. -ot Naszódon (1875–83), a teológiát Szebenben az „Andreana” Szemináriumban (1883–86) végezte. Tanító a görgényhodáki felekezeti elemi iskolában (1886–90), plébános Görgénysóaknán, itt szentelték fel, és itt szolgált (1890. dec. 25. &#8211; 1906) és hitoktató a régeni gimn.-ban (1890–1906). Görgénysóaknán, új templom építését kezdte meg (1907), amelyet Al. Oltean ort. pap fejezett be (1912). Esperes Magyarláposon (1906–12), a Lăpusna Hitelintézet igazgatósági tagja (1907). Pap Szászrégenben (1912–23), ugyanakkor vallást tanított a régeni állami lic.-ban (1919–23). Az ASTRA régeni tagozatának, aligazgatója, igazgatója (1914–23). Alelnöke a MT Megyei Román Nemzeti Bizottságnak, amely Erdély és Románia egyesülésétt volt hivatott előkészíteni (1918. nov. 8. –). Szászrégen küldötte a gyulafehérvári nagygyűlésen (1918. dec. 1.). Marosmegye egyházi tanácsosa (1919, 1923). Publikált a Telegraful român-ban. Egyike Erdélyben a nemzeti liberális párt létrehozóinak, kétszer volt Maros megye parlamenti képviselője, szenátor (1919 és 1922). Vezetőségi tagja, elnöke a Szászrégeni Mureşiana Gazdasági és Hitelintézetnek. Curtea de Argeş püspökévé választották (1923. jún. 5.), ekkor vette fel a Nichita nevet, püspök haláláig (1923–36). Egyházi intézményeket létesített: püspöki kancelláriát, zeneiskolát, teológiai szemináriumot, Turnu kolostort, letetette az alapját az Infrățirea Papi segély és hitelintézetnek, gyertyagyárat létesített. Mint argesi püspök felszentelte az Alsóidecsi ortodox templomot, a mv.-i nagy ortodox katedrálist (1934. dec. 2.); részt vett mv.-en a Dr. C. Angelescu Iskola névadó ünnepségén (1934). Tevékenységéért kitüntették a Románia Csillagrendjével tiszti rangban (1922), a Román Korona Rend Nagykeresztjével, A Munka megbecsülése éremmel (1936). – <strong>F. m.:</strong> Originea limbii române (1888); Pastorală de naşterea Domnului (Piteşti, 1924). <br /><strong>Irod.:</strong> Borşianu: Deda; Bosoancă; Időtár 3; Man, 3.; Netea: Mureşul superior; Păcurariu; Traian Popa: Tg. M.; Predescu; Regh. cult. 2.; Reghin, Protopopiat; Şerban 2006; Todea 2013</br></p>

<p>Erdőszakál, 1864. ápr. 24., † Curtea de Argeş, 1936. ápr. 16., temetve a Turnu kolostorban: gör. kat. lelkész, esperes, püspök, vallástanár. – Ioan testvére. &#8211; A líc. -ot Naszódon (1875–83), a teológiát Szebenben az „Andreana” Szemináriumban (1883–86) végezte. Tanító a görgényhodáki felekezeti elemi iskolában (1886–90), plébános Görgénysóaknán, itt szentelték fel, és itt szolgált (1890. dec. 25. [&hellip;]</p>
