{"id":7139,"date":"2025-06-28T18:16:07","date_gmt":"2025-06-28T16:16:07","guid":{"rendered":"https:\/\/uj.adatbank.ro\/lexikon\/termek\/dumbrava-chirila\/"},"modified":"2025-06-28T18:16:07","modified_gmt":"2025-06-28T16:16:07","slug":"dumbrava-chirila","status":"publish","type":"product","link":"https:\/\/uj.adatbank.ro\/lexikon\/termek\/dumbrava-chirila\/","title":{"rendered":"DUMBRAV\u0102 Chiril\u0103"},"content":{"rendered":"<p>? \u2020 ? : g\u00f6r. kat. pap. \u2013 Marosoroszfaluban szolg\u00e1lt (1858\u201367). K\u00f6zadakoz\u00e1sb\u00f3l, a h\u00edvek t\u00e1mogat\u00e1s\u00e1val g\u00f6r. kat. templomot \u00e9p\u00edttetett, felszentel\u00e9k (1860). A templomtornyon egy \u00f3ra van felszerele, amelynek k\u00f6lts\u00e9geit Cadar Petru h\u00edv\u0151 \u00e1llta. Ikonoszt\u00e1sz\u00e1t a szamos\u00fajv\u00e1ri Mihai \u015eerban festette \u00e9s Nagy Gy\u00f6rgy faragta (1867). <br \/><strong>Irod.:<\/strong> Reghin, Protopopiat<\/br><\/p>\n","protected":false},"excerpt":{"rendered":"<p>? \u2020 ? : g\u00f6r. kat. pap. \u2013 Marosoroszfaluban szolg\u00e1lt (1858\u201367). K\u00f6zadakoz\u00e1sb\u00f3l, a h\u00edvek t\u00e1mogat\u00e1s\u00e1val g\u00f6r. kat. templomot \u00e9p\u00edttetett, felszentel\u00e9k (1860). A templomtornyon egy \u00f3ra van felszerele, amelynek k\u00f6lts\u00e9geit Cadar Petru h\u00edv\u0151 \u00e1llta. Ikonoszt\u00e1sz\u00e1t a szamos\u00fajv\u00e1ri Mihai \u015eerban festette \u00e9s Nagy Gy\u00f6rgy faragta (1867). Irod.: Reghin, Protopopiat<\/p>\n","protected":false},"featured_media":0,"comment_status":"open","ping_status":"closed","template":"","meta":[],"product_brand":[],"product_cat":[137],"product_tag":[],"class_list":{"0":"post-7139","1":"product","2":"type-product","3":"status-publish","5":"product_cat-maros-megyei-eletrajzi-lexikon","7":"first","8":"instock","9":"shipping-taxable","10":"product-type-simple"},"_links":{"self":[{"href":"https:\/\/uj.adatbank.ro\/lexikon\/wp-json\/wp\/v2\/product\/7139","targetHints":{"allow":["GET"]}}],"collection":[{"href":"https:\/\/uj.adatbank.ro\/lexikon\/wp-json\/wp\/v2\/product"}],"about":[{"href":"https:\/\/uj.adatbank.ro\/lexikon\/wp-json\/wp\/v2\/types\/product"}],"replies":[{"embeddable":true,"href":"https:\/\/uj.adatbank.ro\/lexikon\/wp-json\/wp\/v2\/comments?post=7139"}],"wp:attachment":[{"href":"https:\/\/uj.adatbank.ro\/lexikon\/wp-json\/wp\/v2\/media?parent=7139"}],"wp:term":[{"taxonomy":"product_brand","embeddable":true,"href":"https:\/\/uj.adatbank.ro\/lexikon\/wp-json\/wp\/v2\/product_brand?post=7139"},{"taxonomy":"product_cat","embeddable":true,"href":"https:\/\/uj.adatbank.ro\/lexikon\/wp-json\/wp\/v2\/product_cat?post=7139"},{"taxonomy":"product_tag","embeddable":true,"href":"https:\/\/uj.adatbank.ro\/lexikon\/wp-json\/wp\/v2\/product_tag?post=7139"}],"curies":[{"name":"wp","href":"https:\/\/api.w.org\/{rel}","templated":true}]}}