{"id":7145,"date":"2025-06-28T18:16:21","date_gmt":"2025-06-28T16:16:21","guid":{"rendered":"https:\/\/uj.adatbank.ro\/lexikon\/termek\/dumbravean-pavel-pavel-dascal-pavel-logofatul-dumravii-pavel-dumbravianu-pavel-din-dumrava\/"},"modified":"2025-06-28T18:16:21","modified_gmt":"2025-06-28T16:16:21","slug":"dumbravean-pavel-pavel-dascal-pavel-logofatul-dumravii-pavel-dumbravianu-pavel-din-dumrava","status":"publish","type":"product","link":"https:\/\/uj.adatbank.ro\/lexikon\/termek\/dumbravean-pavel-pavel-dascal-pavel-logofatul-dumravii-pavel-dumbravianu-pavel-din-dumrava\/","title":{"rendered":"DUMBR\u0102VEAN Pavel, Pavel Dasc\u0103l, Pavel logof\u0103tul Dumr\u0103vii, Pavel Dumbr\u0103vianu, Pavel din Dumrava"},"content":{"rendered":"<p>? \u2020 ? : ikonfest\u0151 \u00e9s k\u00e9ziratm\u00e1sol\u00f3. &#8211; Mez\u0151banyicai fest\u0151isk.-ban volt (18. sz. v\u00e9g\u00e9n). Mez\u0151banyic\u00e1ban egy\u00fctt dolgozott Pop Aronnal \u00e9s Toader Zugravullal (1779). T\u00f6bb templom bels\u0151 fest\u00e9s\u00e9t v\u00e9gezte el, a ratosnyai Szent Mikl\u00f3s fatemplomban az \u00f6sszes falfestm\u00e9nyt: a Szentkereszt, Mih\u00e1ly arkangyal, a Szent Mikl\u00f3s \u00e9s a Minden Szentek Vas\u00e1rnapja c\u00edm\u0171t (1786); G\u00f6demesterh\u00e1z\u00e1n (1794), amely templom elt\u0171nt, de \u00edr\u00e1sos dokumentum igazolja l\u00e9t\u00e9t. <br \/><strong>Irod.:<\/strong> Man; Regh. cult. 9.<\/br><\/p>\n","protected":false},"excerpt":{"rendered":"<p>? \u2020 ? : ikonfest\u0151 \u00e9s k\u00e9ziratm\u00e1sol\u00f3. &#8211; Mez\u0151banyicai fest\u0151isk.-ban volt (18. sz. v\u00e9g\u00e9n). Mez\u0151banyic\u00e1ban egy\u00fctt dolgozott Pop Aronnal \u00e9s Toader Zugravullal (1779). T\u00f6bb templom bels\u0151 fest\u00e9s\u00e9t v\u00e9gezte el, a ratosnyai Szent Mikl\u00f3s fatemplomban az \u00f6sszes falfestm\u00e9nyt: a Szentkereszt, Mih\u00e1ly arkangyal, a Szent Mikl\u00f3s \u00e9s a Minden Szentek Vas\u00e1rnapja c\u00edm\u0171t (1786); G\u00f6demesterh\u00e1z\u00e1n (1794), amely templom [&hellip;]<\/p>\n","protected":false},"featured_media":0,"comment_status":"open","ping_status":"closed","template":"","meta":[],"product_brand":[],"product_cat":[137],"product_tag":[],"class_list":{"0":"post-7145","1":"product","2":"type-product","3":"status-publish","5":"product_cat-maros-megyei-eletrajzi-lexikon","7":"first","8":"instock","9":"shipping-taxable","10":"product-type-simple"},"_links":{"self":[{"href":"https:\/\/uj.adatbank.ro\/lexikon\/wp-json\/wp\/v2\/product\/7145","targetHints":{"allow":["GET"]}}],"collection":[{"href":"https:\/\/uj.adatbank.ro\/lexikon\/wp-json\/wp\/v2\/product"}],"about":[{"href":"https:\/\/uj.adatbank.ro\/lexikon\/wp-json\/wp\/v2\/types\/product"}],"replies":[{"embeddable":true,"href":"https:\/\/uj.adatbank.ro\/lexikon\/wp-json\/wp\/v2\/comments?post=7145"}],"wp:attachment":[{"href":"https:\/\/uj.adatbank.ro\/lexikon\/wp-json\/wp\/v2\/media?parent=7145"}],"wp:term":[{"taxonomy":"product_brand","embeddable":true,"href":"https:\/\/uj.adatbank.ro\/lexikon\/wp-json\/wp\/v2\/product_brand?post=7145"},{"taxonomy":"product_cat","embeddable":true,"href":"https:\/\/uj.adatbank.ro\/lexikon\/wp-json\/wp\/v2\/product_cat?post=7145"},{"taxonomy":"product_tag","embeddable":true,"href":"https:\/\/uj.adatbank.ro\/lexikon\/wp-json\/wp\/v2\/product_tag?post=7145"}],"curies":[{"name":"wp","href":"https:\/\/api.w.org\/{rel}","templated":true}]}}