{"id":7146,"date":"2025-06-28T18:16:24","date_gmt":"2025-06-28T16:16:24","guid":{"rendered":"https:\/\/uj.adatbank.ro\/lexikon\/termek\/dumitrescu-ioan-florin\/"},"modified":"2025-06-28T18:16:24","modified_gmt":"2025-06-28T16:16:24","slug":"dumitrescu-ioan-florin","status":"publish","type":"product","link":"https:\/\/uj.adatbank.ro\/lexikon\/termek\/dumitrescu-ioan-florin\/","title":{"rendered":"DUMITRESCU Ioan Florin"},"content":{"rendered":"<p>Dics\u0151szentm\u00e1rton, 1937., \u2020 1999. jan. 15.: orvos, egyetemi tan\u00e1r. \u2013 \u00c9rdem diplom\u00e1val \u00e9retts\u00e9gizett az Al. Sahia L\u00edc.-ban Buk. (1954). Franciao.-ban telepedett le. Kutat\u00e1si ter\u00fclete az akupunktura. T\u00f6bb tudom\u00e1nyos munka, tanulm\u00e1ny, felfedez\u00e9s, \u00faj\u00edt\u00e1s szerz\u0151je. A franciao.-i Ronchin v\u00e1ros \u00e9s Dics\u0151szentm\u00e1rton testv\u00e9rkapcsolata l\u00e9trej\u00f6tt\u00e9hez j\u00e1rult hozz\u00e1. Sz\u00fcl\u0151v\u00e1rosa diszpolg\u00e1ra c\u00edmet kapott (1998). <br \/><strong>Irod.:<\/strong> MMK; T\u00e2rn\u0103veni, cult. &#8211; ist.<\/br><\/p>\n","protected":false},"excerpt":{"rendered":"<p>Dics\u0151szentm\u00e1rton, 1937., \u2020 1999. jan. 15.: orvos, egyetemi tan\u00e1r. \u2013 \u00c9rdem diplom\u00e1val \u00e9retts\u00e9gizett az Al. Sahia L\u00edc.-ban Buk. (1954). Franciao.-ban telepedett le. Kutat\u00e1si ter\u00fclete az akupunktura. T\u00f6bb tudom\u00e1nyos munka, tanulm\u00e1ny, felfedez\u00e9s, \u00faj\u00edt\u00e1s szerz\u0151je. A franciao.-i Ronchin v\u00e1ros \u00e9s Dics\u0151szentm\u00e1rton testv\u00e9rkapcsolata l\u00e9trej\u00f6tt\u00e9hez j\u00e1rult hozz\u00e1. Sz\u00fcl\u0151v\u00e1rosa diszpolg\u00e1ra c\u00edmet kapott (1998). Irod.: MMK; T\u00e2rn\u0103veni, cult. &#8211; ist.<\/p>\n","protected":false},"featured_media":0,"comment_status":"open","ping_status":"closed","template":"","meta":[],"product_brand":[],"product_cat":[137],"product_tag":[],"class_list":{"0":"post-7146","1":"product","2":"type-product","3":"status-publish","5":"product_cat-maros-megyei-eletrajzi-lexikon","7":"first","8":"instock","9":"shipping-taxable","10":"product-type-simple"},"_links":{"self":[{"href":"https:\/\/uj.adatbank.ro\/lexikon\/wp-json\/wp\/v2\/product\/7146","targetHints":{"allow":["GET"]}}],"collection":[{"href":"https:\/\/uj.adatbank.ro\/lexikon\/wp-json\/wp\/v2\/product"}],"about":[{"href":"https:\/\/uj.adatbank.ro\/lexikon\/wp-json\/wp\/v2\/types\/product"}],"replies":[{"embeddable":true,"href":"https:\/\/uj.adatbank.ro\/lexikon\/wp-json\/wp\/v2\/comments?post=7146"}],"wp:attachment":[{"href":"https:\/\/uj.adatbank.ro\/lexikon\/wp-json\/wp\/v2\/media?parent=7146"}],"wp:term":[{"taxonomy":"product_brand","embeddable":true,"href":"https:\/\/uj.adatbank.ro\/lexikon\/wp-json\/wp\/v2\/product_brand?post=7146"},{"taxonomy":"product_cat","embeddable":true,"href":"https:\/\/uj.adatbank.ro\/lexikon\/wp-json\/wp\/v2\/product_cat?post=7146"},{"taxonomy":"product_tag","embeddable":true,"href":"https:\/\/uj.adatbank.ro\/lexikon\/wp-json\/wp\/v2\/product_tag?post=7146"}],"curies":[{"name":"wp","href":"https:\/\/api.w.org\/{rel}","templated":true}]}}

<p>Dicsőszentmárton, 1937., † 1999. jan. 15.: orvos, egyetemi tanár. – Érdem diplomával érettségizett az Al. Sahia Líc.-ban Buk. (1954). Franciao.-ban telepedett le. Kutatási területe az akupunktura. Több tudományos munka, tanulmány, felfedezés, újítás szerzője. A franciao.-i Ronchin város és Dicsőszentmárton testvérkapcsolata létrejöttéhez járult hozzá. Szülővárosa diszpolgára címet kapott (1998). <br /><strong>Irod.:</strong> MMK; Târnăveni, cult. &#8211; ist.</br></p>

<p>Dicsőszentmárton, 1937., † 1999. jan. 15.: orvos, egyetemi tanár. – Érdem diplomával érettségizett az Al. Sahia Líc.-ban Buk. (1954). Franciao.-ban telepedett le. Kutatási területe az akupunktura. Több tudományos munka, tanulmány, felfedezés, újítás szerzője. A franciao.-i Ronchin város és Dicsőszentmárton testvérkapcsolata létrejöttéhez járult hozzá. Szülővárosa diszpolgára címet kapott (1998). Irod.: MMK; Târnăveni, cult. &#8211; ist.</p>
