{"id":7147,"date":"2025-06-28T18:16:25","date_gmt":"2025-06-28T16:16:25","guid":{"rendered":"https:\/\/uj.adatbank.ro\/lexikon\/termek\/dumitrescu-stefan-%c2%a7\/"},"modified":"2025-06-28T18:16:25","modified_gmt":"2025-06-28T16:16:25","slug":"dumitrescu-stefan-%c2%a7","status":"publish","type":"product","link":"https:\/\/uj.adatbank.ro\/lexikon\/termek\/dumitrescu-stefan-%c2%a7\/","title":{"rendered":"DUMITRESCU \u015etefan \u00a7"},"content":{"rendered":"<p>Dudescu-C\u0103lm\u0103\u0163ui, 1930. febr. 22., \u2020 Mv., 1998. j\u00fal. 6.: erd\u0151m\u00e9rn\u00f6k, pr\u00f3za\u00edr\u00f3. \u2013 A l\u00edc. -ot \u00e9s az egyetemet Brass\u00f3ban v\u00e9gezte (1955). Dolgozott Palotailv\u00e1n (1955), Berecken, a Marosmegyei Erd\u0151igazgat\u00f3s\u00e1gn\u00e1l (1967\u201369) mint f\u0151m\u00e9rn\u00f6k, majd igazgat\u00f3 \u00e9s f\u0151inspektor. R\u00e9szt vett nemzetk\u00f6zi szakszimpoziumokon (1971\u201391); k\u00f6z\u00f6lt a V\u00e2n\u0103torul \u015fi Pescarul Sportiv-ban szakcikkeket az erd\u0151gazdas\u00e1g \u00e9s term\u00e9szetv\u00e9delem t\u00e9mak\u00f6rben. A Mv.-i R\u00e1di\u00f3 munkat\u00e1rsa, a Vad\u00e1sz-Hal\u00e1sz Sz\u00f6vets\u00e9g tagja. A Munka\u00e9rdemrend II. fokozat\u00e1nak kit\u00fcntetettje (1969). \u2013 <strong>F. m.:<\/strong> V\u00e2n\u0103tori de pomin\u0103 (1995); V\u00e2n\u0103toarea \u00eentre pasiune \u015fi decep\u0163ii (Tg. M., 1996); <strong>t\u00e1rssz.:<\/strong> Statutul deontologic al inginerului silvic (s. a.). <br \/><strong>Irod.:<\/strong> C. L. (1998. j\u00fal. 9.); Cosma; Todea\u2013F\u00fcl\u00f6p\u2013Avram<\/br><\/p>\n","protected":false},"excerpt":{"rendered":"<p>Dudescu-C\u0103lm\u0103\u0163ui, 1930. febr. 22., \u2020 Mv., 1998. j\u00fal. 6.: erd\u0151m\u00e9rn\u00f6k, pr\u00f3za\u00edr\u00f3. \u2013 A l\u00edc. -ot \u00e9s az egyetemet Brass\u00f3ban v\u00e9gezte (1955). Dolgozott Palotailv\u00e1n (1955), Berecken, a Marosmegyei Erd\u0151igazgat\u00f3s\u00e1gn\u00e1l (1967\u201369) mint f\u0151m\u00e9rn\u00f6k, majd igazgat\u00f3 \u00e9s f\u0151inspektor. R\u00e9szt vett nemzetk\u00f6zi szakszimpoziumokon (1971\u201391); k\u00f6z\u00f6lt a V\u00e2n\u0103torul \u015fi Pescarul Sportiv-ban szakcikkeket az erd\u0151gazdas\u00e1g \u00e9s term\u00e9szetv\u00e9delem t\u00e9mak\u00f6rben. A Mv.-i R\u00e1di\u00f3 [&hellip;]<\/p>\n","protected":false},"featured_media":0,"comment_status":"open","ping_status":"closed","template":"","meta":[],"product_brand":[],"product_cat":[137],"product_tag":[],"class_list":{"0":"post-7147","1":"product","2":"type-product","3":"status-publish","5":"product_cat-maros-megyei-eletrajzi-lexikon","7":"first","8":"instock","9":"shipping-taxable","10":"product-type-simple"},"_links":{"self":[{"href":"https:\/\/uj.adatbank.ro\/lexikon\/wp-json\/wp\/v2\/product\/7147","targetHints":{"allow":["GET"]}}],"collection":[{"href":"https:\/\/uj.adatbank.ro\/lexikon\/wp-json\/wp\/v2\/product"}],"about":[{"href":"https:\/\/uj.adatbank.ro\/lexikon\/wp-json\/wp\/v2\/types\/product"}],"replies":[{"embeddable":true,"href":"https:\/\/uj.adatbank.ro\/lexikon\/wp-json\/wp\/v2\/comments?post=7147"}],"wp:attachment":[{"href":"https:\/\/uj.adatbank.ro\/lexikon\/wp-json\/wp\/v2\/media?parent=7147"}],"wp:term":[{"taxonomy":"product_brand","embeddable":true,"href":"https:\/\/uj.adatbank.ro\/lexikon\/wp-json\/wp\/v2\/product_brand?post=7147"},{"taxonomy":"product_cat","embeddable":true,"href":"https:\/\/uj.adatbank.ro\/lexikon\/wp-json\/wp\/v2\/product_cat?post=7147"},{"taxonomy":"product_tag","embeddable":true,"href":"https:\/\/uj.adatbank.ro\/lexikon\/wp-json\/wp\/v2\/product_tag?post=7147"}],"curies":[{"name":"wp","href":"https:\/\/api.w.org\/{rel}","templated":true}]}}

DUMITRESCU Ştefan §

<p>Dudescu-Călmăţui, 1930. febr. 22., † Mv., 1998. júl. 6.: erdőmérnök, prózaíró. – A líc. -ot és az egyetemet Brassóban végezte (1955). Dolgozott Palotailván (1955), Berecken, a Marosmegyei Erdőigazgatóságnál (1967–69) mint főmérnök, majd igazgató és főinspektor. Részt vett nemzetközi szakszimpoziumokon (1971–91); közölt a Vânătorul şi Pescarul Sportiv-ban szakcikkeket az erdőgazdaság és természetvédelem témakörben. A Mv.-i Rádió munkatársa, a Vadász-Halász Szövetség tagja. A Munkaérdemrend II. fokozatának kitüntetettje (1969). – <strong>F. m.:</strong> Vânători de pomină (1995); Vânătoarea între pasiune şi decepţii (Tg. M., 1996); <strong>társsz.:</strong> Statutul deontologic al inginerului silvic (s. a.). <br /><strong>Irod.:</strong> C. L. (1998. júl. 9.); Cosma; Todea–Fülöp–Avram</br></p>

<p>Dudescu-Călmăţui, 1930. febr. 22., † Mv., 1998. júl. 6.: erdőmérnök, prózaíró. – A líc. -ot és az egyetemet Brassóban végezte (1955). Dolgozott Palotailván (1955), Berecken, a Marosmegyei Erdőigazgatóságnál (1967–69) mint főmérnök, majd igazgató és főinspektor. Részt vett nemzetközi szakszimpoziumokon (1971–91); közölt a Vânătorul şi Pescarul Sportiv-ban szakcikkeket az erdőgazdaság és természetvédelem témakörben. A Mv.-i Rádió [&hellip;]</p>
