{"id":7151,"date":"2025-06-28T18:16:33","date_gmt":"2025-06-28T16:16:33","guid":{"rendered":"https:\/\/uj.adatbank.ro\/lexikon\/termek\/dumitru-patru\/"},"modified":"2025-06-28T18:16:33","modified_gmt":"2025-06-28T16:16:33","slug":"dumitru-patru","status":"publish","type":"product","link":"https:\/\/uj.adatbank.ro\/lexikon\/termek\/dumitru-patru\/","title":{"rendered":"DUMITRU P\u0103tru"},"content":{"rendered":"<p>Mih\u0103ie\u015fti, 1925. okt. 29., \u2020 ? : zenetan\u00e1r, zeneszerz\u0151, k\u00f6lt\u0151, el\u0151ad\u00f3. \u2013 A r\u00e9geni Kult\u00farh\u00e1z els\u0151 szimfonikus zenekar\u00e1nak sz\u00f3list\u00e1ja, tagja a Kamara Zenekarnak, a Tan\u00fcgyi Szakszervezete Zenekar\u00e1nak, a Kult\u00farh\u00e1z N\u00e9pizenekar\u00e1nak \u00e9s az Ifj\u00fas\u00e1gi Klub Zenekar\u00e1nak. Az ortodox egyh\u00e1z Sf\u00e2nta Maria k\u00f3rus\u00e1nak alap\u00edt\u00f3ja. 25 \u00e9ven \u00e1t az amat\u0151r sz\u00ednj\u00e1tsz\u00f3 csoport vezet\u0151je, a V\u00e1rosi K\u00f6nyvt\u00e1r keret\u00e9ben m\u0171k\u00f6d\u0151 Lucian Blaga Irodalmi K\u00f6r tagja. Verseket k\u00f6z\u00f6lt a Vatra \u00e9s az Antologia liric\u0103 c. foly\u00f3iratokban (1992). T\u00f6bb tehets\u00e9ges \u00e9nekes felfedez\u0151je, oktat\u00f3ja, akik k\u00e9s\u0151bb szolista karriert futottak be, orsz\u00e1gos filhorm\u00f3ni\u00e1kn\u00e1l dolgoztak. Hod\u00e1kon megszervezte az els\u0151 n\u00e9pi egy\u00fcttest, valamint L\u00f6v\u00e9ren a n\u00e9pdal \u00e9s n\u00e9pt\u00e1nc egy\u00fcttest. <br \/><strong>Irod.:<\/strong> Regh. Cult. 4<\/br><\/p>\n","protected":false},"excerpt":{"rendered":"<p>Mih\u0103ie\u015fti, 1925. okt. 29., \u2020 ? : zenetan\u00e1r, zeneszerz\u0151, k\u00f6lt\u0151, el\u0151ad\u00f3. \u2013 A r\u00e9geni Kult\u00farh\u00e1z els\u0151 szimfonikus zenekar\u00e1nak sz\u00f3list\u00e1ja, tagja a Kamara Zenekarnak, a Tan\u00fcgyi Szakszervezete Zenekar\u00e1nak, a Kult\u00farh\u00e1z N\u00e9pizenekar\u00e1nak \u00e9s az Ifj\u00fas\u00e1gi Klub Zenekar\u00e1nak. Az ortodox egyh\u00e1z Sf\u00e2nta Maria k\u00f3rus\u00e1nak alap\u00edt\u00f3ja. 25 \u00e9ven \u00e1t az amat\u0151r sz\u00ednj\u00e1tsz\u00f3 csoport vezet\u0151je, a V\u00e1rosi K\u00f6nyvt\u00e1r keret\u00e9ben m\u0171k\u00f6d\u0151 [&hellip;]<\/p>\n","protected":false},"featured_media":0,"comment_status":"open","ping_status":"closed","template":"","meta":[],"product_brand":[],"product_cat":[137],"product_tag":[],"class_list":{"0":"post-7151","1":"product","2":"type-product","3":"status-publish","5":"product_cat-maros-megyei-eletrajzi-lexikon","7":"first","8":"instock","9":"shipping-taxable","10":"product-type-simple"},"_links":{"self":[{"href":"https:\/\/uj.adatbank.ro\/lexikon\/wp-json\/wp\/v2\/product\/7151","targetHints":{"allow":["GET"]}}],"collection":[{"href":"https:\/\/uj.adatbank.ro\/lexikon\/wp-json\/wp\/v2\/product"}],"about":[{"href":"https:\/\/uj.adatbank.ro\/lexikon\/wp-json\/wp\/v2\/types\/product"}],"replies":[{"embeddable":true,"href":"https:\/\/uj.adatbank.ro\/lexikon\/wp-json\/wp\/v2\/comments?post=7151"}],"wp:attachment":[{"href":"https:\/\/uj.adatbank.ro\/lexikon\/wp-json\/wp\/v2\/media?parent=7151"}],"wp:term":[{"taxonomy":"product_brand","embeddable":true,"href":"https:\/\/uj.adatbank.ro\/lexikon\/wp-json\/wp\/v2\/product_brand?post=7151"},{"taxonomy":"product_cat","embeddable":true,"href":"https:\/\/uj.adatbank.ro\/lexikon\/wp-json\/wp\/v2\/product_cat?post=7151"},{"taxonomy":"product_tag","embeddable":true,"href":"https:\/\/uj.adatbank.ro\/lexikon\/wp-json\/wp\/v2\/product_tag?post=7151"}],"curies":[{"name":"wp","href":"https:\/\/api.w.org\/{rel}","templated":true}]}}

DUMITRU Pătru

<p>Mihăieşti, 1925. okt. 29., † ? : zenetanár, zeneszerző, költő, előadó. – A régeni Kultúrház első szimfonikus zenekarának szólistája, tagja a Kamara Zenekarnak, a Tanügyi Szakszervezete Zenekarának, a Kultúrház Népizenekarának és az Ifjúsági Klub Zenekarának. Az ortodox egyház Sfânta Maria kórusának alapítója. 25 éven át az amatőr színjátszó csoport vezetője, a Városi Könyvtár keretében működő Lucian Blaga Irodalmi Kör tagja. Verseket közölt a Vatra és az Antologia lirică c. folyóiratokban (1992). Több tehetséges énekes felfedezője, oktatója, akik később szolista karriert futottak be, országos filhormóniáknál dolgoztak. Hodákon megszervezte az első népi együttest, valamint Lövéren a népdal és néptánc együttest. <br /><strong>Irod.:</strong> Regh. Cult. 4</br></p>

<p>Mihăieşti, 1925. okt. 29., † ? : zenetanár, zeneszerző, költő, előadó. – A régeni Kultúrház első szimfonikus zenekarának szólistája, tagja a Kamara Zenekarnak, a Tanügyi Szakszervezete Zenekarának, a Kultúrház Népizenekarának és az Ifjúsági Klub Zenekarának. Az ortodox egyház Sfânta Maria kórusának alapítója. 25 éven át az amatőr színjátszó csoport vezetője, a Városi Könyvtár keretében működő [&hellip;]</p>
