{"id":7154,"date":"2025-06-28T18:16:40","date_gmt":"2025-06-28T16:16:40","guid":{"rendered":"https:\/\/uj.adatbank.ro\/lexikon\/termek\/dunca-aurel\/"},"modified":"2025-06-28T18:16:40","modified_gmt":"2025-06-28T16:16:40","slug":"dunca-aurel","status":"publish","type":"product","link":"https:\/\/uj.adatbank.ro\/lexikon\/termek\/dunca-aurel\/","title":{"rendered":"DUNCA Aurel"},"content":{"rendered":"<p>Marosoroszi, 1905. okt. 2., \u2020 Mv., 1981.: tan\u00edt\u00f3. \u2013 Tanult a sz\u00fcl\u0151faluj\u00e1ban (1913\u201317), tan\u00edt\u00f3k\u00e9pz\u0151t Bal\u00e1zsfalv\u00e1n v\u00e9gzett (1927). Els\u0151 munkahelye a sz\u00fcl\u0151faluj\u00e1ban (1927\u201329), ezut\u00e1n iskolaigazgat\u00f3 K\u00e1sv\u00e1n (1929\u201339), majd G\u00f6rg\u00e9ny\u00fcvegcs\u0171r\u00f6n igazgat\u00f3tan\u00edt\u00f3 \u00e9s egyid\u0151ben tan\u00edtott az \u00e1ltala n\u00e9h\u00e1ny tanul\u00f3 sz\u00e1m\u00e1ra l\u00e9tes\u00edtett (1945) l\u00e1rgatelepi rom\u00e1n iskol\u00e1ban is. Nagy szerepe volt az analfab\u00e9tizmus felsz\u00e1mol\u00e1s\u00e1ban azon a v\u00edd\u00e9ken. Nyugd\u00edjba vonult (1967), majd Mv.-re k\u00f6lt\u00f6z\u00f6tt (1971). <br \/><strong>Irod.:<\/strong> Dasc\u0103li mure\u015feni, 3.<\/br><\/p>\n","protected":false},"excerpt":{"rendered":"<p>Marosoroszi, 1905. okt. 2., \u2020 Mv., 1981.: tan\u00edt\u00f3. \u2013 Tanult a sz\u00fcl\u0151faluj\u00e1ban (1913\u201317), tan\u00edt\u00f3k\u00e9pz\u0151t Bal\u00e1zsfalv\u00e1n v\u00e9gzett (1927). Els\u0151 munkahelye a sz\u00fcl\u0151faluj\u00e1ban (1927\u201329), ezut\u00e1n iskolaigazgat\u00f3 K\u00e1sv\u00e1n (1929\u201339), majd G\u00f6rg\u00e9ny\u00fcvegcs\u0171r\u00f6n igazgat\u00f3tan\u00edt\u00f3 \u00e9s egyid\u0151ben tan\u00edtott az \u00e1ltala n\u00e9h\u00e1ny tanul\u00f3 sz\u00e1m\u00e1ra l\u00e9tes\u00edtett (1945) l\u00e1rgatelepi rom\u00e1n iskol\u00e1ban is. Nagy szerepe volt az analfab\u00e9tizmus felsz\u00e1mol\u00e1s\u00e1ban azon a v\u00edd\u00e9ken. Nyugd\u00edjba vonult (1967), [&hellip;]<\/p>\n","protected":false},"featured_media":0,"comment_status":"open","ping_status":"closed","template":"","meta":[],"product_brand":[],"product_cat":[137],"product_tag":[],"class_list":{"0":"post-7154","1":"product","2":"type-product","3":"status-publish","5":"product_cat-maros-megyei-eletrajzi-lexikon","7":"first","8":"instock","9":"shipping-taxable","10":"product-type-simple"},"_links":{"self":[{"href":"https:\/\/uj.adatbank.ro\/lexikon\/wp-json\/wp\/v2\/product\/7154","targetHints":{"allow":["GET"]}}],"collection":[{"href":"https:\/\/uj.adatbank.ro\/lexikon\/wp-json\/wp\/v2\/product"}],"about":[{"href":"https:\/\/uj.adatbank.ro\/lexikon\/wp-json\/wp\/v2\/types\/product"}],"replies":[{"embeddable":true,"href":"https:\/\/uj.adatbank.ro\/lexikon\/wp-json\/wp\/v2\/comments?post=7154"}],"wp:attachment":[{"href":"https:\/\/uj.adatbank.ro\/lexikon\/wp-json\/wp\/v2\/media?parent=7154"}],"wp:term":[{"taxonomy":"product_brand","embeddable":true,"href":"https:\/\/uj.adatbank.ro\/lexikon\/wp-json\/wp\/v2\/product_brand?post=7154"},{"taxonomy":"product_cat","embeddable":true,"href":"https:\/\/uj.adatbank.ro\/lexikon\/wp-json\/wp\/v2\/product_cat?post=7154"},{"taxonomy":"product_tag","embeddable":true,"href":"https:\/\/uj.adatbank.ro\/lexikon\/wp-json\/wp\/v2\/product_tag?post=7154"}],"curies":[{"name":"wp","href":"https:\/\/api.w.org\/{rel}","templated":true}]}}

<p>Marosoroszi, 1905. okt. 2., † Mv., 1981.: tanító. – Tanult a szülőfalujában (1913–17), tanítóképzőt Balázsfalván végzett (1927). Első munkahelye a szülőfalujában (1927–29), ezután iskolaigazgató Kásván (1929–39), majd Görgényüvegcsűrön igazgatótanító és egyidőben tanított az általa néhány tanuló számára létesített (1945) lárgatelepi román iskolában is. Nagy szerepe volt az analfabétizmus felszámolásában azon a vídéken. Nyugdíjba vonult (1967), majd Mv.-re költözött (1971). <br /><strong>Irod.:</strong> Dascăli mureşeni, 3.</br></p>

<p>Marosoroszi, 1905. okt. 2., † Mv., 1981.: tanító. – Tanult a szülőfalujában (1913–17), tanítóképzőt Balázsfalván végzett (1927). Első munkahelye a szülőfalujában (1927–29), ezután iskolaigazgató Kásván (1929–39), majd Görgényüvegcsűrön igazgatótanító és egyidőben tanított az általa néhány tanuló számára létesített (1945) lárgatelepi román iskolában is. Nagy szerepe volt az analfabétizmus felszámolásában azon a vídéken. Nyugdíjba vonult (1967), [&hellip;]</p>
