{"id":7156,"date":"2025-06-28T18:16:44","date_gmt":"2025-06-28T16:16:44","guid":{"rendered":"https:\/\/uj.adatbank.ro\/lexikon\/termek\/dunca-paul\/"},"modified":"2025-06-28T18:16:44","modified_gmt":"2025-06-28T16:16:44","slug":"dunca-paul","status":"publish","type":"product","link":"https:\/\/uj.adatbank.ro\/lexikon\/termek\/dunca-paul\/","title":{"rendered":"DUNCA Paul"},"content":{"rendered":"<p>G\u00f6rg\u00e9nyorsova, 1800., \u2020 Nagyszeben, 1888.: \u00fcgyv\u00e9d. \u2013 Mv.-en, Szebenben, Cern\u0103u\u0163iban tanult, jogot Kv.-on v\u00e9gzett. K\u00fcl\u00f6nb\u00f6z\u0151 adminisztrativ funkci\u00f3kat t\u00f6lt\u00f6tt be, v\u00e9g\u00fcl korm\u00e1nytan\u00e1csos lett, B\u00e9csben a cs\u00e1sz\u00e1ri szen\u00e1tus tagja. Szebenben tagja az \u00e1lland\u00f3 forradalmi bizotts\u00e1gnak (1848). Az Erd\u00e9lyi Di\u00e9ta k\u00e9pvisel\u0151je (1864\u2013), egyik alap\u00edt\u00f3tagja \u00e9s t\u00e1mogat\u00f3ja az \u201e Asocia\u0163iune\u201d-nak. Levelezett a kor t\u00f6bb szakember\u00e9vel \u00e9s George Bari\u0163iuval. <br \/><strong>Irod.:<\/strong> Netea: Mure\u015ful superior<\/br><\/p>\n","protected":false},"excerpt":{"rendered":"<p>G\u00f6rg\u00e9nyorsova, 1800., \u2020 Nagyszeben, 1888.: \u00fcgyv\u00e9d. \u2013 Mv.-en, Szebenben, Cern\u0103u\u0163iban tanult, jogot Kv.-on v\u00e9gzett. K\u00fcl\u00f6nb\u00f6z\u0151 adminisztrativ funkci\u00f3kat t\u00f6lt\u00f6tt be, v\u00e9g\u00fcl korm\u00e1nytan\u00e1csos lett, B\u00e9csben a cs\u00e1sz\u00e1ri szen\u00e1tus tagja. Szebenben tagja az \u00e1lland\u00f3 forradalmi bizotts\u00e1gnak (1848). Az Erd\u00e9lyi Di\u00e9ta k\u00e9pvisel\u0151je (1864\u2013), egyik alap\u00edt\u00f3tagja \u00e9s t\u00e1mogat\u00f3ja az \u201e Asocia\u0163iune\u201d-nak. Levelezett a kor t\u00f6bb szakember\u00e9vel \u00e9s George Bari\u0163iuval. Irod.: [&hellip;]<\/p>\n","protected":false},"featured_media":0,"comment_status":"open","ping_status":"closed","template":"","meta":[],"product_brand":[],"product_cat":[137],"product_tag":[],"class_list":{"0":"post-7156","1":"product","2":"type-product","3":"status-publish","5":"product_cat-maros-megyei-eletrajzi-lexikon","7":"first","8":"instock","9":"shipping-taxable","10":"product-type-simple"},"_links":{"self":[{"href":"https:\/\/uj.adatbank.ro\/lexikon\/wp-json\/wp\/v2\/product\/7156","targetHints":{"allow":["GET"]}}],"collection":[{"href":"https:\/\/uj.adatbank.ro\/lexikon\/wp-json\/wp\/v2\/product"}],"about":[{"href":"https:\/\/uj.adatbank.ro\/lexikon\/wp-json\/wp\/v2\/types\/product"}],"replies":[{"embeddable":true,"href":"https:\/\/uj.adatbank.ro\/lexikon\/wp-json\/wp\/v2\/comments?post=7156"}],"wp:attachment":[{"href":"https:\/\/uj.adatbank.ro\/lexikon\/wp-json\/wp\/v2\/media?parent=7156"}],"wp:term":[{"taxonomy":"product_brand","embeddable":true,"href":"https:\/\/uj.adatbank.ro\/lexikon\/wp-json\/wp\/v2\/product_brand?post=7156"},{"taxonomy":"product_cat","embeddable":true,"href":"https:\/\/uj.adatbank.ro\/lexikon\/wp-json\/wp\/v2\/product_cat?post=7156"},{"taxonomy":"product_tag","embeddable":true,"href":"https:\/\/uj.adatbank.ro\/lexikon\/wp-json\/wp\/v2\/product_tag?post=7156"}],"curies":[{"name":"wp","href":"https:\/\/api.w.org\/{rel}","templated":true}]}}

<p>Görgényorsova, 1800., † Nagyszeben, 1888.: ügyvéd. – Mv.-en, Szebenben, Cernăuţiban tanult, jogot Kv.-on végzett. Különböző adminisztrativ funkciókat töltött be, végül kormánytanácsos lett, Bécsben a császári szenátus tagja. Szebenben tagja az állandó forradalmi bizottságnak (1848). Az Erdélyi Diéta képviselője (1864–), egyik alapítótagja és támogatója az „ Asociaţiune”-nak. Levelezett a kor több szakemberével és George Bariţiuval. <br /><strong>Irod.:</strong> Netea: Mureşul superior</br></p>

<p>Görgényorsova, 1800., † Nagyszeben, 1888.: ügyvéd. – Mv.-en, Szebenben, Cernăuţiban tanult, jogot Kv.-on végzett. Különböző adminisztrativ funkciókat töltött be, végül kormánytanácsos lett, Bécsben a császári szenátus tagja. Szebenben tagja az állandó forradalmi bizottságnak (1848). Az Erdélyi Diéta képviselője (1864–), egyik alapítótagja és támogatója az „ Asociaţiune”-nak. Levelezett a kor több szakemberével és George Bariţiuval. Irod.: [&hellip;]</p>
