{"id":7157,"date":"2025-06-28T18:16:46","date_gmt":"2025-06-28T16:16:46","guid":{"rendered":"https:\/\/uj.adatbank.ro\/lexikon\/termek\/dunod-antide\/"},"modified":"2025-06-28T18:16:46","modified_gmt":"2025-06-28T16:16:46","slug":"dunod-antide","status":"publish","type":"product","link":"https:\/\/uj.adatbank.ro\/lexikon\/termek\/dunod-antide\/","title":{"rendered":"DUNOD Antide"},"content":{"rendered":"<p>1640.? \u2020 1696: jezsuita pap. \u2013 Francia sz\u00e1rmaz\u00e1s\u00fa jezsuita pap. \u2013 I. Lip\u00f3t cs\u00e1sz\u00e1r bizalmi embere volt, t\u00f6bbsz\u00f6r j\u00e1rt Erd\u00e9lyben, ahol Teleki Mih\u00e1ly kancell\u00e1rral titkos szerz\u0151d\u00e9st k\u00f6t\u00f6tt. <br \/><strong>Irod.:<\/strong> Gyallay<\/br><\/p>\n","protected":false},"excerpt":{"rendered":"<p>1640.? \u2020 1696: jezsuita pap. \u2013 Francia sz\u00e1rmaz\u00e1s\u00fa jezsuita pap. \u2013 I. Lip\u00f3t cs\u00e1sz\u00e1r bizalmi embere volt, t\u00f6bbsz\u00f6r j\u00e1rt Erd\u00e9lyben, ahol Teleki Mih\u00e1ly kancell\u00e1rral titkos szerz\u0151d\u00e9st k\u00f6t\u00f6tt. Irod.: Gyallay<\/p>\n","protected":false},"featured_media":0,"comment_status":"open","ping_status":"closed","template":"","meta":[],"product_brand":[],"product_cat":[137],"product_tag":[],"class_list":{"0":"post-7157","1":"product","2":"type-product","3":"status-publish","5":"product_cat-maros-megyei-eletrajzi-lexikon","7":"first","8":"instock","9":"shipping-taxable","10":"product-type-simple"},"_links":{"self":[{"href":"https:\/\/uj.adatbank.ro\/lexikon\/wp-json\/wp\/v2\/product\/7157","targetHints":{"allow":["GET"]}}],"collection":[{"href":"https:\/\/uj.adatbank.ro\/lexikon\/wp-json\/wp\/v2\/product"}],"about":[{"href":"https:\/\/uj.adatbank.ro\/lexikon\/wp-json\/wp\/v2\/types\/product"}],"replies":[{"embeddable":true,"href":"https:\/\/uj.adatbank.ro\/lexikon\/wp-json\/wp\/v2\/comments?post=7157"}],"wp:attachment":[{"href":"https:\/\/uj.adatbank.ro\/lexikon\/wp-json\/wp\/v2\/media?parent=7157"}],"wp:term":[{"taxonomy":"product_brand","embeddable":true,"href":"https:\/\/uj.adatbank.ro\/lexikon\/wp-json\/wp\/v2\/product_brand?post=7157"},{"taxonomy":"product_cat","embeddable":true,"href":"https:\/\/uj.adatbank.ro\/lexikon\/wp-json\/wp\/v2\/product_cat?post=7157"},{"taxonomy":"product_tag","embeddable":true,"href":"https:\/\/uj.adatbank.ro\/lexikon\/wp-json\/wp\/v2\/product_tag?post=7157"}],"curies":[{"name":"wp","href":"https:\/\/api.w.org\/{rel}","templated":true}]}}