{"id":7159,"date":"2025-06-28T18:16:49","date_gmt":"2025-06-28T16:16:49","guid":{"rendered":"https:\/\/uj.adatbank.ro\/lexikon\/termek\/dupont-arthur-%c2%a7\/"},"modified":"2025-06-28T18:16:49","modified_gmt":"2025-06-28T16:16:49","slug":"dupont-arthur-%c2%a7","status":"publish","type":"product","link":"https:\/\/uj.adatbank.ro\/lexikon\/termek\/dupont-arthur-%c2%a7\/","title":{"rendered":"DUPONT Arthur \u00a7"},"content":{"rendered":"<p>F\u0103lticeni, 1888. aug. 22., \u2020\u00a0? : tan\u00e1r. \u2013 Tanult Dorohoiban, Ia\u015fiban, B\u00e2rladon \u00e9s \u00e9retts\u00e9git Gala\u0163i-ban tette le. A TE -et Buk.-ben v\u00e9gezte fizika-k\u00e9mia szakon (1915\u201320), ugyanakkor Ia\u015fiban jogi \u00e9s k\u00f6zgatdas\u00e1gtani okl. -t szerzett (1920). Mv.-re helyezt\u00e9k a Mihai Viteazul Katonai L\u00edc. -ba (1920), majd tan\u00e1r a mv.-i Al. Papiu Ilarian L\u00edc.-ban (1922\u201340), igazgat\u00f3 uo. (1923. apr. 20. \u201325. okt. 1., 1936. okt. 1. \u201338. okt. 1.). Igazgat\u00e1sa idej\u00e9n v\u00e9gzett az els\u0151 nyolc oszt. -t \u00e9s \u00e9retts\u00e9gi vizs\u00e1t tett \u00e9vfolyam. Kiadta a l\u00edc. \u00e9vk\u00f6nyv\u00e9t Anuarul liceului Al. Papiu Ilarian (1922\u201323), az Indemnul (1923) iskolai di\u00e1k foly\u00f3irat szerk. &#8211;s\u00e9g\u00e9nek tagja mint igazgat\u00f3. L\u00e9trehozta \u00e9s vezette a tanul\u00f3k Dr. Constantin Istrate Tudom\u00e1nyos T\u00e1rsas\u00e1g\u00e1t (1924\u201325). A B\u00e9csi Dikt\u00e1tum ut\u00e1n elmenek\u00fclt Mv.-r\u0151l (1940. \u0151sz\u00e9n). <br \/><strong>Irod.:<\/strong> Bui-Borda-Opri\u015f; Ciortea; Dasc\u0103li mure\u015feni, 5.; Dasc\u0103lii Papiului; Liceul Papiu Ilarian la 75 ani (Tg. M., 1994); Papiu<\/br><\/p>\n","protected":false},"excerpt":{"rendered":"<p>F\u0103lticeni, 1888. aug. 22., \u2020\u00a0? : tan\u00e1r. \u2013 Tanult Dorohoiban, Ia\u015fiban, B\u00e2rladon \u00e9s \u00e9retts\u00e9git Gala\u0163i-ban tette le. A TE -et Buk.-ben v\u00e9gezte fizika-k\u00e9mia szakon (1915\u201320), ugyanakkor Ia\u015fiban jogi \u00e9s k\u00f6zgatdas\u00e1gtani okl. -t szerzett (1920). Mv.-re helyezt\u00e9k a Mihai Viteazul Katonai L\u00edc. -ba (1920), majd tan\u00e1r a mv.-i Al. Papiu Ilarian L\u00edc.-ban (1922\u201340), igazgat\u00f3 uo. (1923. [&hellip;]<\/p>\n","protected":false},"featured_media":0,"comment_status":"open","ping_status":"closed","template":"","meta":[],"product_brand":[],"product_cat":[137],"product_tag":[],"class_list":{"0":"post-7159","1":"product","2":"type-product","3":"status-publish","5":"product_cat-maros-megyei-eletrajzi-lexikon","7":"first","8":"instock","9":"shipping-taxable","10":"product-type-simple"},"_links":{"self":[{"href":"https:\/\/uj.adatbank.ro\/lexikon\/wp-json\/wp\/v2\/product\/7159","targetHints":{"allow":["GET"]}}],"collection":[{"href":"https:\/\/uj.adatbank.ro\/lexikon\/wp-json\/wp\/v2\/product"}],"about":[{"href":"https:\/\/uj.adatbank.ro\/lexikon\/wp-json\/wp\/v2\/types\/product"}],"replies":[{"embeddable":true,"href":"https:\/\/uj.adatbank.ro\/lexikon\/wp-json\/wp\/v2\/comments?post=7159"}],"wp:attachment":[{"href":"https:\/\/uj.adatbank.ro\/lexikon\/wp-json\/wp\/v2\/media?parent=7159"}],"wp:term":[{"taxonomy":"product_brand","embeddable":true,"href":"https:\/\/uj.adatbank.ro\/lexikon\/wp-json\/wp\/v2\/product_brand?post=7159"},{"taxonomy":"product_cat","embeddable":true,"href":"https:\/\/uj.adatbank.ro\/lexikon\/wp-json\/wp\/v2\/product_cat?post=7159"},{"taxonomy":"product_tag","embeddable":true,"href":"https:\/\/uj.adatbank.ro\/lexikon\/wp-json\/wp\/v2\/product_tag?post=7159"}],"curies":[{"name":"wp","href":"https:\/\/api.w.org\/{rel}","templated":true}]}}

<p>Fălticeni, 1888. aug. 22., † ? : tanár. – Tanult Dorohoiban, Iaşiban, Bârladon és érettségit Galaţi-ban tette le. A TE -et Buk.-ben végezte fizika-kémia szakon (1915–20), ugyanakkor Iaşiban jogi és közgatdaságtani okl. -t szerzett (1920). Mv.-re helyezték a Mihai Viteazul Katonai Líc. -ba (1920), majd tanár a mv.-i Al. Papiu Ilarian Líc.-ban (1922–40), igazgató uo. (1923. apr. 20. –25. okt. 1., 1936. okt. 1. –38. okt. 1.). Igazgatása idején végzett az első nyolc oszt. -t és érettségi vizsát tett évfolyam. Kiadta a líc. évkönyvét Anuarul liceului Al. Papiu Ilarian (1922–23), az Indemnul (1923) iskolai diák folyóirat szerk. &#8211;ségének tagja mint igazgató. Létrehozta és vezette a tanulók Dr. Constantin Istrate Tudományos Társaságát (1924–25). A Bécsi Diktátum után elmenekült Mv.-ről (1940. őszén). <br /><strong>Irod.:</strong> Bui-Borda-Opriş; Ciortea; Dascăli mureşeni, 5.; Dascălii Papiului; Liceul Papiu Ilarian la 75 ani (Tg. M., 1994); Papiu</br></p>

<p>Fălticeni, 1888. aug. 22., † ? : tanár. – Tanult Dorohoiban, Iaşiban, Bârladon és érettségit Galaţi-ban tette le. A TE -et Buk.-ben végezte fizika-kémia szakon (1915–20), ugyanakkor Iaşiban jogi és közgatdaságtani okl. -t szerzett (1920). Mv.-re helyezték a Mihai Viteazul Katonai Líc. -ba (1920), majd tanár a mv.-i Al. Papiu Ilarian Líc.-ban (1922–40), igazgató uo. (1923. [&hellip;]</p>
