{"id":7162,"date":"2025-06-28T18:16:55","date_gmt":"2025-06-28T16:16:55","guid":{"rendered":"https:\/\/uj.adatbank.ro\/lexikon\/termek\/durugy-pal\/"},"modified":"2025-06-28T18:16:55","modified_gmt":"2025-06-28T16:16:55","slug":"durugy-pal","status":"publish","type":"product","link":"https:\/\/uj.adatbank.ro\/lexikon\/termek\/durugy-pal\/","title":{"rendered":"DURUGY P\u00e1l"},"content":{"rendered":"<p>Dics\u0151szentm\u00e1rton, 1921. jan. 30., \u2020 2005. \u00e1pr. 7.: cukr\u00e1sz; fest\u0151m\u0171v\u00e9sz. \u2013 Sz\u00fcl\u0151v\u00e1ros\u00e1ban v\u00e9gezte a gimn. -ot. Cukr\u00e1szmester uo. Harminc \u00e9vig (40 \u00e9ves kor\u00e1t\u00f3l 70 \u00e9ves kor\u00e1ig) k\u00e9sz\u00edtett rajzokat, linoleum- \u00e9s fametszeteket, szobrokat. Csoportos ki\u00e1ll\u00edt\u00e1sokon szerepelt Buk.-ben (1967, 1971), Dics\u0151szentm\u00e1rtonban (1968, 2008), Mv.-en (1969, 1972, 1974, 1983), Drezd\u00e1ban (1972) \u00e9s Weimarban (1973). Munk\u00e1i l\u00e1that\u00f3k az Arta plastic\u0103 amatoare (Buc., 1971) k\u00f6t. <br \/><strong>Irod.:<\/strong> Moldovan, Iuliu: Art\u0103 plastic\u0103 t\u00e2rn\u0103vean\u0103: repere culturale (Tg. M., 2008)<\/br><\/p>\n","protected":false},"excerpt":{"rendered":"<p>Dics\u0151szentm\u00e1rton, 1921. jan. 30., \u2020 2005. \u00e1pr. 7.: cukr\u00e1sz; fest\u0151m\u0171v\u00e9sz. \u2013 Sz\u00fcl\u0151v\u00e1ros\u00e1ban v\u00e9gezte a gimn. -ot. Cukr\u00e1szmester uo. Harminc \u00e9vig (40 \u00e9ves kor\u00e1t\u00f3l 70 \u00e9ves kor\u00e1ig) k\u00e9sz\u00edtett rajzokat, linoleum- \u00e9s fametszeteket, szobrokat. Csoportos ki\u00e1ll\u00edt\u00e1sokon szerepelt Buk.-ben (1967, 1971), Dics\u0151szentm\u00e1rtonban (1968, 2008), Mv.-en (1969, 1972, 1974, 1983), Drezd\u00e1ban (1972) \u00e9s Weimarban (1973). Munk\u00e1i l\u00e1that\u00f3k az Arta [&hellip;]<\/p>\n","protected":false},"featured_media":0,"comment_status":"open","ping_status":"closed","template":"","meta":[],"product_brand":[],"product_cat":[137],"product_tag":[],"class_list":{"0":"post-7162","1":"product","2":"type-product","3":"status-publish","5":"product_cat-maros-megyei-eletrajzi-lexikon","7":"first","8":"instock","9":"shipping-taxable","10":"product-type-simple"},"_links":{"self":[{"href":"https:\/\/uj.adatbank.ro\/lexikon\/wp-json\/wp\/v2\/product\/7162","targetHints":{"allow":["GET"]}}],"collection":[{"href":"https:\/\/uj.adatbank.ro\/lexikon\/wp-json\/wp\/v2\/product"}],"about":[{"href":"https:\/\/uj.adatbank.ro\/lexikon\/wp-json\/wp\/v2\/types\/product"}],"replies":[{"embeddable":true,"href":"https:\/\/uj.adatbank.ro\/lexikon\/wp-json\/wp\/v2\/comments?post=7162"}],"wp:attachment":[{"href":"https:\/\/uj.adatbank.ro\/lexikon\/wp-json\/wp\/v2\/media?parent=7162"}],"wp:term":[{"taxonomy":"product_brand","embeddable":true,"href":"https:\/\/uj.adatbank.ro\/lexikon\/wp-json\/wp\/v2\/product_brand?post=7162"},{"taxonomy":"product_cat","embeddable":true,"href":"https:\/\/uj.adatbank.ro\/lexikon\/wp-json\/wp\/v2\/product_cat?post=7162"},{"taxonomy":"product_tag","embeddable":true,"href":"https:\/\/uj.adatbank.ro\/lexikon\/wp-json\/wp\/v2\/product_tag?post=7162"}],"curies":[{"name":"wp","href":"https:\/\/api.w.org\/{rel}","templated":true}]}}

DURUGY Pál

<p>Dicsőszentmárton, 1921. jan. 30., † 2005. ápr. 7.: cukrász; festőművész. – Szülővárosában végezte a gimn. -ot. Cukrászmester uo. Harminc évig (40 éves korától 70 éves koráig) készített rajzokat, linoleum- és fametszeteket, szobrokat. Csoportos kiállításokon szerepelt Buk.-ben (1967, 1971), Dicsőszentmártonban (1968, 2008), Mv.-en (1969, 1972, 1974, 1983), Drezdában (1972) és Weimarban (1973). Munkái láthatók az Arta plastică amatoare (Buc., 1971) köt. <br /><strong>Irod.:</strong> Moldovan, Iuliu: Artă plastică târnăveană: repere culturale (Tg. M., 2008)</br></p>

<p>Dicsőszentmárton, 1921. jan. 30., † 2005. ápr. 7.: cukrász; festőművész. – Szülővárosában végezte a gimn. -ot. Cukrászmester uo. Harminc évig (40 éves korától 70 éves koráig) készített rajzokat, linoleum- és fametszeteket, szobrokat. Csoportos kiállításokon szerepelt Buk.-ben (1967, 1971), Dicsőszentmártonban (1968, 2008), Mv.-en (1969, 1972, 1974, 1983), Drezdában (1972) és Weimarban (1973). Munkái láthatók az Arta [&hellip;]</p>
