{"id":7165,"date":"2025-06-28T18:17:00","date_gmt":"2025-06-28T16:17:00","guid":{"rendered":"https:\/\/uj.adatbank.ro\/lexikon\/termek\/dusleag-florea-cornelia-%c2%a7-soneriu-cornelia\/"},"modified":"2025-06-28T18:17:00","modified_gmt":"2025-06-28T16:17:00","slug":"dusleag-florea-cornelia-%c2%a7-soneriu-cornelia","status":"publish","type":"product","link":"https:\/\/uj.adatbank.ro\/lexikon\/termek\/dusleag-florea-cornelia-%c2%a7-soneriu-cornelia\/","title":{"rendered":"DU\u015eLEAG FLOREA Cornelia, \u00a7 \u015eoneriu Cornelia"},"content":{"rendered":"<p>Segesv\u00e1r, 1920. jan. 4., \u2020 Feh\u00e9regyh\u00e1za, 2000.: tan\u00edt\u00f3. \u2013 Tan\u00edt\u00f3k\u00e9pz\u0151t Bal\u00e1zsfalv\u00e1n \u00e9s Szebenben v\u00e9gzett, k\u00e9s\u0151bb Brass\u00f3ban a M\u0171v\u00e9szeti Iskol\u00e1t (1946\u2013149). Tan\u00edtott Schela-Gorj-, Bar\u00e1thely iskol\u00e1iban, majd f\u00e9rj\u00e9vel Feh\u00e9regyh\u00e1z\u00e1n, ahol sok eredm\u00e9nyt \u00e9s d\u00edjat el\u00e9r\u0151 k\u00f3rust vezetett nyugd\u00edjaz\u00e1s\u00e1ig. <br \/><strong>Irod.:<\/strong> Dasc\u0103li mure\u015feni, 3.<\/br><\/p>\n","protected":false},"excerpt":{"rendered":"<p>Segesv\u00e1r, 1920. jan. 4., \u2020 Feh\u00e9regyh\u00e1za, 2000.: tan\u00edt\u00f3. \u2013 Tan\u00edt\u00f3k\u00e9pz\u0151t Bal\u00e1zsfalv\u00e1n \u00e9s Szebenben v\u00e9gzett, k\u00e9s\u0151bb Brass\u00f3ban a M\u0171v\u00e9szeti Iskol\u00e1t (1946\u2013149). Tan\u00edtott Schela-Gorj-, Bar\u00e1thely iskol\u00e1iban, majd f\u00e9rj\u00e9vel Feh\u00e9regyh\u00e1z\u00e1n, ahol sok eredm\u00e9nyt \u00e9s d\u00edjat el\u00e9r\u0151 k\u00f3rust vezetett nyugd\u00edjaz\u00e1s\u00e1ig. Irod.: Dasc\u0103li mure\u015feni, 3.<\/p>\n","protected":false},"featured_media":0,"comment_status":"open","ping_status":"closed","template":"","meta":[],"product_brand":[],"product_cat":[137],"product_tag":[],"class_list":{"0":"post-7165","1":"product","2":"type-product","3":"status-publish","5":"product_cat-maros-megyei-eletrajzi-lexikon","7":"first","8":"instock","9":"shipping-taxable","10":"product-type-simple"},"_links":{"self":[{"href":"https:\/\/uj.adatbank.ro\/lexikon\/wp-json\/wp\/v2\/product\/7165","targetHints":{"allow":["GET"]}}],"collection":[{"href":"https:\/\/uj.adatbank.ro\/lexikon\/wp-json\/wp\/v2\/product"}],"about":[{"href":"https:\/\/uj.adatbank.ro\/lexikon\/wp-json\/wp\/v2\/types\/product"}],"replies":[{"embeddable":true,"href":"https:\/\/uj.adatbank.ro\/lexikon\/wp-json\/wp\/v2\/comments?post=7165"}],"wp:attachment":[{"href":"https:\/\/uj.adatbank.ro\/lexikon\/wp-json\/wp\/v2\/media?parent=7165"}],"wp:term":[{"taxonomy":"product_brand","embeddable":true,"href":"https:\/\/uj.adatbank.ro\/lexikon\/wp-json\/wp\/v2\/product_brand?post=7165"},{"taxonomy":"product_cat","embeddable":true,"href":"https:\/\/uj.adatbank.ro\/lexikon\/wp-json\/wp\/v2\/product_cat?post=7165"},{"taxonomy":"product_tag","embeddable":true,"href":"https:\/\/uj.adatbank.ro\/lexikon\/wp-json\/wp\/v2\/product_tag?post=7165"}],"curies":[{"name":"wp","href":"https:\/\/api.w.org\/{rel}","templated":true}]}}