{"id":7166,"date":"2025-06-28T18:17:02","date_gmt":"2025-06-28T16:17:02","guid":{"rendered":"https:\/\/uj.adatbank.ro\/lexikon\/termek\/dusleag-florea-ioan-%c2%a7\/"},"modified":"2025-06-28T18:17:02","modified_gmt":"2025-06-28T16:17:02","slug":"dusleag-florea-ioan-%c2%a7","status":"publish","type":"product","link":"https:\/\/uj.adatbank.ro\/lexikon\/termek\/dusleag-florea-ioan-%c2%a7\/","title":{"rendered":"DU\u015eLEAG FLOREA Ioan \u00a7"},"content":{"rendered":"<p>Vecserd-\u00c1gota, 1913. m\u00e1rc. 4., \u2020 Feh\u00e9regyh\u00e1za, 1989.: tan\u00edt\u00f3. \u2013 Tan\u00edt\u00f3k\u00e9pz\u0151t D\u00e9v\u00e1n v\u00e9gzett (1932). Tan\u00edtott Aurel Vlaicu tany\u00e1n, Segesv\u00e1ron \u00e9s Feh\u00e9regyh\u00e1z\u00e1n. R\u00e9szt vett a II. vh.-ban, ejutott a T\u00e1tr\u00e1ig. A Rom\u00e1nia Csillaga (\u201eSteaua Republicii\u201d) V. oszt. -val t\u00fcntett\u00e9k ki. B\u00e1r nem volt k\u00e9pes\u00edt\u00e9se Feh\u00e9regyh\u00e1z\u00e1n sikeresen tan\u00edtotta a matematik\u00e1t. Nyugd\u00edjba vonult (1971). <br \/><strong>Irod.:<\/strong> Dasc\u0103li mure\u015feni, 3.<\/br><\/p>\n","protected":false},"excerpt":{"rendered":"<p>Vecserd-\u00c1gota, 1913. m\u00e1rc. 4., \u2020 Feh\u00e9regyh\u00e1za, 1989.: tan\u00edt\u00f3. \u2013 Tan\u00edt\u00f3k\u00e9pz\u0151t D\u00e9v\u00e1n v\u00e9gzett (1932). Tan\u00edtott Aurel Vlaicu tany\u00e1n, Segesv\u00e1ron \u00e9s Feh\u00e9regyh\u00e1z\u00e1n. R\u00e9szt vett a II. vh.-ban, ejutott a T\u00e1tr\u00e1ig. A Rom\u00e1nia Csillaga (\u201eSteaua Republicii\u201d) V. oszt. -val t\u00fcntett\u00e9k ki. B\u00e1r nem volt k\u00e9pes\u00edt\u00e9se Feh\u00e9regyh\u00e1z\u00e1n sikeresen tan\u00edtotta a matematik\u00e1t. Nyugd\u00edjba vonult (1971). Irod.: Dasc\u0103li mure\u015feni, 3.<\/p>\n","protected":false},"featured_media":0,"comment_status":"open","ping_status":"closed","template":"","meta":[],"product_brand":[],"product_cat":[137],"product_tag":[],"class_list":{"0":"post-7166","1":"product","2":"type-product","3":"status-publish","5":"product_cat-maros-megyei-eletrajzi-lexikon","7":"first","8":"instock","9":"shipping-taxable","10":"product-type-simple"},"_links":{"self":[{"href":"https:\/\/uj.adatbank.ro\/lexikon\/wp-json\/wp\/v2\/product\/7166","targetHints":{"allow":["GET"]}}],"collection":[{"href":"https:\/\/uj.adatbank.ro\/lexikon\/wp-json\/wp\/v2\/product"}],"about":[{"href":"https:\/\/uj.adatbank.ro\/lexikon\/wp-json\/wp\/v2\/types\/product"}],"replies":[{"embeddable":true,"href":"https:\/\/uj.adatbank.ro\/lexikon\/wp-json\/wp\/v2\/comments?post=7166"}],"wp:attachment":[{"href":"https:\/\/uj.adatbank.ro\/lexikon\/wp-json\/wp\/v2\/media?parent=7166"}],"wp:term":[{"taxonomy":"product_brand","embeddable":true,"href":"https:\/\/uj.adatbank.ro\/lexikon\/wp-json\/wp\/v2\/product_brand?post=7166"},{"taxonomy":"product_cat","embeddable":true,"href":"https:\/\/uj.adatbank.ro\/lexikon\/wp-json\/wp\/v2\/product_cat?post=7166"},{"taxonomy":"product_tag","embeddable":true,"href":"https:\/\/uj.adatbank.ro\/lexikon\/wp-json\/wp\/v2\/product_tag?post=7166"}],"curies":[{"name":"wp","href":"https:\/\/api.w.org\/{rel}","templated":true}]}}

DUŞLEAG FLOREA Ioan §

<p>Vecserd-Ágota, 1913. márc. 4., † Fehéregyháza, 1989.: tanító. – Tanítóképzőt Déván végzett (1932). Tanított Aurel Vlaicu tanyán, Segesváron és Fehéregyházán. Részt vett a II. vh.-ban, ejutott a Tátráig. A Románia Csillaga („Steaua Republicii”) V. oszt. -val tüntették ki. Bár nem volt képesítése Fehéregyházán sikeresen tanította a matematikát. Nyugdíjba vonult (1971). <br /><strong>Irod.:</strong> Dascăli mureşeni, 3.</br></p>

<p>Vecserd-Ágota, 1913. márc. 4., † Fehéregyháza, 1989.: tanító. – Tanítóképzőt Déván végzett (1932). Tanított Aurel Vlaicu tanyán, Segesváron és Fehéregyházán. Részt vett a II. vh.-ban, ejutott a Tátráig. A Románia Csillaga („Steaua Republicii”) V. oszt. -val tüntették ki. Bár nem volt képesítése Fehéregyházán sikeresen tanította a matematikát. Nyugdíjba vonult (1971). Irod.: Dascăli mureşeni, 3.</p>
