{"id":7167,"date":"2025-06-28T18:17:06","date_gmt":"2025-06-28T16:17:06","guid":{"rendered":"https:\/\/uj.adatbank.ro\/lexikon\/termek\/dutulescu-stefan\/"},"modified":"2025-06-28T18:17:06","modified_gmt":"2025-06-28T16:17:06","slug":"dutulescu-stefan","status":"publish","type":"product","link":"https:\/\/uj.adatbank.ro\/lexikon\/termek\/dutulescu-stefan\/","title":{"rendered":"DU\u0162ULESCU, \u015etefan"},"content":{"rendered":"<p>Buc., 1896., \u2020\u00a01977.: tan\u00e1r. \u2013 A buk.-i egyetemen v\u00e9gzett \u00e9s diplom\u00e1zott filoz\u00f3fia \u00e9s t\u00f6rt\u00e9nelem szakon (1921) \u00e9s jogb\u00f3l (1922). Tan\u00e1ri karrierj\u00e9t a mv.-i tan\u00edt\u00f3k\u00e9pz\u0151ben \u00e9s az Al. Papiu-Ilarian L\u00edc.-ban kezdte (1922), majd Craiov\u00e1n (1922\u201326) \u00e9s Kar\u00e1nsebesen (1926\u201327) folytatta. Kinevezt\u00e9k igazgat\u00f3nak a mv.-i Al. Papiu-Ilarian L\u00edc. -ba (1927. szept. 1. \u2013 1928. dec. 8.), innen visszah\u00edvt\u00e1k a craiovai l\u00edc. -ba, ahol nyugd\u00edjaz\u00e1s\u00e1ig tan\u00edtott. T\u00f6bb tanulm\u00e1nyk\u00f6tet szerz\u0151je \u00e9s buk.-i szaklap munkat\u00e1rsa: Revista de pedagogie, Anale de psihologie experimental\u0103, Jurnal de psihotehnic\u0103. \u00c9rdemes tan\u00e1r c. t\u00fcntett\u00e9k ki (1967). <br \/><strong>Irod.:<\/strong> Bui-Borda-Opri\u015f; Papiu<\/br><\/p>\n","protected":false},"excerpt":{"rendered":"<p>Buc., 1896., \u2020\u00a01977.: tan\u00e1r. \u2013 A buk.-i egyetemen v\u00e9gzett \u00e9s diplom\u00e1zott filoz\u00f3fia \u00e9s t\u00f6rt\u00e9nelem szakon (1921) \u00e9s jogb\u00f3l (1922). Tan\u00e1ri karrierj\u00e9t a mv.-i tan\u00edt\u00f3k\u00e9pz\u0151ben \u00e9s az Al. Papiu-Ilarian L\u00edc.-ban kezdte (1922), majd Craiov\u00e1n (1922\u201326) \u00e9s Kar\u00e1nsebesen (1926\u201327) folytatta. Kinevezt\u00e9k igazgat\u00f3nak a mv.-i Al. Papiu-Ilarian L\u00edc. -ba (1927. szept. 1. \u2013 1928. dec. 8.), innen visszah\u00edvt\u00e1k [&hellip;]<\/p>\n","protected":false},"featured_media":0,"comment_status":"open","ping_status":"closed","template":"","meta":[],"product_brand":[],"product_cat":[137],"product_tag":[],"class_list":{"0":"post-7167","1":"product","2":"type-product","3":"status-publish","5":"product_cat-maros-megyei-eletrajzi-lexikon","7":"first","8":"instock","9":"shipping-taxable","10":"product-type-simple"},"_links":{"self":[{"href":"https:\/\/uj.adatbank.ro\/lexikon\/wp-json\/wp\/v2\/product\/7167","targetHints":{"allow":["GET"]}}],"collection":[{"href":"https:\/\/uj.adatbank.ro\/lexikon\/wp-json\/wp\/v2\/product"}],"about":[{"href":"https:\/\/uj.adatbank.ro\/lexikon\/wp-json\/wp\/v2\/types\/product"}],"replies":[{"embeddable":true,"href":"https:\/\/uj.adatbank.ro\/lexikon\/wp-json\/wp\/v2\/comments?post=7167"}],"wp:attachment":[{"href":"https:\/\/uj.adatbank.ro\/lexikon\/wp-json\/wp\/v2\/media?parent=7167"}],"wp:term":[{"taxonomy":"product_brand","embeddable":true,"href":"https:\/\/uj.adatbank.ro\/lexikon\/wp-json\/wp\/v2\/product_brand?post=7167"},{"taxonomy":"product_cat","embeddable":true,"href":"https:\/\/uj.adatbank.ro\/lexikon\/wp-json\/wp\/v2\/product_cat?post=7167"},{"taxonomy":"product_tag","embeddable":true,"href":"https:\/\/uj.adatbank.ro\/lexikon\/wp-json\/wp\/v2\/product_tag?post=7167"}],"curies":[{"name":"wp","href":"https:\/\/api.w.org\/{rel}","templated":true}]}}

DUŢULESCU, Ştefan

<p>Buc., 1896., † 1977.: tanár. – A buk.-i egyetemen végzett és diplomázott filozófia és történelem szakon (1921) és jogból (1922). Tanári karrierjét a mv.-i tanítóképzőben és az Al. Papiu-Ilarian Líc.-ban kezdte (1922), majd Craiován (1922–26) és Karánsebesen (1926–27) folytatta. Kinevezték igazgatónak a mv.-i Al. Papiu-Ilarian Líc. -ba (1927. szept. 1. – 1928. dec. 8.), innen visszahívták a craiovai líc. -ba, ahol nyugdíjazásáig tanított. Több tanulmánykötet szerzője és buk.-i szaklap munkatársa: Revista de pedagogie, Anale de psihologie experimentală, Jurnal de psihotehnică. Érdemes tanár c. tüntették ki (1967). <br /><strong>Irod.:</strong> Bui-Borda-Opriş; Papiu</br></p>

<p>Buc., 1896., † 1977.: tanár. – A buk.-i egyetemen végzett és diplomázott filozófia és történelem szakon (1921) és jogból (1922). Tanári karrierjét a mv.-i tanítóképzőben és az Al. Papiu-Ilarian Líc.-ban kezdte (1922), majd Craiován (1922–26) és Karánsebesen (1926–27) folytatta. Kinevezték igazgatónak a mv.-i Al. Papiu-Ilarian Líc. -ba (1927. szept. 1. – 1928. dec. 8.), innen visszahívták [&hellip;]</p>
