{"id":7172,"date":"2025-06-28T18:17:23","date_gmt":"2025-06-28T16:17:23","guid":{"rendered":"https:\/\/uj.adatbank.ro\/lexikon\/termek\/eber-antal-1886-ig-ellenberger-antal\/"},"modified":"2025-06-28T18:17:23","modified_gmt":"2025-06-28T16:17:23","slug":"eber-antal-1886-ig-ellenberger-antal","status":"publish","type":"product","link":"https:\/\/uj.adatbank.ro\/lexikon\/termek\/eber-antal-1886-ig-ellenberger-antal\/","title":{"rendered":"\u00c9BER Antal, 1886 ig Ellenberger Antal"},"content":{"rendered":"<p>Bp., 1872. m\u00e1j. 26., \u2020 Bp., 1950. j\u00fan. 4.: k\u00f6z\u00adgazd\u00e1sz, politikus. \u2013 A bp. i kereskedelmi akad.-\u00e1n v\u00e9gzett. A M. K\u00f6zgazd. T\u00e1rs. eln\u00f6ke (1926\u201348), a Bp.-i Kereskedelmi \u00e9s Iparkamara eln\u00f6\u00adke (1930\u201340). Bp. sz\u00e9kesf\u0151v\u00e1ros t\u00f6rv\u00e9ny\u00adhat\u00f3s\u00e1gi bizotts\u00e1g\u00e1nak tagja (1920\u2013). A F\u00fcggetlens\u00e9gi \u00e9s 48-as P\u00e1rt (Just-p\u00e1rt) programj\u00e1val a marosludasi v\u00e1laszt\u00f3ker. ogy. k\u00e9pvisel\u0151je (1906\u201310). <br \/><strong>Irod.:<\/strong> A m. ogy.: a f\u0151rendih\u00e1z \u00e9s k\u00e9pvisel\u0151h\u00e1z tagjainak \u00e9letrajzi adatai (Bp., \u00e9.n.); \u00daM\u00c9L<\/br><\/p>\n","protected":false},"excerpt":{"rendered":"<p>Bp., 1872. m\u00e1j. 26., \u2020 Bp., 1950. j\u00fan. 4.: k\u00f6z\u00adgazd\u00e1sz, politikus. \u2013 A bp. i kereskedelmi akad.-\u00e1n v\u00e9gzett. A M. K\u00f6zgazd. T\u00e1rs. eln\u00f6ke (1926\u201348), a Bp.-i Kereskedelmi \u00e9s Iparkamara eln\u00f6\u00adke (1930\u201340). Bp. sz\u00e9kesf\u0151v\u00e1ros t\u00f6rv\u00e9ny\u00adhat\u00f3s\u00e1gi bizotts\u00e1g\u00e1nak tagja (1920\u2013). A F\u00fcggetlens\u00e9gi \u00e9s 48-as P\u00e1rt (Just-p\u00e1rt) programj\u00e1val a marosludasi v\u00e1laszt\u00f3ker. ogy. k\u00e9pvisel\u0151je (1906\u201310). Irod.: A m. ogy.: a [&hellip;]<\/p>\n","protected":false},"featured_media":0,"comment_status":"open","ping_status":"closed","template":"","meta":[],"product_brand":[],"product_cat":[137],"product_tag":[],"class_list":{"0":"post-7172","1":"product","2":"type-product","3":"status-publish","5":"product_cat-maros-megyei-eletrajzi-lexikon","7":"first","8":"instock","9":"shipping-taxable","10":"product-type-simple"},"_links":{"self":[{"href":"https:\/\/uj.adatbank.ro\/lexikon\/wp-json\/wp\/v2\/product\/7172","targetHints":{"allow":["GET"]}}],"collection":[{"href":"https:\/\/uj.adatbank.ro\/lexikon\/wp-json\/wp\/v2\/product"}],"about":[{"href":"https:\/\/uj.adatbank.ro\/lexikon\/wp-json\/wp\/v2\/types\/product"}],"replies":[{"embeddable":true,"href":"https:\/\/uj.adatbank.ro\/lexikon\/wp-json\/wp\/v2\/comments?post=7172"}],"wp:attachment":[{"href":"https:\/\/uj.adatbank.ro\/lexikon\/wp-json\/wp\/v2\/media?parent=7172"}],"wp:term":[{"taxonomy":"product_brand","embeddable":true,"href":"https:\/\/uj.adatbank.ro\/lexikon\/wp-json\/wp\/v2\/product_brand?post=7172"},{"taxonomy":"product_cat","embeddable":true,"href":"https:\/\/uj.adatbank.ro\/lexikon\/wp-json\/wp\/v2\/product_cat?post=7172"},{"taxonomy":"product_tag","embeddable":true,"href":"https:\/\/uj.adatbank.ro\/lexikon\/wp-json\/wp\/v2\/product_tag?post=7172"}],"curies":[{"name":"wp","href":"https:\/\/api.w.org\/{rel}","templated":true}]}}

ÉBER Antal, 1886 ig Ellenberger Antal

<p>Bp., 1872. máj. 26., † Bp., 1950. jún. 4.: köz­gazdász, politikus. – A bp. i kereskedelmi akad.-án végzett. A M. Közgazd. Társ. elnöke (1926–48), a Bp.-i Kereskedelmi és Iparkamara elnö­ke (1930–40). Bp. székesfőváros törvény­hatósági bizottságának tagja (1920–). A Függetlenségi és 48-as Párt (Just-párt) programjával a marosludasi választóker. ogy. képviselője (1906–10). <br /><strong>Irod.:</strong> A m. ogy.: a főrendiház és képviselőház tagjainak életrajzi adatai (Bp., é.n.); ÚMÉL</br></p>

<p>Bp., 1872. máj. 26., † Bp., 1950. jún. 4.: köz­gazdász, politikus. – A bp. i kereskedelmi akad.-án végzett. A M. Közgazd. Társ. elnöke (1926–48), a Bp.-i Kereskedelmi és Iparkamara elnö­ke (1930–40). Bp. székesfőváros törvény­hatósági bizottságának tagja (1920–). A Függetlenségi és 48-as Párt (Just-párt) programjával a marosludasi választóker. ogy. képviselője (1906–10). Irod.: A m. ogy.: a [&hellip;]</p>
