{"id":7179,"date":"2025-06-28T18:17:35","date_gmt":"2025-06-28T16:17:35","guid":{"rendered":"https:\/\/uj.adatbank.ro\/lexikon\/termek\/eczken-sandor-2\/"},"modified":"2025-06-28T18:17:35","modified_gmt":"2025-06-28T16:17:35","slug":"eczken-sandor-2","status":"publish","type":"product","link":"https:\/\/uj.adatbank.ro\/lexikon\/termek\/eczken-sandor-2\/","title":{"rendered":"ECZKEN S\u00e1ndor"},"content":{"rendered":"<p>Ludas, 1837 \u2020 ? : f\u00f6ldbirtokos. \u2013 Marosludason f\u00f6ldbirtokos, megv\u00e1lasztott presbiter (1883). A k\u00f6zs\u00e9gnek megnagyobb\u00edt\u00e1sa c\u00e9lj\u00e1b\u00f3l a m. korm\u00e1ny az \u00faj ter\u00fcletek \u00e9s lakoss\u00e1g hozz\u00e1telep\u00edt\u00e9s\u00e9nek m\u00f3dszer\u00e9t haszn\u00e1lta (1902-05). Ebb\u0151l a c\u00e9lb\u00f3l felv\u00e1s\u00e1rolt\u00e1k a k\u00f6rnyez\u0151 nagy f\u00f6ldbirtokokat v. azoknak egy r\u00e9sz\u00e9t, \u00edgy n\u00e9gy telep keletkezett: Andr\u00e1ssy-, Eczken-, Albis- \u00e9s Bels\u0151-telep. Az els\u0151 h\u00e1rom az Eczkent\u0151l \u00e9s gr. Andr\u00e1ssy Gyul\u00e1t\u00f3l v\u00e1s\u00e1rolt birtokon alakult ki. Az elad\u00f3k lelt\u00e1r alapj\u00e1n adt\u00e1k \u00e1t a kincst\u00e1rnak a birtokukon tal\u00e1lhat\u00f3 eszk\u00f6z\u00f6ket, \u00e1llatokat, term\u00e9nyeket. Ezek a telepek napjainkig Ludas v\u00e1ros magyars\u00e1g\u00e1nak lak\u00f3helyei. <br \/><strong>Irod.:<\/strong> P\u00e1l-Antal \u2013 Szab\u00f3 2.; Szekeres Ad\u00e9l: A marosludasi Bels\u0151-telep r\u00f6vid t\u00f6rt\u00e9nete. 1\u20133. (N\u00fa., 1997. m\u00e1rc. 11.; 1997. j\u00fan. 24., 1998. jan. 13.); Szekeres Ad\u00e9l: 110 \u00e9ve szakadatlan (N\u00fa., 1998. dec. 16.)<\/br><\/p>\n","protected":false},"excerpt":{"rendered":"<p>Ludas, 1837 \u2020 ? : f\u00f6ldbirtokos. \u2013 Marosludason f\u00f6ldbirtokos, megv\u00e1lasztott presbiter (1883). A k\u00f6zs\u00e9gnek megnagyobb\u00edt\u00e1sa c\u00e9lj\u00e1b\u00f3l a m. korm\u00e1ny az \u00faj ter\u00fcletek \u00e9s lakoss\u00e1g hozz\u00e1telep\u00edt\u00e9s\u00e9nek m\u00f3dszer\u00e9t haszn\u00e1lta (1902-05). Ebb\u0151l a c\u00e9lb\u00f3l felv\u00e1s\u00e1rolt\u00e1k a k\u00f6rnyez\u0151 nagy f\u00f6ldbirtokokat v. azoknak egy r\u00e9sz\u00e9t, \u00edgy n\u00e9gy telep keletkezett: Andr\u00e1ssy-, Eczken-, Albis- \u00e9s Bels\u0151-telep. Az els\u0151 h\u00e1rom az Eczkent\u0151l \u00e9s [&hellip;]<\/p>\n","protected":false},"featured_media":0,"comment_status":"open","ping_status":"closed","template":"","meta":[],"product_brand":[],"product_cat":[137],"product_tag":[],"class_list":{"0":"post-7179","1":"product","2":"type-product","3":"status-publish","5":"product_cat-maros-megyei-eletrajzi-lexikon","7":"first","8":"instock","9":"shipping-taxable","10":"product-type-simple"},"_links":{"self":[{"href":"https:\/\/uj.adatbank.ro\/lexikon\/wp-json\/wp\/v2\/product\/7179","targetHints":{"allow":["GET"]}}],"collection":[{"href":"https:\/\/uj.adatbank.ro\/lexikon\/wp-json\/wp\/v2\/product"}],"about":[{"href":"https:\/\/uj.adatbank.ro\/lexikon\/wp-json\/wp\/v2\/types\/product"}],"replies":[{"embeddable":true,"href":"https:\/\/uj.adatbank.ro\/lexikon\/wp-json\/wp\/v2\/comments?post=7179"}],"wp:attachment":[{"href":"https:\/\/uj.adatbank.ro\/lexikon\/wp-json\/wp\/v2\/media?parent=7179"}],"wp:term":[{"taxonomy":"product_brand","embeddable":true,"href":"https:\/\/uj.adatbank.ro\/lexikon\/wp-json\/wp\/v2\/product_brand?post=7179"},{"taxonomy":"product_cat","embeddable":true,"href":"https:\/\/uj.adatbank.ro\/lexikon\/wp-json\/wp\/v2\/product_cat?post=7179"},{"taxonomy":"product_tag","embeddable":true,"href":"https:\/\/uj.adatbank.ro\/lexikon\/wp-json\/wp\/v2\/product_tag?post=7179"}],"curies":[{"name":"wp","href":"https:\/\/api.w.org\/{rel}","templated":true}]}}

ECZKEN Sándor

<p>Ludas, 1837 † ? : földbirtokos. – Marosludason földbirtokos, megválasztott presbiter (1883). A községnek megnagyobbítása céljából a m. kormány az új területek és lakosság hozzátelepítésének módszerét használta (1902-05). Ebből a célból felvásárolták a környező nagy földbirtokokat v. azoknak egy részét, így négy telep keletkezett: Andrássy-, Eczken-, Albis- és Belső-telep. Az első három az Eczkentől és gr. Andrássy Gyulától vásárolt birtokon alakult ki. Az eladók leltár alapján adták át a kincstárnak a birtokukon található eszközöket, állatokat, terményeket. Ezek a telepek napjainkig Ludas város magyarságának lakóhelyei. <br /><strong>Irod.:</strong> Pál-Antal – Szabó 2.; Szekeres Adél: A marosludasi Belső-telep rövid története. 1–3. (Nú., 1997. márc. 11.; 1997. jún. 24., 1998. jan. 13.); Szekeres Adél: 110 éve szakadatlan (Nú., 1998. dec. 16.)</br></p>

<p>Ludas, 1837 † ? : földbirtokos. – Marosludason földbirtokos, megválasztott presbiter (1883). A községnek megnagyobbítása céljából a m. kormány az új területek és lakosság hozzátelepítésének módszerét használta (1902-05). Ebből a célból felvásárolták a környező nagy földbirtokokat v. azoknak egy részét, így négy telep keletkezett: Andrássy-, Eczken-, Albis- és Belső-telep. Az első három az Eczkentől és [&hellip;]</p>
