{"id":7181,"date":"2025-06-28T18:17:37","date_gmt":"2025-06-28T16:17:37","guid":{"rendered":"https:\/\/uj.adatbank.ro\/lexikon\/termek\/eder-joseph-karl-brassai-eder-jozsef-karoly\/"},"modified":"2025-06-28T18:17:37","modified_gmt":"2025-06-28T16:17:37","slug":"eder-joseph-karl-brassai-eder-jozsef-karoly","status":"publish","type":"product","link":"https:\/\/uj.adatbank.ro\/lexikon\/termek\/eder-joseph-karl-brassai-eder-jozsef-karoly\/","title":{"rendered":"EDER Joseph Karl, brassai, \u00c9der J\u00f3zsef K\u00e1roly"},"content":{"rendered":"<p>Brass\u00f3, 1760. jan. 20., \u2020 1810.: r. k. paptan\u00e1r, b\u00f6lcs\u00e9sz, t\u00f6rt\u00e9n\u00e9sz. \u2013 Bud\u00e1n v\u00e9gezte a teol\u00f3gi\u00e1t (1782) \u00e9s a mv.-i r. k. tanoda tan\u00e1ra lett (1782\u201387). Mis\u00e9s papp\u00e1 szentelt\u00e9k (1783), \u00e9s a nagyszebeni int\u00e9zetben tan\u00edtott, mint a k\u00f6lt\u00e9szet tan\u00e1ra (1783\u2013), majd u. o.az elemi iskola igazgat\u00f3ja (1787.febr.21.\u2013). A szebeni Sz\u00e1sz Nemzeti Lev\u00e9lt\u00e1rban, megtal\u00e1lta k\u00e9ziratban (1791. nov. 3.), Telegdi Csan\u00e1d r.k. \u00e9rsek (1330\u201349) rendelet\u00e9t, amelyben a nemeseket \u00e9s f\u0151urakat az \u00f6rm\u00e9ny egyh\u00e1z birtokainak \u00e9s templom\u00e1nak v\u00e9delm\u00e9re sz\u00f3l\u00edtja fel (1343. nov.14.). Ez a k\u00e9zirat is bizony\u00edtja, h. abban az id\u0151ben Erzs\u00e9betv\u00e1rosban m\u00e1r l\u00e9tezett \u00f6rm\u00e9ny kat.p\u00fcsp\u00f6ks\u00e9g. Mint t\u00f6bb jeles t\u00f6rt\u00e9nelmi \u00edr\u00e1s szerz\u0151je, a g\u00f6ttingeni Tud\u00f3s T\u00e1rsas\u00e1g tagja volt (1798. dec.30.). I. Ferenc cs\u00e1sz\u00e1r a M\u0171v\u00e9szetek \u00e9s tudom\u00e1nyok arany\u00e9rm\u00e9vel t\u00fcntette ki (1799), kinevezte k\u00fclf\u00f6ldi titk\u00e1r\u00e1nak valamint k\u00e9pvisel\u0151j\u00e9nek (1804.m\u00e1j.1). K\u00e9zirat gy\u0171jtem\u00e9ny\u00e9t (85 k\u00f6tet) J\u00f3zsef f\u0151herceg n\u00e1dor v\u00e1s\u00e1rolta meg a Magyar Nemzeti M\u00fazeum sz\u00e1m\u00e1ra (1808). \u2013 <strong>F. m.:<\/strong> De initiis juribusque primaevis saxonum Transylvanorum commemtatio (Viennae, 1792; Exercitationes diplomaticae = Erd\u00e9ly orsz\u00e1g ismertet\u00e9s\u00e9nek `zeng\u00e9je (Kv., Nagyszeben, 1796, 1820). Christian Schesaeus, Rui titk\u00e1r\u00e1nak valamint k\u00e9pvisel\u0151j\u00e9nek (k\u00fclf\u00f6ldi nae Pannonicae\u2026 (Cibinii, 1797); Observationes criticae et pragmaticae ad historiam Transsilvaniae sub regibus Arpadianae et mixtae propaginis. (Cibinii, 1803). <br \/><strong>Irod.:<\/strong> Aranka; Ferenczi S\u00e1ndor 2012; Gazdovits; Id\u0151t\u00e1r 1; Kr\u00f3n. F\u00fcz. (1939. 4\/9), Szinnyei<\/br><\/p>\n","protected":false},"excerpt":{"rendered":"<p>Brass\u00f3, 1760. jan. 20., \u2020 1810.: r. k. paptan\u00e1r, b\u00f6lcs\u00e9sz, t\u00f6rt\u00e9n\u00e9sz. \u2013 Bud\u00e1n v\u00e9gezte a teol\u00f3gi\u00e1t (1782) \u00e9s a mv.-i r. k. tanoda tan\u00e1ra lett (1782\u201387). Mis\u00e9s papp\u00e1 szentelt\u00e9k (1783), \u00e9s a nagyszebeni int\u00e9zetben tan\u00edtott, mint a k\u00f6lt\u00e9szet tan\u00e1ra (1783\u2013), majd u. o.az elemi iskola igazgat\u00f3ja (1787.febr.21.\u2013). A szebeni Sz\u00e1sz Nemzeti Lev\u00e9lt\u00e1rban, megtal\u00e1lta k\u00e9ziratban (1791. [&hellip;]<\/p>\n","protected":false},"featured_media":0,"comment_status":"open","ping_status":"closed","template":"","meta":[],"product_brand":[],"product_cat":[137],"product_tag":[],"class_list":{"0":"post-7181","1":"product","2":"type-product","3":"status-publish","5":"product_cat-maros-megyei-eletrajzi-lexikon","7":"first","8":"instock","9":"shipping-taxable","10":"product-type-simple"},"_links":{"self":[{"href":"https:\/\/uj.adatbank.ro\/lexikon\/wp-json\/wp\/v2\/product\/7181","targetHints":{"allow":["GET"]}}],"collection":[{"href":"https:\/\/uj.adatbank.ro\/lexikon\/wp-json\/wp\/v2\/product"}],"about":[{"href":"https:\/\/uj.adatbank.ro\/lexikon\/wp-json\/wp\/v2\/types\/product"}],"replies":[{"embeddable":true,"href":"https:\/\/uj.adatbank.ro\/lexikon\/wp-json\/wp\/v2\/comments?post=7181"}],"wp:attachment":[{"href":"https:\/\/uj.adatbank.ro\/lexikon\/wp-json\/wp\/v2\/media?parent=7181"}],"wp:term":[{"taxonomy":"product_brand","embeddable":true,"href":"https:\/\/uj.adatbank.ro\/lexikon\/wp-json\/wp\/v2\/product_brand?post=7181"},{"taxonomy":"product_cat","embeddable":true,"href":"https:\/\/uj.adatbank.ro\/lexikon\/wp-json\/wp\/v2\/product_cat?post=7181"},{"taxonomy":"product_tag","embeddable":true,"href":"https:\/\/uj.adatbank.ro\/lexikon\/wp-json\/wp\/v2\/product_tag?post=7181"}],"curies":[{"name":"wp","href":"https:\/\/api.w.org\/{rel}","templated":true}]}}

EDER Joseph Karl, brassai, Éder József Károly

<p>Brassó, 1760. jan. 20., † 1810.: r. k. paptanár, bölcsész, történész. – Budán végezte a teológiát (1782) és a mv.-i r. k. tanoda tanára lett (1782–87). Misés pappá szentelték (1783), és a nagyszebeni intézetben tanított, mint a költészet tanára (1783–), majd u. o.az elemi iskola igazgatója (1787.febr.21.–). A szebeni Szász Nemzeti Levéltárban, megtalálta kéziratban (1791. nov. 3.), Telegdi Csanád r.k. érsek (1330–49) rendeletét, amelyben a nemeseket és főurakat az örmény egyház birtokainak és templomának védelmére szólítja fel (1343. nov.14.). Ez a kézirat is bizonyítja, h. abban az időben Erzsébetvárosban már létezett örmény kat.püspökség. Mint több jeles történelmi írás szerzője, a göttingeni Tudós Társaság tagja volt (1798. dec.30.). I. Ferenc császár a Művészetek és tudományok aranyérmével tüntette ki (1799), kinevezte külföldi titkárának valamint képviselőjének (1804.máj.1). Kézirat gyűjteményét (85 kötet) József főherceg nádor vásárolta meg a Magyar Nemzeti Múzeum számára (1808). – <strong>F. m.:</strong> De initiis juribusque primaevis saxonum Transylvanorum commemtatio (Viennae, 1792; Exercitationes diplomaticae = Erdély ország ismertetésének `zengéje (Kv., Nagyszeben, 1796, 1820). Christian Schesaeus, Rui titkárának valamint képviselőjének (külföldi nae Pannonicae… (Cibinii, 1797); Observationes criticae et pragmaticae ad historiam Transsilvaniae sub regibus Arpadianae et mixtae propaginis. (Cibinii, 1803). <br /><strong>Irod.:</strong> Aranka; Ferenczi Sándor 2012; Gazdovits; Időtár 1; Krón. Füz. (1939. 4/9), Szinnyei</br></p>

<p>Brassó, 1760. jan. 20., † 1810.: r. k. paptanár, bölcsész, történész. – Budán végezte a teológiát (1782) és a mv.-i r. k. tanoda tanára lett (1782–87). Misés pappá szentelték (1783), és a nagyszebeni intézetben tanított, mint a költészet tanára (1783–), majd u. o.az elemi iskola igazgatója (1787.febr.21.–). A szebeni Szász Nemzeti Levéltárban, megtalálta kéziratban (1791. [&hellip;]</p>
