{"id":7183,"date":"2025-06-28T18:17:44","date_gmt":"2025-06-28T16:17:44","guid":{"rendered":"https:\/\/uj.adatbank.ro\/lexikon\/termek\/efraim-fischel-friedler-%c2%a7\/"},"modified":"2025-06-28T18:17:44","modified_gmt":"2025-06-28T16:17:44","slug":"efraim-fischel-friedler-%c2%a7","status":"publish","type":"product","link":"https:\/\/uj.adatbank.ro\/lexikon\/termek\/efraim-fischel-friedler-%c2%a7\/","title":{"rendered":"EFRAIM Fischel (Friedler), \u00a7"},"content":{"rendered":"<p>? \u2020\u00a0?: tan\u00edt\u00f3. \u2013 Tur\u00f3c Szentkir\u00e1lyon tan\u00edtott \u00e9s a hitk\u00f6zs\u00e9g vall\u00e1sos \u00fcgyeinek int\u00e9z\u0151je volt, majd elismert pedag\u00f3gusk\u00e9nt tan\u00edtott Mv.-en, az alapfok\u00fa Talmud Tora iskol\u00e1ban, a zsid\u00f3 ortodox hitk\u00f6zs\u00e9g iskol\u00e1j\u00e1ban (1918\u2013). <br \/><strong>Irod.:<\/strong> Mv. zsid\u00f3s\u00e1ga<\/br><\/p>\n","protected":false},"excerpt":{"rendered":"<p>? \u2020\u00a0?: tan\u00edt\u00f3. \u2013 Tur\u00f3c Szentkir\u00e1lyon tan\u00edtott \u00e9s a hitk\u00f6zs\u00e9g vall\u00e1sos \u00fcgyeinek int\u00e9z\u0151je volt, majd elismert pedag\u00f3gusk\u00e9nt tan\u00edtott Mv.-en, az alapfok\u00fa Talmud Tora iskol\u00e1ban, a zsid\u00f3 ortodox hitk\u00f6zs\u00e9g iskol\u00e1j\u00e1ban (1918\u2013). Irod.: Mv. zsid\u00f3s\u00e1ga<\/p>\n","protected":false},"featured_media":0,"comment_status":"open","ping_status":"closed","template":"","meta":[],"product_brand":[],"product_cat":[137],"product_tag":[],"class_list":{"0":"post-7183","1":"product","2":"type-product","3":"status-publish","5":"product_cat-maros-megyei-eletrajzi-lexikon","7":"first","8":"instock","9":"shipping-taxable","10":"product-type-simple"},"_links":{"self":[{"href":"https:\/\/uj.adatbank.ro\/lexikon\/wp-json\/wp\/v2\/product\/7183","targetHints":{"allow":["GET"]}}],"collection":[{"href":"https:\/\/uj.adatbank.ro\/lexikon\/wp-json\/wp\/v2\/product"}],"about":[{"href":"https:\/\/uj.adatbank.ro\/lexikon\/wp-json\/wp\/v2\/types\/product"}],"replies":[{"embeddable":true,"href":"https:\/\/uj.adatbank.ro\/lexikon\/wp-json\/wp\/v2\/comments?post=7183"}],"wp:attachment":[{"href":"https:\/\/uj.adatbank.ro\/lexikon\/wp-json\/wp\/v2\/media?parent=7183"}],"wp:term":[{"taxonomy":"product_brand","embeddable":true,"href":"https:\/\/uj.adatbank.ro\/lexikon\/wp-json\/wp\/v2\/product_brand?post=7183"},{"taxonomy":"product_cat","embeddable":true,"href":"https:\/\/uj.adatbank.ro\/lexikon\/wp-json\/wp\/v2\/product_cat?post=7183"},{"taxonomy":"product_tag","embeddable":true,"href":"https:\/\/uj.adatbank.ro\/lexikon\/wp-json\/wp\/v2\/product_tag?post=7183"}],"curies":[{"name":"wp","href":"https:\/\/api.w.org\/{rel}","templated":true}]}}